{"id":330,"date":"2015-03-18T07:11:43","date_gmt":"2015-03-18T07:11:43","guid":{"rendered":"http:\/\/blogsaverroes.juntadeandalucia.es\/pre\/ceip\/?page_id=330"},"modified":"2026-04-23T18:14:20","modified_gmt":"2026-04-23T18:14:20","slug":"bibliop","status":"publish","type":"page","link":"https:\/\/blogsaverroes.juntadeandalucia.es\/ceiplapurisimadejun\/biblioteca\/bibliop\/","title":{"rendered":"Cat\u00e1logo y  Bookflix"},"content":{"rendered":"<p><img loading=\"lazy\" decoding=\"async\" class=\"alignnone size-medium wp-image-551\" src=\"http:\/\/blogsaverroes.juntadeandalucia.es\/ceiplapurisimadejun\/files\/2014\/12\/libros1-300x246.png\" alt=\"libros1\" width=\"300\" height=\"246\" srcset=\"https:\/\/blogsaverroes.juntadeandalucia.es\/ceiplapurisimadejun\/files\/2014\/12\/libros1-300x246.png 300w, https:\/\/blogsaverroes.juntadeandalucia.es\/ceiplapurisimadejun\/files\/2014\/12\/libros1.png 640w\" sizes=\"(max-width: 300px) 100vw, 300px\" \/><\/p>\n<p>&nbsp;<\/p>\n<p>En esta secci\u00f3n tenemos res\u00famenes del alumnado de varios libros de la biblioteca del cole.<\/p>\n<p>Bibliotecas <a href=\"https:\/\/www.julianmarquina.es\/7-bibliotecas-digitales-cargadas-de-cuentos-y-libros-infantiles-y-juveniles\/\">digitales<\/a> cargadas de cuentos.<\/p>\n<p>DENTRO DEL PROGRAMA DE FOMENTO DE LA LECTURA EL ALUMNADO REALIZA LOS SIGUIENTES BOOKFLIX (v\u00eddeos de res\u00famenes de libros leidos):<\/p>\n<p>La aventura peligrosa de una vaca presuntuosa. Alejandro <a href=\"https:\/\/blogsaverroes.juntadeandalucia.es\/ceiplapurisimadejun\/biblioteca\/bibliop\/1-bookflix\/\" rel=\"attachment wp-att-2706\">1. Bookflix<\/a><\/p>\n<p>Ferno&nbsp; el drag\u00f3n de fuego. Siv\u00e1n <a href=\"https:\/\/drive.google.com\/file\/d\/1ca3NikzpOb2mT1Koir3Uasi1vZphN4hJ\/view?usp=sharing\">2.Bookflix<\/a><\/p>\n<p>June y el autob\u00fas apestoso. Mar\u00eda Requena&nbsp; <a href=\"https:\/\/drive.google.com\/file\/d\/17X_flehDyirq2yoeIOqHNzV1RLYnGms8\/view?usp=drivesdk\">3.Bookflix<\/a><\/p>\n<p><a href=\"https:\/\/www.youtube.com\/watch?v=SlmSuRqhrf0&amp;t=30s\">Amelia la trapecista<\/a>. Martina Holgensson Ca\u00f1as.<\/p>\n<p>&nbsp;<\/p>\n<p><a href=\"https:\/\/www.youtube.com\/watch?v=8LuPgmcHTiA\">Cuando mi hermano subi\u00f3 al armario<\/a>. Alba Pardo V\u00e1zquez.<\/p>\n<p><a href=\"https:\/\/www.youtube.com\/watch?v=7jO9bE9WPD4\">Alejandro no se r\u00ede<\/a>. Paula Morilla Rodr\u00edguez<\/p>\n<p>Juan Ram\u00f3n Jim\u00e9nez, <a href=\"http:\/\/4pasquau.blogspot.com\/\">Platero y yo<\/a>.<\/p>\n<p><a href=\"https:\/\/www.youtube.com\/watch?v=5lX1CiTqho0&amp;t=8s\">Mi amigo el unicornio<\/a>. Isabel Lafuente Delgado.<\/p>\n<p>Ger\u00f3nimo Stilt\u00f3n, Viaje a las cataratas del Ni\u00e1gara, Juan Cabello 18-19 <a href=\"https:\/\/www.youtube.com\/watch?v=ThEMU3Tp6Uw&amp;t=32s\">pincha<\/a><\/p>\n<p>Cama y cuento. Paula 18\/19 <a href=\"https:\/\/www.youtube.com\/watch?v=BOY-6egc4qY&amp;t=16s\">pincha<\/a><\/p>\n","protected":false},"excerpt":{"rendered":"<p>&nbsp; En esta secci\u00f3n tenemos res\u00famenes del alumnado de varios libros de la biblioteca del cole. Bibliotecas digitales cargadas de cuentos. DENTRO DEL PROGRAMA DE FOMENTO DE LA LECTURA EL ALUMNADO REALIZA LOS SIGUIENTES&#46;&#46;&#46;<\/p>\n","protected":false},"author":1,"featured_media":0,"parent":113,"menu_order":0,"comment_status":"open","ping_status":"open","template":"page-templates\/child-menu.php","meta":{"ngg_post_thumbnail":0,"footnotes":"","_mc_calendar":[]},"aioseo_notices":[],"_links":{"self":[{"href":"https:\/\/blogsaverroes.juntadeandalucia.es\/ceiplapurisimadejun\/wp-json\/wp\/v2\/pages\/330"}],"collection":[{"href":"https:\/\/blogsaverroes.juntadeandalucia.es\/ceiplapurisimadejun\/wp-json\/wp\/v2\/pages"}],"about":[{"href":"https:\/\/blogsaverroes.juntadeandalucia.es\/ceiplapurisimadejun\/wp-json\/wp\/v2\/types\/page"}],"author":[{"embeddable":true,"href":"https:\/\/blogsaverroes.juntadeandalucia.es\/ceiplapurisimadejun\/wp-json\/wp\/v2\/users\/1"}],"replies":[{"embeddable":true,"href":"https:\/\/blogsaverroes.juntadeandalucia.es\/ceiplapurisimadejun\/wp-json\/wp\/v2\/comments?post=330"}],"version-history":[{"count":21,"href":"https:\/\/blogsaverroes.juntadeandalucia.es\/ceiplapurisimadejun\/wp-json\/wp\/v2\/pages\/330\/revisions"}],"predecessor-version":[{"id":2726,"href":"https:\/\/blogsaverroes.juntadeandalucia.es\/ceiplapurisimadejun\/wp-json\/wp\/v2\/pages\/330\/revisions\/2726"}],"up":[{"embeddable":true,"href":"https:\/\/blogsaverroes.juntadeandalucia.es\/ceiplapurisimadejun\/wp-json\/wp\/v2\/pages\/113"}],"wp:attachment":[{"href":"https:\/\/blogsaverroes.juntadeandalucia.es\/ceiplapurisimadejun\/wp-json\/wp\/v2\/media?parent=330"}],"curies":[{"name":"wp","href":"https:\/\/api.w.org\/{rel}","templated":true}]}}