{"id":42,"date":"2015-03-13T08:40:47","date_gmt":"2015-03-13T08:40:47","guid":{"rendered":"http:\/\/blogsaverroes.juntadeandalucia.es\/pre\/ceip\/?page_id=42"},"modified":"2025-06-03T09:58:55","modified_gmt":"2025-06-03T09:58:55","slug":"equipo-directivo","status":"publish","type":"page","link":"https:\/\/blogsaverroes.juntadeandalucia.es\/ceiplapurisimadejun\/equipo-directivo\/","title":{"rendered":"Equipo directivo y profesorado."},"content":{"rendered":"<p>&nbsp;<\/p>\n<p><strong>Direcci\u00f3n: Juan Carlos P\u00e9rez Di\u00e9guez.<\/strong><\/p>\n<p><strong>Jefatura de estudios: Jose Carlos Gonz\u00e1lez &nbsp;G\u00f3mez.<\/strong><\/p>\n<p><strong>Secretar\u00eda: Virginia Vallejo Aguilera.<\/strong><\/p>\n<p><strong>Administrativa: &nbsp;Mar\u00eda Adelina Salazar Arrebola.<\/strong><\/p>\n<p>PROFESORADO:<\/p>\n<table style=\"width: 620px\" width=\"628\">\n<tbody>\n<tr>\n<td style=\"width: 310px\" width=\"314\">Arag\u00f3n Romero, Marina<\/td>\n<td style=\"width: 310px\" width=\"314\">Educaci\u00f3n Primaria 1\u00ba<\/td>\n<\/tr>\n<tr>\n<td style=\"width: 310px\" width=\"314\">In\u00e9s Galindo Bustos<\/td>\n<td style=\"width: 310px\" width=\"314\">M\u00fasica<\/td>\n<\/tr>\n<tr>\n<td style=\"width: 310px\" width=\"314\">Vallejo Aguilera, Virginia<\/td>\n<td style=\"width: 310px\" width=\"314\">Audici\u00f3n y Lenguaje<\/td>\n<\/tr>\n<tr>\n<td style=\"width: 310px\" width=\"314\">S\u00e1nchez Carballo, Rub\u00e9n<\/td>\n<td style=\"width: 310px\" width=\"314\">Educaci\u00f3n Primaria 3\u00ba Educaci\u00f3n f\u00edsica<\/td>\n<\/tr>\n<tr>\n<td style=\"width: 310px\" width=\"314\">Gallardo Nieto, Carmen Petra<\/td>\n<td style=\"width: 310px\" width=\"314\">Educaci\u00f3n Primaria 6\u00ba<\/td>\n<\/tr>\n<tr>\n<td style=\"width: 310px\" width=\"314\">Palomares Castillo, Elisabeth<\/td>\n<td style=\"width: 310px\" width=\"314\">Educaci\u00f3n Infantil 4 a\u00f1os<\/td>\n<\/tr>\n<tr>\n<td style=\"width: 310px\" width=\"314\">Sandra Isabel Baeza Garc\u00e9s<\/td>\n<td style=\"width: 310px\" width=\"314\">Lengua Extranjera-Franc\u00e9s&nbsp;&nbsp;<\/td>\n<\/tr>\n<tr>\n<td style=\"width: 310px\" width=\"314\">Carmen Amparo Gonz\u00e1lez Correa<\/td>\n<td style=\"width: 310px\" width=\"314\">Educaci\u00f3n Infantil&nbsp; 3 a\u00f1os<\/td>\n<\/tr>\n<tr>\n<td style=\"width: 310px\" width=\"314\">Gonz\u00e1lez G\u00f3mez, Jos\u00e9 Carlos<\/td>\n<td style=\"width: 310px\" width=\"314\">Educaci\u00f3n Primaria 4\u00ba<\/td>\n<\/tr>\n<tr>\n<td style=\"width: 310px\" width=\"314\">Hern\u00e1ndez Morales, Ana Bel\u00e9n<\/td>\n<td style=\"width: 310px\" width=\"314\">Lengua Extranjera-Ingl\u00e9s<\/td>\n<\/tr>\n<tr>\n<td style=\"width: 310px\" width=\"314\">Leyva Mota, Mar\u00eda Jos\u00e9<\/td>\n<td style=\"width: 310px\" width=\"314\">Educaci\u00f3n Primaria 2\u00ba<\/td>\n<\/tr>\n<tr>\n<td style=\"width: 310px\" width=\"314\">Carmen Comino Venegas<\/td>\n<td style=\"width: 310px\" width=\"314\">Pedagog\u00eda Terap\u00e9utica. Aula espec\u00edfica.<\/td>\n<\/tr>\n<tr>\n<td style=\"width: 310px\" width=\"314\">Mellado Quiles, Margarita<\/td>\n<td style=\"width: 310px\" width=\"314\">Religi\u00f3n.<\/td>\n<\/tr>\n<tr>\n<td style=\"width: 310px\" width=\"314\">Ruth Mancilla P\u00e9rez<\/td>\n<td style=\"width: 310px\" width=\"314\">Educaci\u00f3n Infantil. 5 a\u00f1os<\/td>\n<\/tr>\n<tr>\n<td style=\"width: 310px\" width=\"314\">P\u00e9rez Di\u00e9guez, Juan Carlos<\/td>\n<td style=\"width: 310px\" width=\"314\">Educaci\u00f3n F\u00edsica<\/td>\n<\/tr>\n<tr>\n<td style=\"width: 310px\" width=\"314\">P\u00e9rez-Piaya Moreno, Mar\u00eda Carmen<\/td>\n<td style=\"width: 310px\" width=\"314\">Pedagog\u00eda Terap\u00e9utica<\/td>\n<\/tr>\n<tr>\n<td style=\"width: 310px\" width=\"314\">Juan Carlos P\u00e9rez Di\u00e9guez<\/td>\n<td style=\"width: 310px\" width=\"314\">Educaci\u00f3n f\u00edsica.<\/td>\n<\/tr>\n<tr>\n<td style=\"width: 310px\" width=\"314\">&nbsp;<\/td>\n<td style=\"width: 310px\" width=\"314\">&nbsp;<\/td>\n<\/tr>\n<tr>\n<td style=\"width: 310px\" width=\"314\">&nbsp;<\/td>\n<td style=\"width: 310px\" width=\"314\">&nbsp;<\/td>\n<\/tr>\n<tr>\n<td style=\"width: 310px\" width=\"314\">&nbsp;<\/td>\n<td style=\"width: 310px\" width=\"314\">&nbsp;<\/td>\n<\/tr>\n<\/tbody>\n<\/table>\n","protected":false},"excerpt":{"rendered":"<p>&nbsp; Direcci\u00f3n: Juan Carlos P\u00e9rez Di\u00e9guez. Jefatura de estudios: Jose Carlos Gonz\u00e1lez &nbsp;G\u00f3mez. Secretar\u00eda: Virginia Vallejo Aguilera. Administrativa: &nbsp;Mar\u00eda Adelina Salazar Arrebola. PROFESORADO: Arag\u00f3n Romero, Marina Educaci\u00f3n Primaria 1\u00ba In\u00e9s Galindo Bustos M\u00fasica Vallejo&#46;&#46;&#46;<\/p>\n","protected":false},"author":1,"featured_media":0,"parent":0,"menu_order":0,"comment_status":"open","ping_status":"open","template":"page-templates\/child-menu.php","meta":{"ngg_post_thumbnail":0,"footnotes":"","_mc_calendar":[]},"aioseo_notices":[],"_links":{"self":[{"href":"https:\/\/blogsaverroes.juntadeandalucia.es\/ceiplapurisimadejun\/wp-json\/wp\/v2\/pages\/42"}],"collection":[{"href":"https:\/\/blogsaverroes.juntadeandalucia.es\/ceiplapurisimadejun\/wp-json\/wp\/v2\/pages"}],"about":[{"href":"https:\/\/blogsaverroes.juntadeandalucia.es\/ceiplapurisimadejun\/wp-json\/wp\/v2\/types\/page"}],"author":[{"embeddable":true,"href":"https:\/\/blogsaverroes.juntadeandalucia.es\/ceiplapurisimadejun\/wp-json\/wp\/v2\/users\/1"}],"replies":[{"embeddable":true,"href":"https:\/\/blogsaverroes.juntadeandalucia.es\/ceiplapurisimadejun\/wp-json\/wp\/v2\/comments?post=42"}],"version-history":[{"count":11,"href":"https:\/\/blogsaverroes.juntadeandalucia.es\/ceiplapurisimadejun\/wp-json\/wp\/v2\/pages\/42\/revisions"}],"predecessor-version":[{"id":2703,"href":"https:\/\/blogsaverroes.juntadeandalucia.es\/ceiplapurisimadejun\/wp-json\/wp\/v2\/pages\/42\/revisions\/2703"}],"wp:attachment":[{"href":"https:\/\/blogsaverroes.juntadeandalucia.es\/ceiplapurisimadejun\/wp-json\/wp\/v2\/media?parent=42"}],"curies":[{"name":"wp","href":"https:\/\/api.w.org\/{rel}","templated":true}]}}