{"id":1128,"date":"2021-05-02T14:17:19","date_gmt":"2021-05-02T13:17:19","guid":{"rendered":"https:\/\/blogsaverroes.juntadeandalucia.es\/ceiplarabida\/?page_id=1128"},"modified":"2021-05-05T20:00:28","modified_gmt":"2021-05-05T19:00:28","slug":"datos-del-centro","status":"publish","type":"page","link":"https:\/\/blogsaverroes.juntadeandalucia.es\/ceiplarabida\/datos-del-centro\/","title":{"rendered":"Datos del centro"},"content":{"rendered":"<p><iframe loading=\"lazy\" src=\"https:\/\/www.google.com\/maps\/embed?pb=!1m18!1m12!1m3!1d3157.1036514109173!2d-6.627796485192962!3d37.693764724590196!2m3!1f0!2f0!3f0!3m2!1i1024!2i768!4f13.1!3m3!1m2!1s0xd119b9c6e4c3f4f%3A0x830a691d8c5fa4f3!2sAv%20los%20Cipreses%2C%202%2C%2021650%20El%20Campillo%2C%20Huelva!5e0!3m2!1ses!2ses!4v1620151266978!5m2!1ses!2ses\" width=\"400\" height=\"300\"><\/iframe><\/p>\n<h4>&nbsp;<\/h4>\n<h4><span style=\"font-family: verdana, geneva, sans-serif\"><strong>CEIP. LA R\u00c1BIDA<\/strong><\/span><\/h4>\n<h5><span style=\"font-family: verdana, geneva, sans-serif\"><strong>Direcci\u00f3n:<\/strong>&nbsp; Avenida de Los Cipreses,2 El Campillo&nbsp; (Huelva)<\/span><\/h5>\n<p><span style=\"font-family: verdana, geneva, sans-serif\"><strong>Tel\u00e9fono: 959598556<\/strong><\/span><\/p>\n<p><span style=\"font-family: verdana, geneva, sans-serif\"><strong>Email:<\/strong> 21000814.edu@juntadeandalucia.es<\/span><\/p>\n<p><span style=\"font-family: verdana, geneva, sans-serif\"><strong>Web<\/strong>: https:\/\/blogsaverroes.juntadeandalucia.es\/ceiplarabida<\/span><\/p>\n<h3><span style=\"font-family: verdana, geneva, sans-serif\"><strong>Horario General&nbsp;<br \/>\n<\/strong><\/span><\/h3>\n<p style=\"text-align: left\"><span style=\"font-size: 14pt\"><strong>8:30h a 15:00h<\/strong><\/span><\/p>\n<p>&nbsp;<\/p>\n","protected":false},"excerpt":{"rendered":"<p>&nbsp; CEIP. LA R\u00c1BIDA Direcci\u00f3n:&nbsp; Avenida de Los Cipreses,2 El Campillo&nbsp; (Huelva) Tel\u00e9fono: 959598556 Email: 21000814.edu@juntadeandalucia.es Web: https:\/\/blogsaverroes.juntadeandalucia.es\/ceiplarabida Horario General&nbsp; 8:30h a 15:00h &nbsp;<\/p>\n","protected":false},"author":12963,"featured_media":0,"parent":0,"menu_order":0,"comment_status":"closed","ping_status":"closed","template":"","meta":{"ngg_post_thumbnail":0,"footnotes":""},"aioseo_notices":[],"_links":{"self":[{"href":"https:\/\/blogsaverroes.juntadeandalucia.es\/ceiplarabida\/wp-json\/wp\/v2\/pages\/1128"}],"collection":[{"href":"https:\/\/blogsaverroes.juntadeandalucia.es\/ceiplarabida\/wp-json\/wp\/v2\/pages"}],"about":[{"href":"https:\/\/blogsaverroes.juntadeandalucia.es\/ceiplarabida\/wp-json\/wp\/v2\/types\/page"}],"author":[{"embeddable":true,"href":"https:\/\/blogsaverroes.juntadeandalucia.es\/ceiplarabida\/wp-json\/wp\/v2\/users\/12963"}],"replies":[{"embeddable":true,"href":"https:\/\/blogsaverroes.juntadeandalucia.es\/ceiplarabida\/wp-json\/wp\/v2\/comments?post=1128"}],"version-history":[{"count":12,"href":"https:\/\/blogsaverroes.juntadeandalucia.es\/ceiplarabida\/wp-json\/wp\/v2\/pages\/1128\/revisions"}],"predecessor-version":[{"id":1257,"href":"https:\/\/blogsaverroes.juntadeandalucia.es\/ceiplarabida\/wp-json\/wp\/v2\/pages\/1128\/revisions\/1257"}],"wp:attachment":[{"href":"https:\/\/blogsaverroes.juntadeandalucia.es\/ceiplarabida\/wp-json\/wp\/v2\/media?parent=1128"}],"curies":[{"name":"wp","href":"https:\/\/api.w.org\/{rel}","templated":true}]}}

<p><iframe loading="lazy" src="https://www.google.com/maps/embed?pb=!1m18!1m12!1m3!1d3157.1036514109173!2d-6.627796485192962!3d37.693764724590196!2m3!1f0!2f0!3f0!3m2!1i1024!2i768!4f13.1!3m3!1m2!1s0xd119b9c6e4c3f4f%3A0x830a691d8c5fa4f3!2sAv%20los%20Cipreses%2C%202%2C%2021650%20El%20Campillo%2C%20Huelva!5e0!3m2!1ses!2ses!4v1620151266978!5m2!1ses!2ses" width="400" height="300"></iframe></p>
<h4>&nbsp;</h4>
<h4><span style="font-family: verdana, geneva, sans-serif"><strong>CEIP. LA RÁBIDA</strong></span></h4>
<h5><span style="font-family: verdana, geneva, sans-serif"><strong>Dirección:</strong>&nbsp; Avenida de Los Cipreses,2 El Campillo&nbsp; (Huelva)</span></h5>
<p><span style="font-family: verdana, geneva, sans-serif"><strong>Teléfono: 959598556</strong></span></p>
<p><span style="font-family: verdana, geneva, sans-serif"><strong>Email:</strong> 21000814.edu@juntadeandalucia.es</span></p>
<p><span style="font-family: verdana, geneva, sans-serif"><strong>Web</strong>: https://blogsaverroes.juntadeandalucia.es/ceiplarabida</span></p>
<h3><span style="font-family: verdana, geneva, sans-serif"><strong>Horario General&nbsp;<br />
</strong></span></h3>
<p style="text-align: left"><span style="font-size: 14pt"><strong>8:30h a 15:00h</strong></span></p>
<p>&nbsp;</p>

<p>&nbsp; CEIP. LA RÁBIDA Dirección:&nbsp; Avenida de Los Cipreses,2 El Campillo&nbsp; (Huelva) Teléfono: 959598556 Email: 21000814.edu@juntadeandalucia.es Web: https://blogsaverroes.juntadeandalucia.es/ceiplarabida Horario General&nbsp; 8:30h a 15:00h &nbsp;</p>
