{"id":1271,"date":"2021-05-05T20:22:46","date_gmt":"2021-05-05T19:22:46","guid":{"rendered":"https:\/\/blogsaverroes.juntadeandalucia.es\/ceiplarabida\/?page_id=1271"},"modified":"2021-05-18T19:00:41","modified_gmt":"2021-05-18T18:00:41","slug":"contacta-con-nosotros","status":"publish","type":"page","link":"https:\/\/blogsaverroes.juntadeandalucia.es\/ceiplarabida\/contacta-con-nosotros\/","title":{"rendered":"Contacta con nosotros"},"content":{"rendered":"<h4><span style=\"font-family: verdana, geneva, sans-serif\"><strong>CEIP. LA R\u00c1BIDA<\/strong><\/span><\/h4>\n<h5><span style=\"font-family: verdana, geneva, sans-serif\">Si deseas contactar con nosotros lo puedes hacer a trav\u00e9s de diferentes v\u00edas:<\/span><\/h5>\n<ul>\n<li><span style=\"font-family: verdana, geneva, sans-serif\"><strong>Direcci\u00f3n:<\/strong>&nbsp; Avenida de Los Cipreses,2 El Campillo&nbsp; (Huelva)<\/span><\/li>\n<li><span style=\"font-family: verdana, geneva, sans-serif\"><strong>Tel\u00e9fono: 959598556<\/strong><\/span><\/li>\n<li><span style=\"font-family: verdana, geneva, sans-serif\"><strong>Email:<\/strong>&nbsp;21000814.edu@juntadeandalucia.es<\/span><\/li>\n<li><span style=\"font-family: verdana, geneva, sans-serif\"><strong>Web<\/strong>: https:\/\/blogsaverroes.juntadeandalucia.es\/ceiplarabida<\/span><\/li>\n<\/ul>\n<p><strong><span style=\"font-family: verdana, geneva, sans-serif\">FORMULARIO DE CONTACTO<\/span><\/strong><\/p>\n<p><span style=\"font-family: verdana, geneva, sans-serif\">Si desea contactar con nosotros, rellene el siguiente formulario. Intentaremos contestarle a la mayor brevedad posible.<\/span><br \/>\n<span style=\"font-family: verdana, geneva, sans-serif\">*(campo obligatorio)<\/span><\/p>\n<p>[bestwebsoft_contact_form]<\/p>\n<table style=\"width: 94.3938%;height: 203px\">\n<tbody>\n<tr>\n<td style=\"width: 3.33333%;text-align: justify\">&nbsp;<\/td>\n<td style=\"width: 96.6667%\">\n<p style=\"text-align: justify\"><span style=\"font-family: verdana, geneva, sans-serif;font-size: 10pt\"><strong>PROTECCI\u00d3N DE DATOS:<\/strong>&nbsp;<em>En cumplimiento de lo dispuesto en la Ley Org\u00e1nica 15\/1999, de 13 de diciembre, de Protecci\u00f3n de Datos de Car\u00e1cter Personal, el Colegio CEIP. La R\u00e1bida le informa que los datos personales proporcionados por Vd. en este formulario ser\u00e1n utilizados \u00fanicamente para gestionar su consulta y proporcionarle la respuesta adecuada. De acuerdo con lo previsto en la citada Ley Org\u00e1nica, puede ejercitar los derechos de acceso, rectificaci\u00f3n, cancelaci\u00f3n y oposici\u00f3n dirigiendo un escrito a la Secretar\u00eda del Colegio CEIP La R\u00e1bida.&nbsp;<\/em><\/span><\/p>\n<\/td>\n<\/tr>\n<\/tbody>\n<\/table>\n","protected":false},"excerpt":{"rendered":"<p>CEIP. LA R\u00c1BIDA Si deseas contactar con nosotros lo puedes hacer a trav\u00e9s de diferentes v\u00edas: Direcci\u00f3n:&nbsp; Avenida de Los Cipreses,2 El Campillo&nbsp; (Huelva) Tel\u00e9fono: 959598556 Email:&nbsp;21000814.edu@juntadeandalucia.es Web: https:\/\/blogsaverroes.juntadeandalucia.es\/ceiplarabida FORMULARIO DE CONTACTO Si desea&#46;&#46;&#46;<\/p>\n","protected":false},"author":12974,"featured_media":0,"parent":0,"menu_order":0,"comment_status":"closed","ping_status":"closed","template":"","meta":{"ngg_post_thumbnail":0,"footnotes":""},"aioseo_notices":[],"_links":{"self":[{"href":"https:\/\/blogsaverroes.juntadeandalucia.es\/ceiplarabida\/wp-json\/wp\/v2\/pages\/1271"}],"collection":[{"href":"https:\/\/blogsaverroes.juntadeandalucia.es\/ceiplarabida\/wp-json\/wp\/v2\/pages"}],"about":[{"href":"https:\/\/blogsaverroes.juntadeandalucia.es\/ceiplarabida\/wp-json\/wp\/v2\/types\/page"}],"author":[{"embeddable":true,"href":"https:\/\/blogsaverroes.juntadeandalucia.es\/ceiplarabida\/wp-json\/wp\/v2\/users\/12974"}],"replies":[{"embeddable":true,"href":"https:\/\/blogsaverroes.juntadeandalucia.es\/ceiplarabida\/wp-json\/wp\/v2\/comments?post=1271"}],"version-history":[{"count":6,"href":"https:\/\/blogsaverroes.juntadeandalucia.es\/ceiplarabida\/wp-json\/wp\/v2\/pages\/1271\/revisions"}],"predecessor-version":[{"id":1385,"href":"https:\/\/blogsaverroes.juntadeandalucia.es\/ceiplarabida\/wp-json\/wp\/v2\/pages\/1271\/revisions\/1385"}],"wp:attachment":[{"href":"https:\/\/blogsaverroes.juntadeandalucia.es\/ceiplarabida\/wp-json\/wp\/v2\/media?parent=1271"}],"curies":[{"name":"wp","href":"https:\/\/api.w.org\/{rel}","templated":true}]}}