{"id":198,"date":"2015-03-17T09:55:36","date_gmt":"2015-03-17T09:55:36","guid":{"rendered":"http:\/\/blogsaverroes.juntadeandalucia.es\/pre\/ceip\/?page_id=198"},"modified":"2025-10-01T09:02:39","modified_gmt":"2025-10-01T09:02:39","slug":"que-es-el-ampa","status":"publish","type":"page","link":"https:\/\/blogsaverroes.juntadeandalucia.es\/ceiplaraza\/que-es-el-ampa\/","title":{"rendered":"\u00bfQu\u00e9 es el AMPA?"},"content":{"rendered":"<p>La Asociaci\u00f3n de familias del <strong>CEIP La Raza<\/strong> es una asociaci\u00f3n sin \u00e1nimo de lucro formada por las familias del alumnado del colegio y pretende ser un&nbsp;punto de encuentro y de trabajo independiente, abierto y plural.<\/p>\n<p><a href=\"https:\/\/ampatorredebabel.wordpress.com\/\"><strong>TORRE DE BABEL<\/strong><\/a>, es el nombre del <strong>AMPA<\/strong> de nuestro colegio y pretende contribuir a la mejor formacio\u0301n acade\u0301mica y humana de sus hij@s en el marco de un intere\u0301s comu\u0301n por la calidad y los derechos de la Educacio\u0301n Pu\u0301blica.<\/p>\n<h3>\u00bfpor qu\u00e9 es importante vuestra participaci\u00f3n?<\/h3>\n<p>En el colegio existen espacios de participaci\u00f3n, siendo el AMPA &nbsp;el \u00fanico espacio de participaci\u00f3n aut\u00f3nomo de padres y madres. El AMPA es importante porque:<\/p>\n<ul>\n<li>Somos corresponsables de la educaci\u00f3n que l@s ni\u00f1@s reciben en el colegio.<\/li>\n<li>Es un espacio para aportar iniciativas y trabajar con la direcci\u00f3n del Centro, sin depender de esta.<\/li>\n<\/ul>\n<h3>\u00bfc\u00f3mo puedes participar?<\/h3>\n<p>Participar en el AMPA es muy f\u00e1cil y cada uno decide el nivel de implicaci\u00f3n.<\/p>\n<ul>\n<li>Pod\u00e9is asociaros en cualquier momento. La cuota anual por cada familia es de <strong>20\u20ac&nbsp; <\/strong>independientemente del n\u00famero de hij@s que teng\u00e1is matriculados.<\/li>\n<\/ul>\n<p><strong>Si quieres asociarte, es muy sencillo:<\/strong><\/p>\n<div class=\"page\" title=\"Page 3\">\n<div class=\"layoutArea\">\n<div class=\"column\">\n<p>Realiza el pago en la siguiente cuenta bancaria de La Caixa:<\/p>\n<ul>\n<li style=\"list-style-type: none\">\n<ul style=\"list-style-type: circle\">\n<li><strong>IBAN:<\/strong>&nbsp;ES62-2100-7128-36-2200046430<\/li>\n<li><strong>N.\u00ba C.C.:<\/strong>&nbsp;2100 -7128 \u2013 36 \u2013 2200046430<\/li>\n<li>Cumplimenta esta <a href=\"https:\/\/forms.gle\/eJVAKSVPea67UbZUA\">Ficha de Inscripci\u00f3n<\/a><\/li>\n<li>Env\u00ede el justificante al correo <a href=\"mailto:ampalaraza@gmail.com\" target=\"_blank\" rel=\"noopener\">ampalaraza@gmail.com<\/a><\/li>\n<\/ul>\n<\/li>\n<\/ul>\n<\/div>\n<\/div>\n<\/div>\n<p>Como ves, hay muchas formas de participar y es muy importante que las familias pasen a la participa-ACCI\u00d3N,&nbsp;&nbsp;de forma activa y colectiva.<\/p>\n<h3>\u00bfpara qu\u00e9 sirve?<\/h3>\n<ul style=\"list-style-type: disc\">\n<li>Para defender y velar por el derecho a una educaci\u00f3n de calidad, democr\u00e1tica, atendiendo a las necesidades de todos los ni\u00f1os\/as.<\/li>\n<li>Para promover la participaci\u00f3n de las familias en la vida del centro, defendiendo los intereses del alumnado y de toda la comunidad educativa.<\/li>\n<li>Para buscar soluciones de forma colectiva a temas relacionados con la ense\u00f1anza y educaci\u00f3n de vuestr@s hijos\/as.<\/li>\n<li>Para crear espacios de encuentro y trabajo en el resto de la comunidad educativa y con el entorno.<\/li>\n<li>Para crear espacios de reflexi\u00f3n y participaci\u00f3n compartida sobre la educaci\u00f3n de vuestr@s hijos\/as<br \/>\nPara participar en la gesti\u00f3n del colegio.<\/li>\n<\/ul>\n<h3>\u00bfc\u00f3mo se financia?<\/h3>\n<p>El AMPA &nbsp;se financia a trav\u00e9s de las cuotas de socios\/as.<br \/>\nLa cuota de socios\/as es el \u00fanico pago que realizan las familias y que gestiona el AMPA para el beneficio exclusivo de la comunidad educativa y en definitiva de la educaci\u00f3n que reciben&nbsp; l@s ni\u00f1@s en el centro.<\/p>\n<p><strong>SUGERENCIAS Y QUEJAS<\/strong><\/p>\n<p>Queremos escucharte para mejorar cada d\u00eda. Si tienes alguna queja, sugerencia o comentario, puedes escribirnos a esta direcci\u00f3n de correo electr\u00f3nico: <a href=\"mailto:ampalaraza@gmail.com\" target=\"_blank\" rel=\"noopener\">ampalaraza@gmail.com<\/a><\/p>\n","protected":false},"excerpt":{"rendered":"<p>La Asociaci\u00f3n de familias del CEIP La Raza es una asociaci\u00f3n sin \u00e1nimo de lucro formada por las familias del alumnado del colegio y pretende ser un&nbsp;punto de encuentro y de trabajo independiente, abierto&#46;&#46;&#46;<\/p>\n","protected":false},"author":1,"featured_media":0,"parent":0,"menu_order":0,"comment_status":"closed","ping_status":"open","template":"","meta":{"ngg_post_thumbnail":0,"footnotes":"","_mc_calendar":[]},"aioseo_notices":[],"_links":{"self":[{"href":"https:\/\/blogsaverroes.juntadeandalucia.es\/ceiplaraza\/wp-json\/wp\/v2\/pages\/198"}],"collection":[{"href":"https:\/\/blogsaverroes.juntadeandalucia.es\/ceiplaraza\/wp-json\/wp\/v2\/pages"}],"about":[{"href":"https:\/\/blogsaverroes.juntadeandalucia.es\/ceiplaraza\/wp-json\/wp\/v2\/types\/page"}],"author":[{"embeddable":true,"href":"https:\/\/blogsaverroes.juntadeandalucia.es\/ceiplaraza\/wp-json\/wp\/v2\/users\/1"}],"replies":[{"embeddable":true,"href":"https:\/\/blogsaverroes.juntadeandalucia.es\/ceiplaraza\/wp-json\/wp\/v2\/comments?post=198"}],"version-history":[{"count":23,"href":"https:\/\/blogsaverroes.juntadeandalucia.es\/ceiplaraza\/wp-json\/wp\/v2\/pages\/198\/revisions"}],"predecessor-version":[{"id":4625,"href":"https:\/\/blogsaverroes.juntadeandalucia.es\/ceiplaraza\/wp-json\/wp\/v2\/pages\/198\/revisions\/4625"}],"wp:attachment":[{"href":"https:\/\/blogsaverroes.juntadeandalucia.es\/ceiplaraza\/wp-json\/wp\/v2\/media?parent=198"}],"curies":[{"name":"wp","href":"https:\/\/api.w.org\/{rel}","templated":true}]}}