{"id":2018,"date":"2015-06-08T12:56:23","date_gmt":"2015-06-08T12:56:23","guid":{"rendered":"http:\/\/blogsaverroes.juntadeandalucia.es\/ceip\/?page_id=2018"},"modified":"2024-09-24T20:06:50","modified_gmt":"2024-09-24T20:06:50","slug":"calendario","status":"publish","type":"page","link":"https:\/\/blogsaverroes.juntadeandalucia.es\/ceiplaraza\/calendario\/","title":{"rendered":"Calendario"},"content":{"rendered":"<p>Mantente informado de lo que acontezca en el colegio. Visitad frecuentemente el calendario para estar informados de los eventos as\u00ed como de los plazos de matriculaci\u00f3n, actividades&#8230;etc.<\/p>\n<p>Asimismo, aqu\u00ed pueden consultar el calendario escolar de la provincia para el presente curso escolar 2024\/2025.<\/p>\n<p><a href=\"https:\/\/blogsaverroes.juntadeandalucia.es\/ceiplaraza\/files\/2024\/09\/calendario_provinciadesevilla.png\"><img loading=\"lazy\" decoding=\"async\" class=\"size-full wp-image-4492 aligncenter\" src=\"https:\/\/blogsaverroes.juntadeandalucia.es\/ceiplaraza\/files\/2024\/09\/calendario_provinciadesevilla.png\" alt=\"\" width=\"566\" height=\"783\" srcset=\"https:\/\/blogsaverroes.juntadeandalucia.es\/ceiplaraza\/files\/2024\/09\/calendario_provinciadesevilla.png 566w, https:\/\/blogsaverroes.juntadeandalucia.es\/ceiplaraza\/files\/2024\/09\/calendario_provinciadesevilla-217x300.png 217w\" sizes=\"(max-width: 566px) 100vw, 566px\" \/><\/a><\/p>\n<p>&nbsp;<\/p>\n","protected":false},"excerpt":{"rendered":"<p>Mantente informado de lo que acontezca en el colegio. Visitad frecuentemente el calendario para estar informados de los eventos as\u00ed como de los plazos de matriculaci\u00f3n, actividades&#8230;etc. Asimismo, aqu\u00ed pueden consultar el calendario escolar&#46;&#46;&#46;<\/p>\n","protected":false},"author":1,"featured_media":0,"parent":0,"menu_order":0,"comment_status":"closed","ping_status":"closed","template":"","meta":{"ngg_post_thumbnail":0,"footnotes":"","_mc_calendar":[]},"aioseo_notices":[],"_links":{"self":[{"href":"https:\/\/blogsaverroes.juntadeandalucia.es\/ceiplaraza\/wp-json\/wp\/v2\/pages\/2018"}],"collection":[{"href":"https:\/\/blogsaverroes.juntadeandalucia.es\/ceiplaraza\/wp-json\/wp\/v2\/pages"}],"about":[{"href":"https:\/\/blogsaverroes.juntadeandalucia.es\/ceiplaraza\/wp-json\/wp\/v2\/types\/page"}],"author":[{"embeddable":true,"href":"https:\/\/blogsaverroes.juntadeandalucia.es\/ceiplaraza\/wp-json\/wp\/v2\/users\/1"}],"replies":[{"embeddable":true,"href":"https:\/\/blogsaverroes.juntadeandalucia.es\/ceiplaraza\/wp-json\/wp\/v2\/comments?post=2018"}],"version-history":[{"count":7,"href":"https:\/\/blogsaverroes.juntadeandalucia.es\/ceiplaraza\/wp-json\/wp\/v2\/pages\/2018\/revisions"}],"predecessor-version":[{"id":4504,"href":"https:\/\/blogsaverroes.juntadeandalucia.es\/ceiplaraza\/wp-json\/wp\/v2\/pages\/2018\/revisions\/4504"}],"wp:attachment":[{"href":"https:\/\/blogsaverroes.juntadeandalucia.es\/ceiplaraza\/wp-json\/wp\/v2\/media?parent=2018"}],"curies":[{"name":"wp","href":"https:\/\/api.w.org\/{rel}","templated":true}]}}

<p>Mantente informado de lo que acontezca en el colegio. Visitad frecuentemente el calendario para estar informados de los eventos así como de los plazos de matriculación, actividades&#8230;etc.</p>
<p>Asimismo, aquí pueden consultar el calendario escolar de la provincia para el presente curso escolar 2024/2025.</p>
<p><a href="https://blogsaverroes.juntadeandalucia.es/ceiplaraza/files/2024/09/calendario_provinciadesevilla.png"><img loading="lazy" decoding="async" class="size-full wp-image-4492 aligncenter" src="https://blogsaverroes.juntadeandalucia.es/ceiplaraza/files/2024/09/calendario_provinciadesevilla.png" alt="" width="566" height="783" srcset="https://blogsaverroes.juntadeandalucia.es/ceiplaraza/files/2024/09/calendario_provinciadesevilla.png 566w, https://blogsaverroes.juntadeandalucia.es/ceiplaraza/files/2024/09/calendario_provinciadesevilla-217x300.png 217w" sizes="(max-width: 566px) 100vw, 566px" /></a></p>
<p>&nbsp;</p>

<p>Mantente informado de lo que acontezca en el colegio. Visitad frecuentemente el calendario para estar informados de los eventos así como de los plazos de matriculación, actividades&#8230;etc. Asimismo, aquí pueden consultar el calendario escolar&#46;&#46;&#46;</p>
