{"id":42,"date":"2015-03-13T08:40:47","date_gmt":"2015-03-13T08:40:47","guid":{"rendered":"http:\/\/blogsaverroes.juntadeandalucia.es\/pre\/ceip\/?page_id=42"},"modified":"2024-09-23T22:56:23","modified_gmt":"2024-09-23T22:56:23","slug":"equipo-directivo","status":"publish","type":"page","link":"https:\/\/blogsaverroes.juntadeandalucia.es\/ceiplaraza\/equipo-directivo\/","title":{"rendered":"Equipo directivo"},"content":{"rendered":"<p>El equipo directivo del CEIP La Raza est\u00e1 formado por:<\/p>\n<ul>\n<li><strong>M\u00aaCarmen Antequera P\u00e9rez, directora.<\/strong><\/li>\n<\/ul>\n<p>Diplomada en magisterio por la especialidad de Lengua Extranjera Ingl\u00e9s. Licenciada en filolog\u00eda hisp\u00e1nica y doctora en Lengua Castellana.<\/p>\n<ul>\n<li><strong>Roc\u00edo Soto G\u00f3mez, jefa de estudios.&nbsp;<\/strong><\/li>\n<\/ul>\n<p>Diplomada en magisterio por la especialidad de Educaci\u00f3n Primaria con una amplia trayectoria en la docencia en diversas etapas y niveles.&nbsp;<\/p>\n<ul>\n<li><strong>M\u00aadel Carmen Lago Cordero, secretaria<\/strong><\/li>\n<\/ul>\n<p>Diplomada en magisterio por la especialidad de M\u00fasica.&nbsp;<\/p>\n<p>Son funciones del equipo directivo, las que se relacionan a continuaci\u00f3n:<\/p>\n<ul>\n<li>Velar por el buen funcionamiento del Centro.<\/li>\n<li>Estudiar y presentar al Claustro de Profesores y al Consejo Escolar propuestas para facilitar y fomentar la participaci\u00f3n de toda la comunidad educativa en la vida del colegio.<\/li>\n<li>Promover procedimientos de evaluaci\u00f3n de las distintas actividades y colaborar en las evaluaciones&nbsp;externas del centro.<\/li>\n<li>Proponer a la comunidad educativa actuaciones de car\u00e1cter preventivo que favorezcan las relaciones&nbsp;entre los distintos colectivos que la integran y que mejoren la convivencia en el centro.<\/li>\n<li>Adoptar las medidas necesarias para la ejecuci\u00f3n coordinada de las decisiones del Consejo Escolar y&nbsp;del Claustro de Profesores en el \u00e1mbito de sus respectivas competencias.<\/li>\n<li>Establecer los criterios para la elaboraci\u00f3n del proyecto de presupuesto.<\/li>\n<li>Coordinar la elaboraci\u00f3n del Proyecto de Centro, del Plan Anual de Centro y de la Memoria Final de&nbsp;Curso.<\/li>\n<li>Elaborar la propuesta de Reglamento de Organizaci\u00f3n y Funcionamiento.<\/li>\n<li>Colaborar con la Administraci\u00f3n Educativa en aquellos \u00f3rganos de participaci\u00f3n que, a tales efectos, se establezcan.<\/li>\n<\/ul>\n<p>&nbsp;<\/p>\n<p>&nbsp;<\/p>\n","protected":false},"excerpt":{"rendered":"<p>El equipo directivo del CEIP La Raza est\u00e1 formado por: M\u00aaCarmen Antequera P\u00e9rez, directora. Diplomada en magisterio por la especialidad de Lengua Extranjera Ingl\u00e9s. Licenciada en filolog\u00eda hisp\u00e1nica y doctora en Lengua Castellana. Roc\u00edo&#46;&#46;&#46;<\/p>\n","protected":false},"author":1,"featured_media":0,"parent":0,"menu_order":0,"comment_status":"closed","ping_status":"open","template":"","meta":{"ngg_post_thumbnail":0,"footnotes":"","_mc_calendar":[]},"aioseo_notices":[],"_links":{"self":[{"href":"https:\/\/blogsaverroes.juntadeandalucia.es\/ceiplaraza\/wp-json\/wp\/v2\/pages\/42"}],"collection":[{"href":"https:\/\/blogsaverroes.juntadeandalucia.es\/ceiplaraza\/wp-json\/wp\/v2\/pages"}],"about":[{"href":"https:\/\/blogsaverroes.juntadeandalucia.es\/ceiplaraza\/wp-json\/wp\/v2\/types\/page"}],"author":[{"embeddable":true,"href":"https:\/\/blogsaverroes.juntadeandalucia.es\/ceiplaraza\/wp-json\/wp\/v2\/users\/1"}],"replies":[{"embeddable":true,"href":"https:\/\/blogsaverroes.juntadeandalucia.es\/ceiplaraza\/wp-json\/wp\/v2\/comments?post=42"}],"version-history":[{"count":11,"href":"https:\/\/blogsaverroes.juntadeandalucia.es\/ceiplaraza\/wp-json\/wp\/v2\/pages\/42\/revisions"}],"predecessor-version":[{"id":4498,"href":"https:\/\/blogsaverroes.juntadeandalucia.es\/ceiplaraza\/wp-json\/wp\/v2\/pages\/42\/revisions\/4498"}],"wp:attachment":[{"href":"https:\/\/blogsaverroes.juntadeandalucia.es\/ceiplaraza\/wp-json\/wp\/v2\/media?parent=42"}],"curies":[{"name":"wp","href":"https:\/\/api.w.org\/{rel}","templated":true}]}}

<p>El equipo directivo del CEIP La Raza está formado por:</p>
<ul>
<li><strong>MªCarmen Antequera Pérez, directora.</strong></li>
</ul>
<p>Diplomada en magisterio por la especialidad de Lengua Extranjera Inglés. Licenciada en filología hispánica y doctora en Lengua Castellana.</p>
<ul>
<li><strong>Rocío Soto Gómez, jefa de estudios.&nbsp;</strong></li>
</ul>
<p>Diplomada en magisterio por la especialidad de Educación Primaria con una amplia trayectoria en la docencia en diversas etapas y niveles.&nbsp;</p>
<ul>
<li><strong>Mªdel Carmen Lago Cordero, secretaria</strong></li>
</ul>
<p>Diplomada en magisterio por la especialidad de Música.&nbsp;</p>
<p>Son funciones del equipo directivo, las que se relacionan a continuación:</p>
<ul>
<li>Velar por el buen funcionamiento del Centro.</li>
<li>Estudiar y presentar al Claustro de Profesores y al Consejo Escolar propuestas para facilitar y fomentar la participación de toda la comunidad educativa en la vida del colegio.</li>
<li>Promover procedimientos de evaluación de las distintas actividades y colaborar en las evaluaciones&nbsp;externas del centro.</li>
<li>Proponer a la comunidad educativa actuaciones de carácter preventivo que favorezcan las relaciones&nbsp;entre los distintos colectivos que la integran y que mejoren la convivencia en el centro.</li>
<li>Adoptar las medidas necesarias para la ejecución coordinada de las decisiones del Consejo Escolar y&nbsp;del Claustro de Profesores en el ámbito de sus respectivas competencias.</li>
<li>Establecer los criterios para la elaboración del proyecto de presupuesto.</li>
<li>Coordinar la elaboración del Proyecto de Centro, del Plan Anual de Centro y de la Memoria Final de&nbsp;Curso.</li>
<li>Elaborar la propuesta de Reglamento de Organización y Funcionamiento.</li>
<li>Colaborar con la Administración Educativa en aquellos órganos de participación que, a tales efectos, se establezcan.</li>
</ul>
<p>&nbsp;</p>
<p>&nbsp;</p>

<p>El equipo directivo del CEIP La Raza está formado por: MªCarmen Antequera Pérez, directora. Diplomada en magisterio por la especialidad de Lengua Extranjera Inglés. Licenciada en filología hispánica y doctora en Lengua Castellana. Rocío&#46;&#46;&#46;</p>
