{"id":428,"date":"2015-03-20T07:06:21","date_gmt":"2015-03-20T07:06:21","guid":{"rendered":"http:\/\/blogsaverroes.juntadeandalucia.es\/pre\/ceip\/?page_id=428"},"modified":"2024-09-25T19:04:24","modified_gmt":"2024-09-25T19:04:24","slug":"ed-primaria-1o-ciclo","status":"publish","type":"page","link":"https:\/\/blogsaverroes.juntadeandalucia.es\/ceiplaraza\/ed-primaria-1o-ciclo\/","title":{"rendered":"1\u00ba ciclo de Educaci\u00f3n Primaria"},"content":{"rendered":"<p><a href=\"https:\/\/blogsaverroes.juntadeandalucia.es\/ceiplaraza\/files\/2022\/09\/cubiertaprimerciclo.jpg\"><img loading=\"lazy\" decoding=\"async\" class=\"alignnone size-full wp-image-4275\" src=\"https:\/\/blogsaverroes.juntadeandalucia.es\/ceiplaraza\/files\/2022\/09\/cubiertaprimerciclo.jpg\" alt=\"\" width=\"1600\" height=\"900\" srcset=\"https:\/\/blogsaverroes.juntadeandalucia.es\/ceiplaraza\/files\/2022\/09\/cubiertaprimerciclo.jpg 1600w, https:\/\/blogsaverroes.juntadeandalucia.es\/ceiplaraza\/files\/2022\/09\/cubiertaprimerciclo-300x169.jpg 300w, https:\/\/blogsaverroes.juntadeandalucia.es\/ceiplaraza\/files\/2022\/09\/cubiertaprimerciclo-1024x576.jpg 1024w, https:\/\/blogsaverroes.juntadeandalucia.es\/ceiplaraza\/files\/2022\/09\/cubiertaprimerciclo-768x432.jpg 768w, https:\/\/blogsaverroes.juntadeandalucia.es\/ceiplaraza\/files\/2022\/09\/cubiertaprimerciclo-1536x864.jpg 1536w, https:\/\/blogsaverroes.juntadeandalucia.es\/ceiplaraza\/files\/2022\/09\/cubiertaprimerciclo-700x393.jpg 700w\" sizes=\"(max-width: 1600px) 100vw, 1600px\" \/><\/a><\/p>\n<p>Tras finalizar el ciclo de Educaci\u00f3n Infantil, el alumnado se incorpora a primaria para cursar los dos a\u00f1os que comprende el primer ciclo de Educaci\u00f3n Primaria.<\/p>\n<p>En estos dos cursos, se iniciar\u00e1n y consolidar\u00e1n la lectoescritura aprendiendo a conocer bien el lenguaje promoviendo un aprendizaje que les permita desarrollar los contenidos curriculares de este ciclo: lectura, escritura, n\u00fameros y operaciones b\u00e1sicas y comprensi\u00f3n del medio f\u00edsico, social y natural, sin olvidar contribuir al desarrollo de las competencias b\u00e1sicas que deben adquirir, a saber:<\/p>\n<ul>\n<li>Competencia en comunicaci\u00f3n ling\u00fc\u00edstica<\/li>\n<li>Competencia matem\u00e1tica<\/li>\n<li>Conocimiento e interacci\u00f3n con el mundo f\u00edsico<\/li>\n<li>Tratamiento de la informaci\u00f3n y competencia digital<\/li>\n<li>Competencia social y ciudadana<\/li>\n<li>Competencia cultural y art\u00edstica<\/li>\n<li>Competencia para aprender a aprender<\/li>\n<li>Autonom\u00eda e iniciativa personal<\/li>\n<\/ul>\n<p>En nuestro centro, durante el <strong>curso escolar 2024-2025<\/strong>, el equipo que hace posible esta labor en el primer ciclo son:<\/p>\n<ul>\n<li>Tutora de 1\u00ba de Educaci\u00f3n Primaria: <strong>M\u00aa Jos\u00e9 Fern\u00e1ndez D\u00edaz<\/strong><\/li>\n<li>Tutora de 2\u00ba de Educaci\u00f3n Primaria: <strong>Laura Fern\u00e1ndez Muriana<\/strong><\/li>\n<li>Primera lengua extranjera, ingl\u00e9s: <strong>Clara Eugenia Gonz\u00e1lez Ortiz<\/strong><\/li>\n<li>M\u00fasica: <strong>M\u00aa del Carmen Lago Cordero<\/strong><\/li>\n<li>Educaci\u00f3n F\u00edsica: <strong>Segundo Presencio Fern\u00e1ndez<\/strong><\/li>\n<li>Religi\u00f3n: <strong>Nieves Bolinaga Galeote<\/strong><\/li>\n<\/ul>\n","protected":false},"excerpt":{"rendered":"<p>Tras finalizar el ciclo de Educaci\u00f3n Infantil, el alumnado se incorpora a primaria para cursar los dos a\u00f1os que comprende el primer ciclo de Educaci\u00f3n Primaria. En estos dos cursos, se iniciar\u00e1n y consolidar\u00e1n&#46;&#46;&#46;<\/p>\n","protected":false},"author":1,"featured_media":0,"parent":0,"menu_order":0,"comment_status":"closed","ping_status":"open","template":"","meta":{"ngg_post_thumbnail":0,"footnotes":"","_mc_calendar":[]},"aioseo_notices":[],"_links":{"self":[{"href":"https:\/\/blogsaverroes.juntadeandalucia.es\/ceiplaraza\/wp-json\/wp\/v2\/pages\/428"}],"collection":[{"href":"https:\/\/blogsaverroes.juntadeandalucia.es\/ceiplaraza\/wp-json\/wp\/v2\/pages"}],"about":[{"href":"https:\/\/blogsaverroes.juntadeandalucia.es\/ceiplaraza\/wp-json\/wp\/v2\/types\/page"}],"author":[{"embeddable":true,"href":"https:\/\/blogsaverroes.juntadeandalucia.es\/ceiplaraza\/wp-json\/wp\/v2\/users\/1"}],"replies":[{"embeddable":true,"href":"https:\/\/blogsaverroes.juntadeandalucia.es\/ceiplaraza\/wp-json\/wp\/v2\/comments?post=428"}],"version-history":[{"count":9,"href":"https:\/\/blogsaverroes.juntadeandalucia.es\/ceiplaraza\/wp-json\/wp\/v2\/pages\/428\/revisions"}],"predecessor-version":[{"id":4506,"href":"https:\/\/blogsaverroes.juntadeandalucia.es\/ceiplaraza\/wp-json\/wp\/v2\/pages\/428\/revisions\/4506"}],"wp:attachment":[{"href":"https:\/\/blogsaverroes.juntadeandalucia.es\/ceiplaraza\/wp-json\/wp\/v2\/media?parent=428"}],"curies":[{"name":"wp","href":"https:\/\/api.w.org\/{rel}","templated":true}]}}

1º ciclo de Educación Primaria

<p><a href="https://blogsaverroes.juntadeandalucia.es/ceiplaraza/files/2022/09/cubiertaprimerciclo.jpg"><img loading="lazy" decoding="async" class="alignnone size-full wp-image-4275" src="https://blogsaverroes.juntadeandalucia.es/ceiplaraza/files/2022/09/cubiertaprimerciclo.jpg" alt="" width="1600" height="900" srcset="https://blogsaverroes.juntadeandalucia.es/ceiplaraza/files/2022/09/cubiertaprimerciclo.jpg 1600w, https://blogsaverroes.juntadeandalucia.es/ceiplaraza/files/2022/09/cubiertaprimerciclo-300x169.jpg 300w, https://blogsaverroes.juntadeandalucia.es/ceiplaraza/files/2022/09/cubiertaprimerciclo-1024x576.jpg 1024w, https://blogsaverroes.juntadeandalucia.es/ceiplaraza/files/2022/09/cubiertaprimerciclo-768x432.jpg 768w, https://blogsaverroes.juntadeandalucia.es/ceiplaraza/files/2022/09/cubiertaprimerciclo-1536x864.jpg 1536w, https://blogsaverroes.juntadeandalucia.es/ceiplaraza/files/2022/09/cubiertaprimerciclo-700x393.jpg 700w" sizes="(max-width: 1600px) 100vw, 1600px" /></a></p>
<p>Tras finalizar el ciclo de Educación Infantil, el alumnado se incorpora a primaria para cursar los dos años que comprende el primer ciclo de Educación Primaria.</p>
<p>En estos dos cursos, se iniciarán y consolidarán la lectoescritura aprendiendo a conocer bien el lenguaje promoviendo un aprendizaje que les permita desarrollar los contenidos curriculares de este ciclo: lectura, escritura, números y operaciones básicas y comprensión del medio físico, social y natural, sin olvidar contribuir al desarrollo de las competencias básicas que deben adquirir, a saber:</p>
<ul>
<li>Competencia en comunicación lingüística</li>
<li>Competencia matemática</li>
<li>Conocimiento e interacción con el mundo físico</li>
<li>Tratamiento de la información y competencia digital</li>
<li>Competencia social y ciudadana</li>
<li>Competencia cultural y artística</li>
<li>Competencia para aprender a aprender</li>
<li>Autonomía e iniciativa personal</li>
</ul>
<p>En nuestro centro, durante el <strong>curso escolar 2024-2025</strong>, el equipo que hace posible esta labor en el primer ciclo son:</p>
<ul>
<li>Tutora de 1º de Educación Primaria: <strong>Mª José Fernández Díaz</strong></li>
<li>Tutora de 2º de Educación Primaria: <strong>Laura Fernández Muriana</strong></li>
<li>Primera lengua extranjera, inglés: <strong>Clara Eugenia González Ortiz</strong></li>
<li>Música: <strong>Mª del Carmen Lago Cordero</strong></li>
<li>Educación Física: <strong>Segundo Presencio Fernández</strong></li>
<li>Religión: <strong>Nieves Bolinaga Galeote</strong></li>
</ul>

<p>Tras finalizar el ciclo de Educación Infantil, el alumnado se incorpora a primaria para cursar los dos años que comprende el primer ciclo de Educación Primaria. En estos dos cursos, se iniciarán y consolidarán&#46;&#46;&#46;</p>
