{"id":436,"date":"2015-03-20T07:08:17","date_gmt":"2015-03-20T07:08:17","guid":{"rendered":"http:\/\/blogsaverroes.juntadeandalucia.es\/pre\/ceip\/?page_id=436"},"modified":"2024-12-06T08:47:38","modified_gmt":"2024-12-06T08:47:38","slug":"ed-primaria-3o-ciclo","status":"publish","type":"page","link":"https:\/\/blogsaverroes.juntadeandalucia.es\/ceiplaraza\/ed-primaria-3o-ciclo\/","title":{"rendered":"3\u00ba ciclo de Educaci\u00f3n Primaria"},"content":{"rendered":"<p style=\"text-align: center\">&nbsp;<\/p>\n<p><a href=\"https:\/\/blogsaverroes.juntadeandalucia.es\/ceiplaraza\/files\/2022\/09\/TERCERCICLO.jpg\"><img loading=\"lazy\" decoding=\"async\" class=\"alignnone size-full wp-image-4282\" src=\"https:\/\/blogsaverroes.juntadeandalucia.es\/ceiplaraza\/files\/2022\/09\/TERCERCICLO.jpg\" alt=\"\" width=\"1600\" height=\"900\" srcset=\"https:\/\/blogsaverroes.juntadeandalucia.es\/ceiplaraza\/files\/2022\/09\/TERCERCICLO.jpg 1600w, https:\/\/blogsaverroes.juntadeandalucia.es\/ceiplaraza\/files\/2022\/09\/TERCERCICLO-300x169.jpg 300w, https:\/\/blogsaverroes.juntadeandalucia.es\/ceiplaraza\/files\/2022\/09\/TERCERCICLO-1024x576.jpg 1024w, https:\/\/blogsaverroes.juntadeandalucia.es\/ceiplaraza\/files\/2022\/09\/TERCERCICLO-768x432.jpg 768w, https:\/\/blogsaverroes.juntadeandalucia.es\/ceiplaraza\/files\/2022\/09\/TERCERCICLO-1536x864.jpg 1536w, https:\/\/blogsaverroes.juntadeandalucia.es\/ceiplaraza\/files\/2022\/09\/TERCERCICLO-700x393.jpg 700w\" sizes=\"(max-width: 1600px) 100vw, 1600px\" \/><\/a><\/p>\n<p>El tercer ciclo de primaria consta de dos cursos, 5\u00ba y 6\u00ba y es durante este per\u00edodo cuando se consolidan las bases para que puedan iniciar una educaci\u00f3n m\u00e1s compleja como es la educaci\u00f3n secundaria.<\/p>\n<p>Se inicia a partir de los 10 a\u00f1os y en esta fase evolutiva, ni\u00f1os y ni\u00f1as aprenden mayor informaci\u00f3n y conocimientos sobre diferentes materias, a saber:<\/p>\n<ul>\n<li>Lengua Castellana y Literatura<\/li>\n<li>Matem\u00e1ticas<\/li>\n<li>Ingl\u00e9s<\/li>\n<li>Franc\u00e9s<\/li>\n<li>Educaci\u00f3n F\u00edsica<\/li>\n<li>Educaci\u00f3n Art\u00edstica (M\u00fasica y Pl\u00e1stica)<\/li>\n<li>Conocimiento del Medio<\/li>\n<li>Ciudadan\u00eda (5\u00bade EP)&nbsp;<\/li>\n<\/ul>\n<section>\n<div class=\"tb tbl-forkorts-article\">\n<p>En nuestro centro, en cada una de las etapas, no solo aportamos conocimientos sino que tambi\u00e9n el centro es un espacio de socializaci\u00f3n y de aprendizaje de gesti\u00f3n emocional a trav\u00e9s de la interacci\u00f3n con alumnado de su edad.<\/p>\n<p>El equipo educativo que hace posible todo esto en nuestro centro durante el <strong>curso 2024-2025<\/strong>&nbsp;es el siguiente:<\/p>\n<\/div>\n<ul>\n<li>Tutora de 5\u00baA de EP: <b>Encarnaci\u00f3n Fern\u00e1ndez Albillo<\/b><\/li>\n<li>Tutora de 5\u00baB de EP: <strong>Roc\u00edo Soto G\u00f3mez<\/strong><\/li>\n<li>Tutor de 6\u00ba de EP: <strong>Jos\u00e9 Manuel Mu\u00f1oz Guerra<\/strong><\/li>\n<li>\u00c1rea de Idiomas:\n<ul>\n<li>Ingl\u00e9s: <strong>M\u00aa del Carmen Antequera P\u00e9rez<\/strong><\/li>\n<li>Franc\u00e9s: <strong>Alicia Molina Gim\u00e9nez<\/strong><\/li>\n<\/ul>\n<\/li>\n<li>\u00c1rea de Educaci\u00f3n F\u00edsica: <strong>Segundo Presencio Fern\u00e1ndez<\/strong><\/li>\n<li>\u00c1rea de M\u00fasica: <strong>M\u00aa del Carmen Lago Cordero<\/strong><\/li>\n<li>\u00c1rea de Religi\u00f3n: <strong>Nieves Bolinaga Galeote<\/strong><\/li>\n<\/ul>\n<p>&nbsp;<\/p>\n<p>&nbsp;<\/p>\n<p>&nbsp;<\/p>\n<\/section>\n<footer>\n<div class=\"row\">\n<div class=\"small-12 columns\">\n<div class=\"slotcinco \">\n<div id=\"CD_Mob_Definition2\">&nbsp;<\/div>\n<\/div>\n<\/div>\n<\/div>\n<\/footer>\n<p>&nbsp;<\/p>\n","protected":false},"excerpt":{"rendered":"<p>&nbsp; El tercer ciclo de primaria consta de dos cursos, 5\u00ba y 6\u00ba y es durante este per\u00edodo cuando se consolidan las bases para que puedan iniciar una educaci\u00f3n m\u00e1s compleja como es la&#46;&#46;&#46;<\/p>\n","protected":false},"author":1,"featured_media":0,"parent":0,"menu_order":0,"comment_status":"closed","ping_status":"open","template":"","meta":{"ngg_post_thumbnail":0,"footnotes":"","_mc_calendar":[]},"aioseo_notices":[],"_links":{"self":[{"href":"https:\/\/blogsaverroes.juntadeandalucia.es\/ceiplaraza\/wp-json\/wp\/v2\/pages\/436"}],"collection":[{"href":"https:\/\/blogsaverroes.juntadeandalucia.es\/ceiplaraza\/wp-json\/wp\/v2\/pages"}],"about":[{"href":"https:\/\/blogsaverroes.juntadeandalucia.es\/ceiplaraza\/wp-json\/wp\/v2\/types\/page"}],"author":[{"embeddable":true,"href":"https:\/\/blogsaverroes.juntadeandalucia.es\/ceiplaraza\/wp-json\/wp\/v2\/users\/1"}],"replies":[{"embeddable":true,"href":"https:\/\/blogsaverroes.juntadeandalucia.es\/ceiplaraza\/wp-json\/wp\/v2\/comments?post=436"}],"version-history":[{"count":19,"href":"https:\/\/blogsaverroes.juntadeandalucia.es\/ceiplaraza\/wp-json\/wp\/v2\/pages\/436\/revisions"}],"predecessor-version":[{"id":4550,"href":"https:\/\/blogsaverroes.juntadeandalucia.es\/ceiplaraza\/wp-json\/wp\/v2\/pages\/436\/revisions\/4550"}],"wp:attachment":[{"href":"https:\/\/blogsaverroes.juntadeandalucia.es\/ceiplaraza\/wp-json\/wp\/v2\/media?parent=436"}],"curies":[{"name":"wp","href":"https:\/\/api.w.org\/{rel}","templated":true}]}}