{"id":870,"date":"2015-03-16T07:24:27","date_gmt":"2015-03-16T07:24:27","guid":{"rendered":"http:\/\/blogsaverroes.juntadeandalucia.es\/pre\/ceip\/?page_id=103"},"modified":"2025-02-22T11:55:28","modified_gmt":"2025-02-22T11:55:28","slug":"aula-matinal","status":"publish","type":"page","link":"https:\/\/blogsaverroes.juntadeandalucia.es\/ceiplaraza\/aula-matinal\/","title":{"rendered":"Aula Matinal"},"content":{"rendered":"<p>El <strong>Aula Matinal<\/strong> abre a las <strong>7.30 horas<\/strong> de lunes a viernes, ofreciendo actividades diversas a l@s peques hasta el comienzo del horario lectivo.<\/p>\n<p>Puede utilizarse cualquier d\u00eda previa inscripci\u00f3n y domiciliaci\u00f3n bancaria.<\/p>\n<p>La empresa encargada de la prestaci\u00f3n del servicio de Aula Matinal es la Asociaci\u00f3n Cultural y Deportiva <strong><a href=\"https:\/\/oszagales.com\/\">Os zagales de Arag\u00f3n<\/a><\/strong><a href=\"http:\/\/educomex.es\/index4.php\">.<\/a><\/p>\n<p><strong>SOLICITUD DE BONIFICACI\u00d3N PARA LOS SERVICIOS DEL PLAN DE APERTURA PARA EL CURSO 2024-2025<\/strong><\/p>\n<p>Les comunicamos que el plazo para solicitar la bonificaci\u00f3n para los servicios del Plan de Apertura (Aula Matinal, Comedor Escolar y Actividades Extraescolares) para el curso <strong>2024-2025<\/strong>,&nbsp;<span style=\"font-family: 'Open Sans', sans-serif;font-size: 15px;font-style: normal;font-weight: 400\">seg\u00fan el&nbsp;<\/span><strong style=\"font-family: 'Open Sans', sans-serif;font-size: 15px;font-style: normal\"><em>art\u00edculo 25.1 de la Orden de 17 abril de 2017<\/em><\/strong><span style=\"font-family: 'Open Sans', sans-serif;font-size: 15px;font-style: normal;font-weight: 400\">, por la que se regula la organizaci\u00f3n y el funcionamiento de los servicios complementarios de aula matinal, comedor escolar y actividades extraescolares, as\u00ed como el uso de las instalaciones de los centros docentes p\u00fablicos de la Comunidad Aut\u00f3noma de Andaluc\u00eda fuera del horario escolar (BOJA 78 de 26 de abril de 2017):<\/span><\/p>\n<div>Deber\u00e1n solicitarse preferentemente v\u00eda telem\u00e1tica a trav\u00e9s de la&nbsp;<strong><a title=\"Secretar\u00eda Virtual de los centros docentes andaluces\" href=\"https:\/\/www.juntadeandalucia.es\/educacion\/secretariavirtual\/\" target=\"_blank\" rel=\"noopener noreferrer\">Secretar\u00eda Virtual de la Consejer\u00eda de Educaci\u00f3n<\/a><\/strong>&nbsp;en el siguiente enlace:<\/div>\n<div>&nbsp;<\/div>\n<div>\n<ul>\n<li><strong><a title=\"Acceso a Bonificaci\u00f3n del precio p\u00fablico\\gratuidad total de los servicios complementarios\" href=\"https:\/\/www.juntadeandalucia.es\/educacion\/secretariavirtual\/accesoTramite\/381\/\" target=\"_blank\" rel=\"noopener noreferrer\">Acceso a Bonificaci\u00f3n del precio p\u00fablico\\gratuidad total de los servicios complementarios<\/a><\/strong><\/li>\n<\/ul>\n<\/div>\n<div>En caso de no poderse por dicha v\u00eda, se entregar\u00e1 la solicitud en la Secretar\u00eda del centro, donde puede retirarse el impreso o descargarse el impreso auto rellenable en el enlace siguiente:<\/div>\n<div>&nbsp;<\/div>\n<ul>\n<li><a href=\"https:\/\/blogsaverroes.juntadeandalucia.es\/ceiplaraza\/files\/2021\/09\/DECRETO-6-2017-de-16-de-enero-por-el-que-se-regulan-los-servicios-complementarios-de-aula-matinal-comedor-escolar-y-actividades-extraescolares..pdf\">DECRETO 6-2017 de 16 de enero, por el que se regulan los servicios complementarios de aula matinal, comedor escolar y actividades extraescolares.<\/a><\/li>\n<li><a href=\"https:\/\/blogsaverroes.juntadeandalucia.es\/ceiplaraza\/files\/2021\/09\/ORDEN-de-27-de-marzo-de-2019.pdf\">ORDEN de 27 de marzo de 2019, <\/a><em>por la que se modifica la Orden de 17 de abril de <\/em><em>2017, por la que se regula la organizaci\u00f3n y el funcionamiento de los servicios <\/em><em>complementarios de aula matinal, comedor escolar y actividades extraescolares, <\/em><em>as\u00ed como el uso de las instalaciones de los centros docentes p\u00fablicos de la&nbsp;<\/em><em>Comunidad Aut\u00f3noma de Andaluc\u00eda fuera del horario escolar.<\/em><\/li>\n<\/ul>\n","protected":false},"excerpt":{"rendered":"<p>El Aula Matinal abre a las 7.30 horas de lunes a viernes, ofreciendo actividades diversas a l@s peques hasta el comienzo del horario lectivo. Puede utilizarse cualquier d\u00eda previa inscripci\u00f3n y domiciliaci\u00f3n bancaria. La&#46;&#46;&#46;<\/p>\n","protected":false},"author":1,"featured_media":0,"parent":0,"menu_order":0,"comment_status":"closed","ping_status":"open","template":"","meta":{"ngg_post_thumbnail":0,"footnotes":"","_mc_calendar":[]},"aioseo_notices":[],"_links":{"self":[{"href":"https:\/\/blogsaverroes.juntadeandalucia.es\/ceiplaraza\/wp-json\/wp\/v2\/pages\/870"}],"collection":[{"href":"https:\/\/blogsaverroes.juntadeandalucia.es\/ceiplaraza\/wp-json\/wp\/v2\/pages"}],"about":[{"href":"https:\/\/blogsaverroes.juntadeandalucia.es\/ceiplaraza\/wp-json\/wp\/v2\/types\/page"}],"author":[{"embeddable":true,"href":"https:\/\/blogsaverroes.juntadeandalucia.es\/ceiplaraza\/wp-json\/wp\/v2\/users\/1"}],"replies":[{"embeddable":true,"href":"https:\/\/blogsaverroes.juntadeandalucia.es\/ceiplaraza\/wp-json\/wp\/v2\/comments?post=870"}],"version-history":[{"count":27,"href":"https:\/\/blogsaverroes.juntadeandalucia.es\/ceiplaraza\/wp-json\/wp\/v2\/pages\/870\/revisions"}],"predecessor-version":[{"id":4594,"href":"https:\/\/blogsaverroes.juntadeandalucia.es\/ceiplaraza\/wp-json\/wp\/v2\/pages\/870\/revisions\/4594"}],"wp:attachment":[{"href":"https:\/\/blogsaverroes.juntadeandalucia.es\/ceiplaraza\/wp-json\/wp\/v2\/media?parent=870"}],"curies":[{"name":"wp","href":"https:\/\/api.w.org\/{rel}","templated":true}]}}

<p>El <strong>Aula Matinal</strong> abre a las <strong>7.30 horas</strong> de lunes a viernes, ofreciendo actividades diversas a l@s peques hasta el comienzo del horario lectivo.</p>
<p>Puede utilizarse cualquier día previa inscripción y domiciliación bancaria.</p>
<p>La empresa encargada de la prestación del servicio de Aula Matinal es la Asociación Cultural y Deportiva <strong><a href="https://oszagales.com/">Os zagales de Aragón</a></strong><a href="http://educomex.es/index4.php">.</a></p>
<p><strong>SOLICITUD DE BONIFICACIÓN PARA LOS SERVICIOS DEL PLAN DE APERTURA PARA EL CURSO 2024-2025</strong></p>
<p>Les comunicamos que el plazo para solicitar la bonificación para los servicios del Plan de Apertura (Aula Matinal, Comedor Escolar y Actividades Extraescolares) para el curso <strong>2024-2025</strong>,&nbsp;<span style="font-family: 'Open Sans', sans-serif;font-size: 15px;font-style: normal;font-weight: 400">según el&nbsp;</span><strong style="font-family: 'Open Sans', sans-serif;font-size: 15px;font-style: normal"><em>artículo 25.1 de la Orden de 17 abril de 2017</em></strong><span style="font-family: 'Open Sans', sans-serif;font-size: 15px;font-style: normal;font-weight: 400">, por la que se regula la organización y el funcionamiento de los servicios complementarios de aula matinal, comedor escolar y actividades extraescolares, así como el uso de las instalaciones de los centros docentes públicos de la Comunidad Autónoma de Andalucía fuera del horario escolar (BOJA 78 de 26 de abril de 2017):</span></p>
<div>Deberán solicitarse preferentemente vía telemática a través de la&nbsp;<strong><a title="Secretaría Virtual de los centros docentes andaluces" href="https://www.juntadeandalucia.es/educacion/secretariavirtual/" target="_blank" rel="noopener noreferrer">Secretaría Virtual de la Consejería de Educación</a></strong>&nbsp;en el siguiente enlace:</div>
<div>&nbsp;</div>
<div>
<ul>
<li><strong><a title="Acceso a Bonificación del precio público\gratuidad total de los servicios complementarios" href="https://www.juntadeandalucia.es/educacion/secretariavirtual/accesoTramite/381/" target="_blank" rel="noopener noreferrer">Acceso a Bonificación del precio público\gratuidad total de los servicios complementarios</a></strong></li>
</ul>
</div>
<div>En caso de no poderse por dicha vía, se entregará la solicitud en la Secretaría del centro, donde puede retirarse el impreso o descargarse el impreso auto rellenable en el enlace siguiente:</div>
<div>&nbsp;</div>
<ul>
<li><a href="https://blogsaverroes.juntadeandalucia.es/ceiplaraza/files/2021/09/DECRETO-6-2017-de-16-de-enero-por-el-que-se-regulan-los-servicios-complementarios-de-aula-matinal-comedor-escolar-y-actividades-extraescolares..pdf">DECRETO 6-2017 de 16 de enero, por el que se regulan los servicios complementarios de aula matinal, comedor escolar y actividades extraescolares.</a></li>
<li><a href="https://blogsaverroes.juntadeandalucia.es/ceiplaraza/files/2021/09/ORDEN-de-27-de-marzo-de-2019.pdf">ORDEN de 27 de marzo de 2019, </a><em>por la que se modifica la Orden de 17 de abril de </em><em>2017, por la que se regula la organización y el funcionamiento de los servicios </em><em>complementarios de aula matinal, comedor escolar y actividades extraescolares, </em><em>así como el uso de las instalaciones de los centros docentes públicos de la&nbsp;</em><em>Comunidad Autónoma de Andalucía fuera del horario escolar.</em></li>
</ul>

<p>El Aula Matinal abre a las 7.30 horas de lunes a viernes, ofreciendo actividades diversas a l@s peques hasta el comienzo del horario lectivo. Puede utilizarse cualquier día previa inscripción y domiciliación bancaria. La&#46;&#46;&#46;</p>
