{"id":99,"date":"2015-03-16T07:22:54","date_gmt":"2015-03-16T07:22:54","guid":{"rendered":"http:\/\/blogsaverroes.juntadeandalucia.es\/pre\/ceip\/?page_id=99"},"modified":"2025-02-22T11:58:56","modified_gmt":"2025-02-22T11:58:56","slug":"comedor-escolar","status":"publish","type":"page","link":"https:\/\/blogsaverroes.juntadeandalucia.es\/ceiplaraza\/comedor-escolar\/","title":{"rendered":"Comedor escolar"},"content":{"rendered":"<p>El comedor escolar es un servicio complementario que resulta de gran utilidad a padres y madres para ayudarles a&nbsp;conciliar la vida laboral y familiar. Tiene una duraci\u00f3n de hasta dos horas desde que acaba la jornada escolar de la ma\u00f1ana (de 14.00 a 16.00 horas).<\/p>\n<p>El comedor es adem\u00e1s, una pieza importante&nbsp;en todas las medidas dirigidas a mejorar los h\u00e1bitos alimenticios de los ni\u00f1os y ni\u00f1as y prevenir problemas de salud como la obesidad.<\/p>\n<div id=\"contenido_sitio\" class=\"tiny_personalizado\">\n<p>La empresa encargada de la prestaci\u00f3n del servicio es <b>Catering Luis Sosa Rodr\u00edguez<\/b>.<\/p>\n<ul>\n<li>Para la consulta de los men\u00fas e informaci\u00f3n sobre dietas especiales les recomendamos acceder a su <a href=\"https:\/\/micomedor.es\/\">web<\/a> donde los publican mensualmente.&nbsp;<\/li>\n<\/ul>\n<ul>\n<li>Otra informaci\u00f3n de inter\u00e9s:\n<ul>\n<li><a href=\"https:\/\/www.juntadeandalucia.es\/boja\/2017\/78\/1\">Normativa de aplicaci\u00f3n<\/a>.&nbsp;<\/li>\n<\/ul>\n<\/li>\n<\/ul>\n<ul>\n<li>Alergias e intolerancias:&nbsp;\n<ul>\n<li>En cumplimiento del <a href=\"https:\/\/www.boe.es\/doue\/2011\/304\/L00018-00063.pdf\"><strong>Reglamento 1169\/2011<\/strong><\/a>, sobre la informaci\u00f3n alimentaria facilitada al consumidor, las familias podr\u00e1n solicitar al personal encargado la informaci\u00f3n sobre sustancias que pueden causar alergias o intolerancias.<\/li>\n<\/ul>\n<\/li>\n<\/ul>\n<\/div>\n<div>\n<p><strong>SOLICITUD DE BONIFICACI\u00d3N PARA LOS SERVICIOS DEL PLAN DE APERTURA PARA EL CURSO 2024-2025<\/strong><\/p>\n<p>La bonificaci\u00f3n para los servicios del Plan de Apertura (Aula Matinal, Comedor Escolar y Actividades Extraescolares) para el curso <strong>2024-2025<\/strong>, se regula seg\u00fan el <strong><em>art\u00edculo 25.1 de la Orden de 17 abril de 2017<\/em><\/strong>, por la que se regula la organizaci\u00f3n y el funcionamiento de los servicios complementarios de aula matinal, comedor escolar y actividades extraescolares, as\u00ed como el uso de las instalaciones de los centros docentes p\u00fablicos de la Comunidad Aut\u00f3noma de Andaluc\u00eda fuera del horario escolar (BOJA 78 de 26 de abril de 2017).<\/p>\n<div>Deber\u00e1n solicitarse preferentemente v\u00eda telem\u00e1tica a trav\u00e9s de la&nbsp;<\/div>\n<div>&nbsp;<\/div>\n<div><strong><a title=\"Secretar\u00eda Virtual de los centros docentes andaluces\" href=\"https:\/\/www.juntadeandalucia.es\/educacion\/secretariavirtual\/\" target=\"_blank\" rel=\"noopener noreferrer\">Secretar\u00eda Virtual de la Consejer\u00eda de Educaci\u00f3n<\/a><\/strong>&nbsp;en el siguiente enlace:<\/div>\n<div>&nbsp;<\/div>\n<div>\n<ul>\n<li><strong><a title=\"Acceso a Bonificaci\u00f3n del precio p\u00fablico\\gratuidad total de los servicios complementarios\" href=\"https:\/\/www.juntadeandalucia.es\/educacion\/secretariavirtual\/accesoTramite\/381\/\" target=\"_blank\" rel=\"noopener noreferrer\">Acceso a Bonificaci\u00f3n del precio p\u00fablico\\gratuidad total de los servicios complementarios<\/a><\/strong><\/li>\n<\/ul>\n<\/div>\n<div>En caso de no poderse por dicha v\u00eda, se entregar\u00e1 la solicitud en la Secretar\u00eda del centro, previa cita, donde puede retirarse el impreso o descargarse el impreso auto rellenable en el enlace siguiente:<\/div>\n<div>&nbsp;<\/div>\n<div>\n<ul>\n<li><strong><a title=\"Solicitud bonificaciones Plan Apertura autorrellenable\" href=\"https:\/\/www.juntadeandalucia.es\/haciendayadministracionpublica\/rpa-icms-doc\/icmsDescargaDoc.do?tipo=4b40ba71bf0bae77c7a9e6765035191a&amp;id=4aeeaa35f34f6d429505832acc6de2f3\" target=\"_blank\" rel=\"noopener noreferrer\">Solicitud bonificaciones Plan Apertura<\/a><\/strong><\/li>\n<\/ul>\n<\/div>\n<ul>\n<li><a href=\"https:\/\/www.juntadeandalucia.es\/boja\/2018\/65\/BOJA18-065-00005-5869-01_00133273.pdf\">Acuerdo de 27 de marzo de 2018, del Consejo de Gobierno, por el que se fija<\/a><br \/>\nla cuant\u00eda de los precios p\u00fablicos por los servicios complementarios de aula<br \/>\nmatinal, comedor escolar y actividades extraescolares en los centros docentes<br \/>\np\u00fablicos y por el servicio de residencia en las Residencias Escolares de<br \/>\nAndaluc\u00eda<\/li>\n<\/ul>\n<\/div>\n<p>&nbsp;<\/p>\n","protected":false},"excerpt":{"rendered":"<p>El comedor escolar es un servicio complementario que resulta de gran utilidad a padres y madres para ayudarles a&nbsp;conciliar la vida laboral y familiar. Tiene una duraci\u00f3n de hasta dos horas desde que acaba&#46;&#46;&#46;<\/p>\n","protected":false},"author":1,"featured_media":0,"parent":0,"menu_order":0,"comment_status":"closed","ping_status":"open","template":"","meta":{"ngg_post_thumbnail":0,"footnotes":"","_mc_calendar":[]},"aioseo_notices":[],"_links":{"self":[{"href":"https:\/\/blogsaverroes.juntadeandalucia.es\/ceiplaraza\/wp-json\/wp\/v2\/pages\/99"}],"collection":[{"href":"https:\/\/blogsaverroes.juntadeandalucia.es\/ceiplaraza\/wp-json\/wp\/v2\/pages"}],"about":[{"href":"https:\/\/blogsaverroes.juntadeandalucia.es\/ceiplaraza\/wp-json\/wp\/v2\/types\/page"}],"author":[{"embeddable":true,"href":"https:\/\/blogsaverroes.juntadeandalucia.es\/ceiplaraza\/wp-json\/wp\/v2\/users\/1"}],"replies":[{"embeddable":true,"href":"https:\/\/blogsaverroes.juntadeandalucia.es\/ceiplaraza\/wp-json\/wp\/v2\/comments?post=99"}],"version-history":[{"count":22,"href":"https:\/\/blogsaverroes.juntadeandalucia.es\/ceiplaraza\/wp-json\/wp\/v2\/pages\/99\/revisions"}],"predecessor-version":[{"id":4596,"href":"https:\/\/blogsaverroes.juntadeandalucia.es\/ceiplaraza\/wp-json\/wp\/v2\/pages\/99\/revisions\/4596"}],"wp:attachment":[{"href":"https:\/\/blogsaverroes.juntadeandalucia.es\/ceiplaraza\/wp-json\/wp\/v2\/media?parent=99"}],"curies":[{"name":"wp","href":"https:\/\/api.w.org\/{rel}","templated":true}]}}