{"id":3847,"date":"2022-11-02T13:55:08","date_gmt":"2022-11-02T13:55:08","guid":{"rendered":"https:\/\/blogsaverroes.juntadeandalucia.es\/ceiplareguela\/?page_id=3847"},"modified":"2025-11-18T09:13:06","modified_gmt":"2025-11-18T09:13:06","slug":"manifiesto","status":"publish","type":"page","link":"https:\/\/blogsaverroes.juntadeandalucia.es\/ceiplareguela\/manifiesto\/","title":{"rendered":"MANIFIESTO."},"content":{"rendered":"<p><a href=\"https:\/\/blogsaverroes.juntadeandalucia.es\/ceiplareguela\/files\/2025\/11\/Jesus.jpg\"><img loading=\"lazy\" decoding=\"async\" class=\"wp-image-5611 aligncenter\" src=\"https:\/\/blogsaverroes.juntadeandalucia.es\/ceiplareguela\/files\/2025\/11\/Jesus.jpg\" alt=\"\" width=\"364\" height=\"482\" srcset=\"https:\/\/blogsaverroes.juntadeandalucia.es\/ceiplareguela\/files\/2025\/11\/Jesus.jpg 1080w, https:\/\/blogsaverroes.juntadeandalucia.es\/ceiplareguela\/files\/2025\/11\/Jesus-227x300.jpg 227w, https:\/\/blogsaverroes.juntadeandalucia.es\/ceiplareguela\/files\/2025\/11\/Jesus-773x1024.jpg 773w, https:\/\/blogsaverroes.juntadeandalucia.es\/ceiplareguela\/files\/2025\/11\/Jesus-768x1017.jpg 768w\" sizes=\"(max-width: 364px) 100vw, 364px\" \/><\/a><\/p>\n<h1 style=\"text-align: center\"><a href=\"https:\/\/www.instagram.com\/justicia_para_jesus\/\"><sub>http:\/\/@justicia_para_jesus<\/sub><\/a><\/h1>\n<h1>&nbsp;<\/h1>\n<h1 style=\"text-align: justify\">Desde el CEIP La Reg\u00fcela de Palomares del R\u00edo queremos manifestar nuestra m\u00e1s absoluta repulsa e indignaci\u00f3n por lo sucedido en la pasada madrugada, d\u00eda 1 de noviembre, en la que falleci\u00f3 de forma traum\u00e1tica nuestro antiguo alumno Jes\u00fas R. J.&nbsp;<\/h1>\n<h1 style=\"text-align: justify\">La Comunidad Educativa de nuestro centro al igual que el resto de vecinos de nuestra localidad nos encontramos consternados ante el suceso tan tr\u00e1gico ocurrido. Nuestro m\u00e1s sentido p\u00e9same, apoyo y solidaridad hacia su familia, tan querida por todos nosotros.&nbsp; Deseamos que los hechos se aclaren y se haga justicia.<\/h1>\n<h1 style=\"text-align: justify\">Jes\u00fas, siempre estar\u00e1s en nuestros corazones.<\/h1>\n","protected":false},"excerpt":{"rendered":"<p>http:\/\/@justicia_para_jesus &nbsp; Desde el CEIP La Reg\u00fcela de Palomares del R\u00edo queremos manifestar nuestra m\u00e1s absoluta repulsa e indignaci\u00f3n por lo sucedido en la pasada madrugada, d\u00eda 1 de noviembre, en la que falleci\u00f3 de forma traum\u00e1tica nuestro antiguo alumno Jes\u00fas R. J.&nbsp; La Comunidad Educativa de nuestro centro al igual que el resto de &hellip; <\/p>\n<p><a class=\"more-link btn\" href=\"https:\/\/blogsaverroes.juntadeandalucia.es\/ceiplareguela\/manifiesto\/\">Seguir leyendo<\/a><\/p>\n","protected":false},"author":5447,"featured_media":0,"parent":0,"menu_order":0,"comment_status":"closed","ping_status":"closed","template":"","meta":{"ngg_post_thumbnail":0,"footnotes":"","_mc_calendar":[]},"aioseo_notices":[],"_links":{"self":[{"href":"https:\/\/blogsaverroes.juntadeandalucia.es\/ceiplareguela\/wp-json\/wp\/v2\/pages\/3847"}],"collection":[{"href":"https:\/\/blogsaverroes.juntadeandalucia.es\/ceiplareguela\/wp-json\/wp\/v2\/pages"}],"about":[{"href":"https:\/\/blogsaverroes.juntadeandalucia.es\/ceiplareguela\/wp-json\/wp\/v2\/types\/page"}],"author":[{"embeddable":true,"href":"https:\/\/blogsaverroes.juntadeandalucia.es\/ceiplareguela\/wp-json\/wp\/v2\/users\/5447"}],"replies":[{"embeddable":true,"href":"https:\/\/blogsaverroes.juntadeandalucia.es\/ceiplareguela\/wp-json\/wp\/v2\/comments?post=3847"}],"version-history":[{"count":6,"href":"https:\/\/blogsaverroes.juntadeandalucia.es\/ceiplareguela\/wp-json\/wp\/v2\/pages\/3847\/revisions"}],"predecessor-version":[{"id":5617,"href":"https:\/\/blogsaverroes.juntadeandalucia.es\/ceiplareguela\/wp-json\/wp\/v2\/pages\/3847\/revisions\/5617"}],"wp:attachment":[{"href":"https:\/\/blogsaverroes.juntadeandalucia.es\/ceiplareguela\/wp-json\/wp\/v2\/media?parent=3847"}],"curies":[{"name":"wp","href":"https:\/\/api.w.org\/{rel}","templated":true}]}}