{"id":77,"date":"2015-03-16T06:54:56","date_gmt":"2015-03-16T06:54:56","guid":{"rendered":"http:\/\/blogsaverroes.juntadeandalucia.es\/pre\/ceip\/?page_id=77"},"modified":"2024-10-08T12:09:25","modified_gmt":"2024-10-08T12:09:25","slug":"secretaria","status":"publish","type":"page","link":"https:\/\/blogsaverroes.juntadeandalucia.es\/ceiplareguela\/secretaria\/","title":{"rendered":"Secretar\u00eda"},"content":{"rendered":"<p>&nbsp;<\/p>\n<h1 style=\"text-align: center\"><span style=\"color: #99cc00\"><strong>HORARIO DE SECRETAR\u00cdA<\/strong><\/span><\/h1>\n<h1 style=\"text-align: center\"><span style=\"color: #ff0000\">DE 9:30 A 11:30.<br \/>\n<\/span><\/h1>\n<h1 style=\"text-align: center\"><span style=\"color: #ff9900\">\u00a1\u00a1\u00a1\u00a1\u00a1\u00a1\u00a1\u00a1\u00a1LA ATENCI\u00d3N SER\u00c1 PREVIA CITA!!!!!!!!!.<\/span><\/h1>\n<h1 style=\"text-align: center\"><a href=\"https:\/\/calendly.com\/ceiplareguela\/secretariaceiplareguela\" target=\"_blank\" rel=\"noopener noreferrer\">PULSE AQU\u00cd PARA ACCEDER A LA PETICI\u00d3N DE CITA PREVIA<\/a><\/h1>\n<p>&nbsp;<\/p>\n<h2 style=\"text-align: center\">&nbsp;<\/h2>\n<div class=\"page\" title=\"Page 1\">\n<p>&nbsp;<\/p>\n<div class=\"layoutArea\">\n<div class=\"column\">\n<h1>&nbsp;<\/h1>\n<\/div>\n<\/div>\n<\/div>\n<h2 style=\"text-align: center\">&nbsp;<\/h2>\n<p>&nbsp;<\/p>\n<h2 style=\"text-align: center\"><strong>&nbsp;<\/strong><\/h2>\n<p>&nbsp;<\/p>\n<p>&nbsp;<\/p>\n","protected":false},"excerpt":{"rendered":"<p>&nbsp; HORARIO DE SECRETAR\u00cdA DE 9:30 A 11:30. \u00a1\u00a1\u00a1\u00a1\u00a1\u00a1\u00a1\u00a1\u00a1LA ATENCI\u00d3N SER\u00c1 PREVIA CITA!!!!!!!!!. PULSE AQU\u00cd PARA ACCEDER A LA PETICI\u00d3N DE CITA PREVIA &nbsp; &nbsp; &nbsp; &nbsp; &nbsp; &nbsp; &nbsp; &nbsp; &nbsp;<\/p>\n","protected":false},"author":1,"featured_media":0,"parent":0,"menu_order":0,"comment_status":"closed","ping_status":"open","template":"","meta":{"ngg_post_thumbnail":0,"footnotes":"","_mc_calendar":[]},"aioseo_notices":[],"_links":{"self":[{"href":"https:\/\/blogsaverroes.juntadeandalucia.es\/ceiplareguela\/wp-json\/wp\/v2\/pages\/77"}],"collection":[{"href":"https:\/\/blogsaverroes.juntadeandalucia.es\/ceiplareguela\/wp-json\/wp\/v2\/pages"}],"about":[{"href":"https:\/\/blogsaverroes.juntadeandalucia.es\/ceiplareguela\/wp-json\/wp\/v2\/types\/page"}],"author":[{"embeddable":true,"href":"https:\/\/blogsaverroes.juntadeandalucia.es\/ceiplareguela\/wp-json\/wp\/v2\/users\/1"}],"replies":[{"embeddable":true,"href":"https:\/\/blogsaverroes.juntadeandalucia.es\/ceiplareguela\/wp-json\/wp\/v2\/comments?post=77"}],"version-history":[{"count":27,"href":"https:\/\/blogsaverroes.juntadeandalucia.es\/ceiplareguela\/wp-json\/wp\/v2\/pages\/77\/revisions"}],"predecessor-version":[{"id":5198,"href":"https:\/\/blogsaverroes.juntadeandalucia.es\/ceiplareguela\/wp-json\/wp\/v2\/pages\/77\/revisions\/5198"}],"wp:attachment":[{"href":"https:\/\/blogsaverroes.juntadeandalucia.es\/ceiplareguela\/wp-json\/wp\/v2\/media?parent=77"}],"curies":[{"name":"wp","href":"https:\/\/api.w.org\/{rel}","templated":true}]}}