{"id":6557,"date":"2023-04-21T11:39:04","date_gmt":"2023-04-21T10:39:04","guid":{"rendered":"https:\/\/blogsaverroes.juntadeandalucia.es\/ceiplaromanilla\/?page_id=6557"},"modified":"2025-09-16T11:48:59","modified_gmt":"2025-09-16T10:48:59","slug":"quienes-somos","status":"publish","type":"page","link":"https:\/\/blogsaverroes.juntadeandalucia.es\/ceiplaromanilla\/quienes-somos\/","title":{"rendered":"Qui\u00e9nes somos"},"content":{"rendered":"<p>[et_pb_section fb_built=&#8221;1&#8243; _builder_version=&#8221;4.16&#8243; _module_preset=&#8221;default&#8221; global_colors_info=&#8221;{}&#8221;][et_pb_row _builder_version=&#8221;4.16&#8243; _module_preset=&#8221;default&#8221; global_colors_info=&#8221;{}&#8221;][et_pb_column type=&#8221;4_4&#8243; _builder_version=&#8221;4.16&#8243; _module_preset=&#8221;default&#8221; global_colors_info=&#8221;{}&#8221;][et_pb_image src=&#8221;https:\/\/blogsaverroes.juntadeandalucia.es\/ceiplaromanilla\/files\/2023\/06\/Mi-proyecto-1-23.png&#8221; title_text=&#8221;Mi proyecto-1 (23)&#8221; _builder_version=&#8221;4.16&#8243; _module_preset=&#8221;default&#8221; global_colors_info=&#8221;{}&#8221;][\/et_pb_image][\/et_pb_column][\/et_pb_row][et_pb_row _builder_version=&#8221;4.16&#8243; _module_preset=&#8221;default&#8221; global_colors_info=&#8221;{}&#8221;][et_pb_column type=&#8221;4_4&#8243; _builder_version=&#8221;4.16&#8243; _module_preset=&#8221;default&#8221; global_colors_info=&#8221;{}&#8221;][et_pb_text _builder_version=&#8221;4.16&#8243; _module_preset=&#8221;default&#8221; global_colors_info=&#8221;{}&#8221;]<\/p>\n<p><span style=\"font-size: 12pt\">El <strong>CEIP La Romanilla<\/strong> es un colegio p\u00fablico de Educaci\u00f3n Infantil y Primaria ubicado en <strong>Roquetas de Mar<\/strong>. Somos un centro de l\u00ednea uno, comprometido con la excelencia educativa y el desarrollo integral de nuestros estudiantes.<\/span><\/p>\n<p>[\/et_pb_text][\/et_pb_column][\/et_pb_row][et_pb_row column_structure=&#8221;3_4,1_4&#8243; _builder_version=&#8221;4.16&#8243; _module_preset=&#8221;default&#8221; global_colors_info=&#8221;{}&#8221;][et_pb_column type=&#8221;3_4&#8243; _builder_version=&#8221;4.16&#8243; _module_preset=&#8221;default&#8221; global_colors_info=&#8221;{}&#8221;][et_pb_text _builder_version=&#8221;4.16&#8243; _module_preset=&#8221;default&#8221; global_colors_info=&#8221;{}&#8221;]<\/p>\n<p><span style=\"font-size: 12pt\">En nuestro colegio, apostamos por la sostenibilidad y el respeto al medio ambiente. Nos enorgullece contar con el reconocimiento internacional de <\/span><span style=\"font-size: 12pt\"><strong>Ecoescuela<\/strong> y lucir con orgullo nuestra <strong>Bandera Verde<\/strong>. Promovemos pr\u00e1cticas ecol\u00f3gicas y conciencia ambiental entre nuestros alumnos, fomentando l<\/span><span style=\"font-size: 12pt\">a importancia de cuidar nuestro entorno.<\/span><\/p>\n<p>[\/et_pb_text][\/et_pb_column][et_pb_column type=&#8221;1_4&#8243; _builder_version=&#8221;4.16&#8243; _module_preset=&#8221;default&#8221; global_colors_info=&#8221;{}&#8221;][et_pb_image src=&#8221;https:\/\/blogsaverroes.juntadeandalucia.es\/ceiplaromanilla\/files\/2023\/06\/D7vUH6kXkAE1S6i.jpg&#8221; title_text=&#8221;D7vUH6kXkAE1S6i&#8221; _builder_version=&#8221;4.16&#8243; _module_preset=&#8221;default&#8221; global_colors_info=&#8221;{}&#8221;][\/et_pb_image][\/et_pb_column][\/et_pb_row][et_pb_row column_structure=&#8221;1_4,3_4&#8243; _builder_version=&#8221;4.16&#8243; _module_preset=&#8221;default&#8221; global_colors_info=&#8221;{}&#8221;][et_pb_column type=&#8221;1_4&#8243; _builder_version=&#8221;4.16&#8243; _module_preset=&#8221;default&#8221; global_colors_info=&#8221;{}&#8221;][et_pb_image src=&#8221;https:\/\/blogsaverroes.juntadeandalucia.es\/ceiplaromanilla\/files\/2023\/06\/IMG-20230621-WA0020.jpg&#8221; title_text=&#8221;IMG-20230621-WA0020&#8243; _builder_version=&#8221;4.16&#8243; _module_preset=&#8221;default&#8221; global_colors_info=&#8221;{}&#8221;][\/et_pb_image][\/et_pb_column][et_pb_column type=&#8221;3_4&#8243; _builder_version=&#8221;4.16&#8243; _module_preset=&#8221;default&#8221; global_colors_info=&#8221;{}&#8221;][et_pb_text _builder_version=&#8221;4.16&#8243; _module_preset=&#8221;default&#8221; global_colors_info=&#8221;{}&#8221;]<\/p>\n<p><span style=\"font-size: 12pt\">Adem\u00e1s, somos un centro <strong>Erasmus+<\/strong>, lo que nos permite participar en proyectos educativos internacionales y promover la interculturalidad y el intercambio de experiencias con otros colegios de diferentes pa\u00edses. A trav\u00e9s de estas iniciativas, nuestros estudiantes tienen la oportunidad de enriquecer su formaci\u00f3n acad\u00e9mica y personal, desarrollando habilidades interculturales y ampliando su visi\u00f3n del mundo<\/span><\/p>\n<p>[\/et_pb_text][\/et_pb_column][\/et_pb_row][et_pb_row _builder_version=&#8221;4.16&#8243; _module_preset=&#8221;default&#8221; global_colors_info=&#8221;{}&#8221;][et_pb_column type=&#8221;4_4&#8243; _builder_version=&#8221;4.16&#8243; _module_preset=&#8221;default&#8221; global_colors_info=&#8221;{}&#8221;][et_pb_text _builder_version=&#8221;4.16&#8243; _module_preset=&#8221;default&#8221; global_colors_info=&#8221;{}&#8221;]<\/p>\n<p><span style=\"font-size: 12pt\">En el CEIP La Romanilla, nos comprometemos a brindar una educaci\u00f3n de calidad, basada en valores, en un entorno seguro y acogedor. Trabajamos en estrecha colaboraci\u00f3n con las familias y la comunidad para garantizar el desarrollo integral de nuestros alumnos y prepararlos para enfrentar los desaf\u00edos del futuro.<\/span><\/p>\n<p>[\/et_pb_text][\/et_pb_column][\/et_pb_row][et_pb_row column_structure=&#8221;3_5,2_5&#8243; _builder_version=&#8221;4.16&#8243; _module_preset=&#8221;default&#8221; global_colors_info=&#8221;{}&#8221;][et_pb_column type=&#8221;3_5&#8243; _builder_version=&#8221;4.16&#8243; _module_preset=&#8221;default&#8221; global_colors_info=&#8221;{}&#8221;][et_pb_text _builder_version=&#8221;4.16&#8243; _module_preset=&#8221;default&#8221; global_colors_info=&#8221;{}&#8221;]<\/p>\n<p><span style=\"font-size: 16pt\"><strong>Nuestro solar<\/strong><\/span><\/p>\n<p><span style=\"font-size: 12pt\">En el terreno donde hoy se encuentra el Colegio \u201cLa Romanilla\u201d, hab\u00eda tres fincas colindantes cuyos propietarios eran: Mart\u00edn Mart\u00edn Gonz\u00e1lez, Francisco Mart\u00edn L\u00f3pez, Manuel Mar\u00edn Salinas y Antonio Navarro.<\/span><\/p>\n<p><span style=\"font-size: 12pt\">En la finca hab\u00eda una balsa y una noria de agua, la cual era muy salitrosa.&nbsp; Lo que m\u00e1s se cultivaba era ma\u00edz y alfalfa. Su entorno estaba rodeado de higueras y palmeras. Las huertas desembocaban en la Ca\u00f1ada Real de la Costa, hoy en d\u00eda paseo mar\u00edtimo.<\/span><\/p>\n<p>[\/et_pb_text][\/et_pb_column][et_pb_column type=&#8221;2_5&#8243; _builder_version=&#8221;4.16&#8243; _module_preset=&#8221;default&#8221; global_colors_info=&#8221;{}&#8221;][et_pb_image src=&#8221;https:\/\/blogsaverroes.juntadeandalucia.es\/ceiplaromanilla\/files\/2023\/04\/solar.png&#8221; title_text=&#8221;solar&#8221; _builder_version=&#8221;4.16&#8243; _module_preset=&#8221;default&#8221; global_colors_info=&#8221;{}&#8221;][\/et_pb_image][\/et_pb_column][\/et_pb_row][et_pb_row column_structure=&#8221;2_5,3_5&#8243; _builder_version=&#8221;4.16&#8243; _module_preset=&#8221;default&#8221; global_colors_info=&#8221;{}&#8221;][et_pb_column type=&#8221;2_5&#8243; _builder_version=&#8221;4.16&#8243; _module_preset=&#8221;default&#8221; global_colors_info=&#8221;{}&#8221;][et_pb_image src=&#8221;https:\/\/blogsaverroes.juntadeandalucia.es\/ceiplaromanilla\/files\/2023\/06\/Playa_y_varadero._Roquetas_de_Mar_17097118262_2-scaled.jpg&#8221; title_text=&#8221;Playa_y_varadero._Roquetas_de_Mar_(17097118262)_(2)&#8221; _builder_version=&#8221;4.16&#8243; _module_preset=&#8221;default&#8221; global_colors_info=&#8221;{}&#8221;][\/et_pb_image][\/et_pb_column][et_pb_column type=&#8221;3_5&#8243; _builder_version=&#8221;4.16&#8243; _module_preset=&#8221;default&#8221; global_colors_info=&#8221;{}&#8221;][et_pb_text _builder_version=&#8221;4.16&#8243; _module_preset=&#8221;default&#8221; global_colors_info=&#8221;{}&#8221;]<\/p>\n<p><span style=\"font-size: 16pt\"><strong>El origen del nombre del centro<\/strong><\/span><\/p>\n<p><span style=\"font-size: 12pt\">\u201cLa Romanilla\u201d es la denominaci\u00f3n que se le da a una zona de Roquetas de Mar que colinda con el mar, donde est\u00e1 ubicado nuestro colegio que lleva el mismo nombre.<\/span><\/p>\n<p><span style=\"font-size: 12pt\">Seg\u00fan consta en algunos documentos, a mediados del siglo XVIII, exist\u00eda en Roquetas una hermandad que se llamaba \u201cLas \u00c1nimas\u201d. \u00c9sta hermandad, parece ser, ten\u00eda una casa situada a la entrada de \u201cEl barrio de abajo\u201d ( hoy \u201cBarrio Bajo\u201d) en la cual estaba la romana que se menciona en distintos documentos y que ser\u00eda el motivo de que existiera una calle llamada \u201cLa Romanilla\u201d.<\/span><\/p>\n<p><span style=\"font-size: 12pt\">Dicha romana (instrumento para pesar con dos brazos desiguales) ten\u00eda como funci\u00f3n hacer el pesaje del esparto, la sal, el pescado y el mineral de plomo que se extra\u00eda en las minas de La Env\u00eda, Felix, Enix y las de El Marchal de Ant\u00f3n L\u00f3pez. Los beneficios que se obten\u00edan por el cobro del tanto porciento de los pesajes, eran destinados a la hermandad mencionada.<\/span><\/p>\n<p><span style=\"font-size: 12pt\">Alrededor de la romana de pesaje, se construyeron una serie de almacenes donde se guardaba el g\u00e9nero pesado hasta su embarque, que se sol\u00eda hacer por la playa de \u201cLa Romanilla\u201d y la playa de \u201cLos Bajos\u201d. Esos almacenes estaban situados en las que hoy son las peque\u00f1as urbanizaciones en las que vivimos.<\/span><\/p>\n<p>[\/et_pb_text][\/et_pb_column][\/et_pb_row][\/et_pb_section]<\/p>\n","protected":false},"excerpt":{"rendered":"<p>El CEIP La Romanilla es un colegio p\u00fablico de Educaci\u00f3n Infantil y Primaria ubicado en Roquetas de Mar. Somos un centro de l\u00ednea uno, comprometido con la excelencia educativa y el desarrollo integral de nuestros estudiantes.En nuestro colegio, apostamos por la sostenibilidad y el respeto al medio ambiente. Nos enorgullece contar con el reconocimiento internacional [&hellip;]<\/p>\n","protected":false},"author":16029,"featured_media":0,"parent":0,"menu_order":0,"comment_status":"closed","ping_status":"closed","template":"","meta":{"_et_pb_use_builder":"on","_et_pb_old_content":"","_et_gb_content_width":"","ngg_post_thumbnail":0,"footnotes":""},"aioseo_notices":[],"post_mailing_queue_ids":[],"_links":{"self":[{"href":"https:\/\/blogsaverroes.juntadeandalucia.es\/ceiplaromanilla\/wp-json\/wp\/v2\/pages\/6557"}],"collection":[{"href":"https:\/\/blogsaverroes.juntadeandalucia.es\/ceiplaromanilla\/wp-json\/wp\/v2\/pages"}],"about":[{"href":"https:\/\/blogsaverroes.juntadeandalucia.es\/ceiplaromanilla\/wp-json\/wp\/v2\/types\/page"}],"author":[{"embeddable":true,"href":"https:\/\/blogsaverroes.juntadeandalucia.es\/ceiplaromanilla\/wp-json\/wp\/v2\/users\/16029"}],"replies":[{"embeddable":true,"href":"https:\/\/blogsaverroes.juntadeandalucia.es\/ceiplaromanilla\/wp-json\/wp\/v2\/comments?post=6557"}],"version-history":[{"count":20,"href":"https:\/\/blogsaverroes.juntadeandalucia.es\/ceiplaromanilla\/wp-json\/wp\/v2\/pages\/6557\/revisions"}],"predecessor-version":[{"id":7764,"href":"https:\/\/blogsaverroes.juntadeandalucia.es\/ceiplaromanilla\/wp-json\/wp\/v2\/pages\/6557\/revisions\/7764"}],"wp:attachment":[{"href":"https:\/\/blogsaverroes.juntadeandalucia.es\/ceiplaromanilla\/wp-json\/wp\/v2\/media?parent=6557"}],"curies":[{"name":"wp","href":"https:\/\/api.w.org\/{rel}","templated":true}]}}

Quiénes somos

<p>[et_pb_section fb_built=&#8221;1&#8243; _builder_version=&#8221;4.16&#8243; _module_preset=&#8221;default&#8221; global_colors_info=&#8221;{}&#8221;][et_pb_row _builder_version=&#8221;4.16&#8243; _module_preset=&#8221;default&#8221; global_colors_info=&#8221;{}&#8221;][et_pb_column type=&#8221;4_4&#8243; _builder_version=&#8221;4.16&#8243; _module_preset=&#8221;default&#8221; global_colors_info=&#8221;{}&#8221;][et_pb_image src=&#8221;https://blogsaverroes.juntadeandalucia.es/ceiplaromanilla/files/2023/06/Mi-proyecto-1-23.png&#8221; title_text=&#8221;Mi proyecto-1 (23)&#8221; _builder_version=&#8221;4.16&#8243; _module_preset=&#8221;default&#8221; global_colors_info=&#8221;{}&#8221;][/et_pb_image][/et_pb_column][/et_pb_row][et_pb_row _builder_version=&#8221;4.16&#8243; _module_preset=&#8221;default&#8221; global_colors_info=&#8221;{}&#8221;][et_pb_column type=&#8221;4_4&#8243; _builder_version=&#8221;4.16&#8243; _module_preset=&#8221;default&#8221; global_colors_info=&#8221;{}&#8221;][et_pb_text _builder_version=&#8221;4.16&#8243; _module_preset=&#8221;default&#8221; global_colors_info=&#8221;{}&#8221;]</p>
<p><span style="font-size: 12pt">El <strong>CEIP La Romanilla</strong> es un colegio público de Educación Infantil y Primaria ubicado en <strong>Roquetas de Mar</strong>. Somos un centro de línea uno, comprometido con la excelencia educativa y el desarrollo integral de nuestros estudiantes.</span></p>
<p>[/et_pb_text][/et_pb_column][/et_pb_row][et_pb_row column_structure=&#8221;3_4,1_4&#8243; _builder_version=&#8221;4.16&#8243; _module_preset=&#8221;default&#8221; global_colors_info=&#8221;{}&#8221;][et_pb_column type=&#8221;3_4&#8243; _builder_version=&#8221;4.16&#8243; _module_preset=&#8221;default&#8221; global_colors_info=&#8221;{}&#8221;][et_pb_text _builder_version=&#8221;4.16&#8243; _module_preset=&#8221;default&#8221; global_colors_info=&#8221;{}&#8221;]</p>
<p><span style="font-size: 12pt">En nuestro colegio, apostamos por la sostenibilidad y el respeto al medio ambiente. Nos enorgullece contar con el reconocimiento internacional de </span><span style="font-size: 12pt"><strong>Ecoescuela</strong> y lucir con orgullo nuestra <strong>Bandera Verde</strong>. Promovemos prácticas ecológicas y conciencia ambiental entre nuestros alumnos, fomentando l</span><span style="font-size: 12pt">a importancia de cuidar nuestro entorno.</span></p>
<p>[/et_pb_text][/et_pb_column][et_pb_column type=&#8221;1_4&#8243; _builder_version=&#8221;4.16&#8243; _module_preset=&#8221;default&#8221; global_colors_info=&#8221;{}&#8221;][et_pb_image src=&#8221;https://blogsaverroes.juntadeandalucia.es/ceiplaromanilla/files/2023/06/D7vUH6kXkAE1S6i.jpg&#8221; title_text=&#8221;D7vUH6kXkAE1S6i&#8221; _builder_version=&#8221;4.16&#8243; _module_preset=&#8221;default&#8221; global_colors_info=&#8221;{}&#8221;][/et_pb_image][/et_pb_column][/et_pb_row][et_pb_row column_structure=&#8221;1_4,3_4&#8243; _builder_version=&#8221;4.16&#8243; _module_preset=&#8221;default&#8221; global_colors_info=&#8221;{}&#8221;][et_pb_column type=&#8221;1_4&#8243; _builder_version=&#8221;4.16&#8243; _module_preset=&#8221;default&#8221; global_colors_info=&#8221;{}&#8221;][et_pb_image src=&#8221;https://blogsaverroes.juntadeandalucia.es/ceiplaromanilla/files/2023/06/IMG-20230621-WA0020.jpg&#8221; title_text=&#8221;IMG-20230621-WA0020&#8243; _builder_version=&#8221;4.16&#8243; _module_preset=&#8221;default&#8221; global_colors_info=&#8221;{}&#8221;][/et_pb_image][/et_pb_column][et_pb_column type=&#8221;3_4&#8243; _builder_version=&#8221;4.16&#8243; _module_preset=&#8221;default&#8221; global_colors_info=&#8221;{}&#8221;][et_pb_text _builder_version=&#8221;4.16&#8243; _module_preset=&#8221;default&#8221; global_colors_info=&#8221;{}&#8221;]</p>
<p><span style="font-size: 12pt">Además, somos un centro <strong>Erasmus+</strong>, lo que nos permite participar en proyectos educativos internacionales y promover la interculturalidad y el intercambio de experiencias con otros colegios de diferentes países. A través de estas iniciativas, nuestros estudiantes tienen la oportunidad de enriquecer su formación académica y personal, desarrollando habilidades interculturales y ampliando su visión del mundo</span></p>
<p>[/et_pb_text][/et_pb_column][/et_pb_row][et_pb_row _builder_version=&#8221;4.16&#8243; _module_preset=&#8221;default&#8221; global_colors_info=&#8221;{}&#8221;][et_pb_column type=&#8221;4_4&#8243; _builder_version=&#8221;4.16&#8243; _module_preset=&#8221;default&#8221; global_colors_info=&#8221;{}&#8221;][et_pb_text _builder_version=&#8221;4.16&#8243; _module_preset=&#8221;default&#8221; global_colors_info=&#8221;{}&#8221;]</p>
<p><span style="font-size: 12pt">En el CEIP La Romanilla, nos comprometemos a brindar una educación de calidad, basada en valores, en un entorno seguro y acogedor. Trabajamos en estrecha colaboración con las familias y la comunidad para garantizar el desarrollo integral de nuestros alumnos y prepararlos para enfrentar los desafíos del futuro.</span></p>
<p>[/et_pb_text][/et_pb_column][/et_pb_row][et_pb_row column_structure=&#8221;3_5,2_5&#8243; _builder_version=&#8221;4.16&#8243; _module_preset=&#8221;default&#8221; global_colors_info=&#8221;{}&#8221;][et_pb_column type=&#8221;3_5&#8243; _builder_version=&#8221;4.16&#8243; _module_preset=&#8221;default&#8221; global_colors_info=&#8221;{}&#8221;][et_pb_text _builder_version=&#8221;4.16&#8243; _module_preset=&#8221;default&#8221; global_colors_info=&#8221;{}&#8221;]</p>
<p><span style="font-size: 16pt"><strong>Nuestro solar</strong></span></p>
<p><span style="font-size: 12pt">En el terreno donde hoy se encuentra el Colegio “La Romanilla”, había tres fincas colindantes cuyos propietarios eran: Martín Martín González, Francisco Martín López, Manuel Marín Salinas y Antonio Navarro.</span></p>
<p><span style="font-size: 12pt">En la finca había una balsa y una noria de agua, la cual era muy salitrosa.&nbsp; Lo que más se cultivaba era maíz y alfalfa. Su entorno estaba rodeado de higueras y palmeras. Las huertas desembocaban en la Cañada Real de la Costa, hoy en día paseo marítimo.</span></p>
<p>[/et_pb_text][/et_pb_column][et_pb_column type=&#8221;2_5&#8243; _builder_version=&#8221;4.16&#8243; _module_preset=&#8221;default&#8221; global_colors_info=&#8221;{}&#8221;][et_pb_image src=&#8221;https://blogsaverroes.juntadeandalucia.es/ceiplaromanilla/files/2023/04/solar.png&#8221; title_text=&#8221;solar&#8221; _builder_version=&#8221;4.16&#8243; _module_preset=&#8221;default&#8221; global_colors_info=&#8221;{}&#8221;][/et_pb_image][/et_pb_column][/et_pb_row][et_pb_row column_structure=&#8221;2_5,3_5&#8243; _builder_version=&#8221;4.16&#8243; _module_preset=&#8221;default&#8221; global_colors_info=&#8221;{}&#8221;][et_pb_column type=&#8221;2_5&#8243; _builder_version=&#8221;4.16&#8243; _module_preset=&#8221;default&#8221; global_colors_info=&#8221;{}&#8221;][et_pb_image src=&#8221;https://blogsaverroes.juntadeandalucia.es/ceiplaromanilla/files/2023/06/Playa_y_varadero._Roquetas_de_Mar_17097118262_2-scaled.jpg&#8221; title_text=&#8221;Playa_y_varadero._Roquetas_de_Mar_(17097118262)_(2)&#8221; _builder_version=&#8221;4.16&#8243; _module_preset=&#8221;default&#8221; global_colors_info=&#8221;{}&#8221;][/et_pb_image][/et_pb_column][et_pb_column type=&#8221;3_5&#8243; _builder_version=&#8221;4.16&#8243; _module_preset=&#8221;default&#8221; global_colors_info=&#8221;{}&#8221;][et_pb_text _builder_version=&#8221;4.16&#8243; _module_preset=&#8221;default&#8221; global_colors_info=&#8221;{}&#8221;]</p>
<p><span style="font-size: 16pt"><strong>El origen del nombre del centro</strong></span></p>
<p><span style="font-size: 12pt">“La Romanilla” es la denominación que se le da a una zona de Roquetas de Mar que colinda con el mar, donde está ubicado nuestro colegio que lleva el mismo nombre.</span></p>
<p><span style="font-size: 12pt">Según consta en algunos documentos, a mediados del siglo XVIII, existía en Roquetas una hermandad que se llamaba “Las Ánimas”. Ésta hermandad, parece ser, tenía una casa situada a la entrada de “El barrio de abajo” ( hoy “Barrio Bajo”) en la cual estaba la romana que se menciona en distintos documentos y que sería el motivo de que existiera una calle llamada “La Romanilla”.</span></p>
<p><span style="font-size: 12pt">Dicha romana (instrumento para pesar con dos brazos desiguales) tenía como función hacer el pesaje del esparto, la sal, el pescado y el mineral de plomo que se extraía en las minas de La Envía, Felix, Enix y las de El Marchal de Antón López. Los beneficios que se obtenían por el cobro del tanto porciento de los pesajes, eran destinados a la hermandad mencionada.</span></p>
<p><span style="font-size: 12pt">Alrededor de la romana de pesaje, se construyeron una serie de almacenes donde se guardaba el género pesado hasta su embarque, que se solía hacer por la playa de “La Romanilla” y la playa de “Los Bajos”. Esos almacenes estaban situados en las que hoy son las pequeñas urbanizaciones en las que vivimos.</span></p>
<p>[/et_pb_text][/et_pb_column][/et_pb_row][/et_pb_section]</p>

<p>El CEIP La Romanilla es un colegio público de Educación Infantil y Primaria ubicado en Roquetas de Mar. Somos un centro de línea uno, comprometido con la excelencia educativa y el desarrollo integral de nuestros estudiantes.En nuestro colegio, apostamos por la sostenibilidad y el respeto al medio ambiente. Nos enorgullece contar con el reconocimiento internacional [&hellip;]</p>
