{"id":2389,"date":"2020-08-03T16:37:14","date_gmt":"2020-08-03T16:37:14","guid":{"rendered":"https:\/\/blogsaverroes.juntadeandalucia.es\/ceiplasalbinas\/?page_id=2389"},"modified":"2024-05-31T08:32:59","modified_gmt":"2024-05-31T08:32:59","slug":"formularios-y-solicitudes","status":"publish","type":"page","link":"https:\/\/blogsaverroes.juntadeandalucia.es\/ceiplasalbinas\/formularios-y-solicitudes\/","title":{"rendered":"Formularios y solicitudes"},"content":{"rendered":"<p><strong>MATRICULACI\u00d3N<\/strong><\/p>\n<ul>\n<li><a href=\"https:\/\/drive.google.com\/file\/d\/1vcGSwr1FIf8AuCKcFbO9UECjW17jS2ws\/view?usp=share_link\" target=\"_blank\" rel=\"noopener noreferrer\">ANEXO IX. Solicitud de plaza escolar (PDF).<\/a><\/li>\n<li><a href=\"https:\/\/drive.google.com\/file\/d\/1-S8ADf6t2N94bS8PHRAIovr4b86xKNoU\/view?usp=sharing\" target=\"_blank\" rel=\"noopener\">ANEXO IV. Matr\u00edcula en Educaci\u00f3n Infantil (PDF).<\/a><\/li>\n<li><a href=\"https:\/\/drive.google.com\/file\/d\/1001ks0gwScBVj0uwCgXqiEu2JE15U0Hl\/view?usp=sharing\" target=\"_blank\" rel=\"noopener noreferrer\">ANEXO V. Matr\u00edcula en Educaci\u00f3n Primaria (PDF).<\/a><\/li>\n<li><a href=\"https:\/\/drive.google.com\/file\/d\/1kbnBlWehwt5kVepR2oSqPXUj0SKFLwzv\/view?usp=share_link\" target=\"_blank\" rel=\"noopener noreferrer\">Solicitud para cursar la ense\u00f1anza de Religi\u00f3n (PDF)<\/a><\/li>\n<li><a href=\"https:\/\/drive.google.com\/file\/d\/12oBO_UM5X4mzY2hHBJ3SfuR_PODZmQns\/view?usp=sharing\" target=\"_blank\" rel=\"noopener\">Consentimiento tratamiento de im\u00e1genes<\/a><\/li>\n<li><a href=\"https:\/\/drive.google.com\/file\/d\/13jBhxg6GrmG0TdEuWLCrpxiMxa4XySdJ\/view?usp=share_link\" target=\"_blank\" rel=\"noopener noreferrer\">Cuestionario Fondo Social Europeo (PDF)<\/a><\/li>\n<\/ul>\n<p><strong>PLAN APRETURA PARA FAMILIAS<\/strong><\/p>\n<ul>\n<li><a href=\"https:\/\/drive.google.com\/file\/d\/1WZIqOlc9mVfNuEjNvL3eFDjW0NNnwORm\/view?usp=sharing\" target=\"_blank\" rel=\"noopener\">Solicitud para los servicios complementarios de aula matinal, comedor y actividades extraescolares. (PDF).<\/a><\/li>\n<li><a href=\"https:\/\/drive.google.com\/file\/d\/1b6rv2a7PbJxNxK8iO_b-E5sGlqFMDnyc\/view?usp=sharing\" target=\"_blank\" rel=\"noopener noreferrer\">Solicitud de gratuidad\/bonificaci\u00f3n para los servicios complementarios de aula matinal, comedor y actividades extraescolares (PDF)<\/a><\/li>\n<\/ul>\n","protected":false},"excerpt":{"rendered":"<p>MATRICULACI\u00d3N ANEXO IX. Solicitud de plaza escolar (PDF). ANEXO IV. Matr\u00edcula en Educaci\u00f3n Infantil (PDF). ANEXO V. Matr\u00edcula en Educaci\u00f3n Primaria (PDF). Solicitud para cursar&hellip;<\/p>\n","protected":false},"author":10177,"featured_media":0,"parent":0,"menu_order":0,"comment_status":"closed","ping_status":"closed","template":"page-scs.php","meta":{"ngg_post_thumbnail":0,"footnotes":"","_mc_calendar":[]},"aioseo_notices":[],"_links":{"self":[{"href":"https:\/\/blogsaverroes.juntadeandalucia.es\/ceiplasalbinas\/wp-json\/wp\/v2\/pages\/2389"}],"collection":[{"href":"https:\/\/blogsaverroes.juntadeandalucia.es\/ceiplasalbinas\/wp-json\/wp\/v2\/pages"}],"about":[{"href":"https:\/\/blogsaverroes.juntadeandalucia.es\/ceiplasalbinas\/wp-json\/wp\/v2\/types\/page"}],"author":[{"embeddable":true,"href":"https:\/\/blogsaverroes.juntadeandalucia.es\/ceiplasalbinas\/wp-json\/wp\/v2\/users\/10177"}],"replies":[{"embeddable":true,"href":"https:\/\/blogsaverroes.juntadeandalucia.es\/ceiplasalbinas\/wp-json\/wp\/v2\/comments?post=2389"}],"version-history":[{"count":13,"href":"https:\/\/blogsaverroes.juntadeandalucia.es\/ceiplasalbinas\/wp-json\/wp\/v2\/pages\/2389\/revisions"}],"predecessor-version":[{"id":2490,"href":"https:\/\/blogsaverroes.juntadeandalucia.es\/ceiplasalbinas\/wp-json\/wp\/v2\/pages\/2389\/revisions\/2490"}],"wp:attachment":[{"href":"https:\/\/blogsaverroes.juntadeandalucia.es\/ceiplasalbinas\/wp-json\/wp\/v2\/media?parent=2389"}],"curies":[{"name":"wp","href":"https:\/\/api.w.org\/{rel}","templated":true}]}}