{"id":3905,"date":"2023-02-09T13:19:34","date_gmt":"2023-02-09T13:19:34","guid":{"rendered":"https:\/\/blogsaverroes.juntadeandalucia.es\/ceiplasalbinas\/?page_id=3905"},"modified":"2025-03-18T12:31:01","modified_gmt":"2025-03-18T12:31:01","slug":"inicio-2","status":"publish","type":"page","link":"https:\/\/blogsaverroes.juntadeandalucia.es\/ceiplasalbinas\/inicio-2\/","title":{"rendered":"MENSAJE DE BIENVENIDA"},"content":{"rendered":"<h3 style=\"text-align: center\"><strong>Le damos la bienvenida a la web del CEIP LAS ALBINAS<\/strong><\/h3>\n<p>Desde estas p\u00e1ginas podr\u00e1 conocer nuestro centro y acceder a diferentes apartados y secciones \u00fatiles que sin duda facilitar\u00e1n las relaciones y comunicaci\u00f3n con nuestro colegio.<\/p>\n<p>En esta etapa nueva que nos impone la sociedad del conocimiento y de la modernizaci\u00f3n es necesario disponer de esta fuente de comunicaci\u00f3n multimedia cercana a todas las familias que han confiado en nuestro colegio para la educaci\u00f3n de sus hijos\/as, y tambi\u00e9n a aquellas familias que en un futuro cercano conf\u00eden tambi\u00e9n en nuestro centro.<\/p>\n<p>Esta web pretende presentar y dar a conocer las instalaciones y servicios que ofrece nuestro colegio (aula matinal, comedor y actividades extraescolares) a todas las familias, servicios que han permitido a muchas de ellas conciliar la vida laboral y familiar con la escolar.<\/p>\n<p>Asimismo pretende ofrecer otra informaci\u00f3n de inter\u00e9s a las familias (admisi\u00f3n y matr\u00edcula, salidas y excursiones, actividades diversas, sugerencias) de manera que pueda completar la que desde el propio centro ofrecemos, aunque s\u00f3lo sea oficial y v\u00e1lida la que desde el colegio se ofrece a trav\u00e9s de Secretar\u00eda y de sus tablones de anuncios, y tenga car\u00e1cter meramente informativo la ofrecida desde la propia web.<\/p>\n<p>Este centro, desde hace varios a\u00f1os, ha avanzado en calidad y servicios de manera considerable, principalmente por el trabajo y esfuerzo de toda su comunidad educativa, a la que desde estas l\u00edneas aprovechamos para agradecer su colaboraci\u00f3n.<\/p>\n<p>Hemos actualizado esta web para que en ella encuentre informaci\u00f3n y documentos que le permitan agilizar sus tr\u00e1mites con el colegio.<\/p>\n<p>Esta web es otra v\u00eda m\u00e1s de comunicaci\u00f3n con las familias. Deseamos, a toda la comunidad educativa, le sirva para conocernos mejor y esperamos, como siempre, las aportaciones de todos y todas a trav\u00e9s del correo electr\u00f3nico para avanzar en un colegio mejor.<\/p>\n<table style=\"border-collapse: collapse;width: 100%\">\n<tbody>\n<tr>\n<td style=\"width: 18.0458%;border-style: none;border-color: #fffcfc\"><a href=\"https:\/\/blogsaverroes.juntadeandalucia.es\/ceiplasalbinas\/files\/2023\/02\/escudo-completo-libro-claro-fondo-transparente.png\"><img loading=\"lazy\" decoding=\"async\" class=\" wp-image-3907 aligncenter\" src=\"https:\/\/blogsaverroes.juntadeandalucia.es\/ceiplasalbinas\/files\/2023\/02\/escudo-completo-libro-claro-fondo-transparente-300x223.png\" alt=\"\" width=\"137\" height=\"102\" srcset=\"https:\/\/blogsaverroes.juntadeandalucia.es\/ceiplasalbinas\/files\/2023\/02\/escudo-completo-libro-claro-fondo-transparente-300x223.png 300w, https:\/\/blogsaverroes.juntadeandalucia.es\/ceiplasalbinas\/files\/2023\/02\/escudo-completo-libro-claro-fondo-transparente-768x572.png 768w, https:\/\/blogsaverroes.juntadeandalucia.es\/ceiplasalbinas\/files\/2023\/02\/escudo-completo-libro-claro-fondo-transparente.png 790w\" sizes=\"(max-width: 137px) 100vw, 137px\" \/><\/a><\/td>\n<td style=\"width: 62.5838%;text-align: center;border-color: #fffcfc\"><a href=\"https:\/\/blogsaverroes.juntadeandalucia.es\/ceiplasalbinas\/files\/2025\/03\/cabecera-web-cole-dibujo-scaled.jpeg\"><img loading=\"lazy\" decoding=\"async\" class=\"aligncenter  wp-image-5378\" src=\"https:\/\/blogsaverroes.juntadeandalucia.es\/ceiplasalbinas\/files\/2025\/03\/cabecera-web-cole-dibujo-300x57.jpeg\" alt=\"\" width=\"500\" height=\"95\" srcset=\"https:\/\/blogsaverroes.juntadeandalucia.es\/ceiplasalbinas\/files\/2025\/03\/cabecera-web-cole-dibujo-300x57.jpeg 300w, https:\/\/blogsaverroes.juntadeandalucia.es\/ceiplasalbinas\/files\/2025\/03\/cabecera-web-cole-dibujo-1024x195.jpeg 1024w, https:\/\/blogsaverroes.juntadeandalucia.es\/ceiplasalbinas\/files\/2025\/03\/cabecera-web-cole-dibujo-768x146.jpeg 768w, https:\/\/blogsaverroes.juntadeandalucia.es\/ceiplasalbinas\/files\/2025\/03\/cabecera-web-cole-dibujo-1536x293.jpeg 1536w, https:\/\/blogsaverroes.juntadeandalucia.es\/ceiplasalbinas\/files\/2025\/03\/cabecera-web-cole-dibujo-2048x390.jpeg 2048w\" sizes=\"(max-width: 500px) 100vw, 500px\" \/><\/a><\/td>\n<td style=\"width: 19.3703%;border-color: #fffcfc\"><a href=\"https:\/\/blogsaverroes.juntadeandalucia.es\/ceiplasalbinas\/files\/2023\/02\/cohete-PD-22-23-e1675948433579.jpg\"><img loading=\"lazy\" decoding=\"async\" class=\"wp-image-3906 aligncenter\" src=\"https:\/\/blogsaverroes.juntadeandalucia.es\/ceiplasalbinas\/files\/2023\/02\/cohete-PD-22-23-e1675948433579-169x300.jpg\" alt=\"\" width=\"83\" height=\"147\" srcset=\"https:\/\/blogsaverroes.juntadeandalucia.es\/ceiplasalbinas\/files\/2023\/02\/cohete-PD-22-23-e1675948433579-169x300.jpg 169w, https:\/\/blogsaverroes.juntadeandalucia.es\/ceiplasalbinas\/files\/2023\/02\/cohete-PD-22-23-e1675948433579-576x1024.jpg 576w, https:\/\/blogsaverroes.juntadeandalucia.es\/ceiplasalbinas\/files\/2023\/02\/cohete-PD-22-23-e1675948433579-768x1365.jpg 768w, https:\/\/blogsaverroes.juntadeandalucia.es\/ceiplasalbinas\/files\/2023\/02\/cohete-PD-22-23-e1675948433579-864x1536.jpg 864w, https:\/\/blogsaverroes.juntadeandalucia.es\/ceiplasalbinas\/files\/2023\/02\/cohete-PD-22-23-e1675948433579-1152x2048.jpg 1152w, https:\/\/blogsaverroes.juntadeandalucia.es\/ceiplasalbinas\/files\/2023\/02\/cohete-PD-22-23-e1675948433579.jpg 1350w\" sizes=\"(max-width: 83px) 100vw, 83px\" \/><\/a><\/td>\n<\/tr>\n<\/tbody>\n<\/table>\n<p>&nbsp;<\/p>\n<p>Atentamente,<\/p>\n<p>LA DIRECCI\u00d3N<\/p>\n","protected":false},"excerpt":{"rendered":"<p>Le damos la bienvenida a la web del CEIP LAS ALBINAS Desde estas p\u00e1ginas podr\u00e1 conocer nuestro centro y acceder a diferentes apartados y secciones&hellip;<\/p>\n","protected":false},"author":10177,"featured_media":0,"parent":0,"menu_order":0,"comment_status":"closed","ping_status":"closed","template":"page-c.php","meta":{"ngg_post_thumbnail":0,"footnotes":"","_mc_calendar":[]},"aioseo_notices":[],"_links":{"self":[{"href":"https:\/\/blogsaverroes.juntadeandalucia.es\/ceiplasalbinas\/wp-json\/wp\/v2\/pages\/3905"}],"collection":[{"href":"https:\/\/blogsaverroes.juntadeandalucia.es\/ceiplasalbinas\/wp-json\/wp\/v2\/pages"}],"about":[{"href":"https:\/\/blogsaverroes.juntadeandalucia.es\/ceiplasalbinas\/wp-json\/wp\/v2\/types\/page"}],"author":[{"embeddable":true,"href":"https:\/\/blogsaverroes.juntadeandalucia.es\/ceiplasalbinas\/wp-json\/wp\/v2\/users\/10177"}],"replies":[{"embeddable":true,"href":"https:\/\/blogsaverroes.juntadeandalucia.es\/ceiplasalbinas\/wp-json\/wp\/v2\/comments?post=3905"}],"version-history":[{"count":10,"href":"https:\/\/blogsaverroes.juntadeandalucia.es\/ceiplasalbinas\/wp-json\/wp\/v2\/pages\/3905\/revisions"}],"predecessor-version":[{"id":5380,"href":"https:\/\/blogsaverroes.juntadeandalucia.es\/ceiplasalbinas\/wp-json\/wp\/v2\/pages\/3905\/revisions\/5380"}],"wp:attachment":[{"href":"https:\/\/blogsaverroes.juntadeandalucia.es\/ceiplasalbinas\/wp-json\/wp\/v2\/media?parent=3905"}],"curies":[{"name":"wp","href":"https:\/\/api.w.org\/{rel}","templated":true}]}}

<h3 style="text-align: center"><strong>Le damos la bienvenida a la web del CEIP LAS ALBINAS</strong></h3>
<p>Desde estas páginas podrá conocer nuestro centro y acceder a diferentes apartados y secciones útiles que sin duda facilitarán las relaciones y comunicación con nuestro colegio.</p>
<p>En esta etapa nueva que nos impone la sociedad del conocimiento y de la modernización es necesario disponer de esta fuente de comunicación multimedia cercana a todas las familias que han confiado en nuestro colegio para la educación de sus hijos/as, y también a aquellas familias que en un futuro cercano confíen también en nuestro centro.</p>
<p>Esta web pretende presentar y dar a conocer las instalaciones y servicios que ofrece nuestro colegio (aula matinal, comedor y actividades extraescolares) a todas las familias, servicios que han permitido a muchas de ellas conciliar la vida laboral y familiar con la escolar.</p>
<p>Asimismo pretende ofrecer otra información de interés a las familias (admisión y matrícula, salidas y excursiones, actividades diversas, sugerencias) de manera que pueda completar la que desde el propio centro ofrecemos, aunque sólo sea oficial y válida la que desde el colegio se ofrece a través de Secretaría y de sus tablones de anuncios, y tenga carácter meramente informativo la ofrecida desde la propia web.</p>
<p>Este centro, desde hace varios años, ha avanzado en calidad y servicios de manera considerable, principalmente por el trabajo y esfuerzo de toda su comunidad educativa, a la que desde estas líneas aprovechamos para agradecer su colaboración.</p>
<p>Hemos actualizado esta web para que en ella encuentre información y documentos que le permitan agilizar sus trámites con el colegio.</p>
<p>Esta web es otra vía más de comunicación con las familias. Deseamos, a toda la comunidad educativa, le sirva para conocernos mejor y esperamos, como siempre, las aportaciones de todos y todas a través del correo electrónico para avanzar en un colegio mejor.</p>
<table style="border-collapse: collapse;width: 100%">
<tbody>
<tr>
<td style="width: 18.0458%;border-style: none;border-color: #fffcfc"><a href="https://blogsaverroes.juntadeandalucia.es/ceiplasalbinas/files/2023/02/escudo-completo-libro-claro-fondo-transparente.png"><img loading="lazy" decoding="async" class=" wp-image-3907 aligncenter" src="https://blogsaverroes.juntadeandalucia.es/ceiplasalbinas/files/2023/02/escudo-completo-libro-claro-fondo-transparente-300x223.png" alt="" width="137" height="102" srcset="https://blogsaverroes.juntadeandalucia.es/ceiplasalbinas/files/2023/02/escudo-completo-libro-claro-fondo-transparente-300x223.png 300w, https://blogsaverroes.juntadeandalucia.es/ceiplasalbinas/files/2023/02/escudo-completo-libro-claro-fondo-transparente-768x572.png 768w, https://blogsaverroes.juntadeandalucia.es/ceiplasalbinas/files/2023/02/escudo-completo-libro-claro-fondo-transparente.png 790w" sizes="(max-width: 137px) 100vw, 137px" /></a></td>
<td style="width: 62.5838%;text-align: center;border-color: #fffcfc"><a href="https://blogsaverroes.juntadeandalucia.es/ceiplasalbinas/files/2025/03/cabecera-web-cole-dibujo-scaled.jpeg"><img loading="lazy" decoding="async" class="aligncenter  wp-image-5378" src="https://blogsaverroes.juntadeandalucia.es/ceiplasalbinas/files/2025/03/cabecera-web-cole-dibujo-300x57.jpeg" alt="" width="500" height="95" srcset="https://blogsaverroes.juntadeandalucia.es/ceiplasalbinas/files/2025/03/cabecera-web-cole-dibujo-300x57.jpeg 300w, https://blogsaverroes.juntadeandalucia.es/ceiplasalbinas/files/2025/03/cabecera-web-cole-dibujo-1024x195.jpeg 1024w, https://blogsaverroes.juntadeandalucia.es/ceiplasalbinas/files/2025/03/cabecera-web-cole-dibujo-768x146.jpeg 768w, https://blogsaverroes.juntadeandalucia.es/ceiplasalbinas/files/2025/03/cabecera-web-cole-dibujo-1536x293.jpeg 1536w, https://blogsaverroes.juntadeandalucia.es/ceiplasalbinas/files/2025/03/cabecera-web-cole-dibujo-2048x390.jpeg 2048w" sizes="(max-width: 500px) 100vw, 500px" /></a></td>
<td style="width: 19.3703%;border-color: #fffcfc"><a href="https://blogsaverroes.juntadeandalucia.es/ceiplasalbinas/files/2023/02/cohete-PD-22-23-e1675948433579.jpg"><img loading="lazy" decoding="async" class="wp-image-3906 aligncenter" src="https://blogsaverroes.juntadeandalucia.es/ceiplasalbinas/files/2023/02/cohete-PD-22-23-e1675948433579-169x300.jpg" alt="" width="83" height="147" srcset="https://blogsaverroes.juntadeandalucia.es/ceiplasalbinas/files/2023/02/cohete-PD-22-23-e1675948433579-169x300.jpg 169w, https://blogsaverroes.juntadeandalucia.es/ceiplasalbinas/files/2023/02/cohete-PD-22-23-e1675948433579-576x1024.jpg 576w, https://blogsaverroes.juntadeandalucia.es/ceiplasalbinas/files/2023/02/cohete-PD-22-23-e1675948433579-768x1365.jpg 768w, https://blogsaverroes.juntadeandalucia.es/ceiplasalbinas/files/2023/02/cohete-PD-22-23-e1675948433579-864x1536.jpg 864w, https://blogsaverroes.juntadeandalucia.es/ceiplasalbinas/files/2023/02/cohete-PD-22-23-e1675948433579-1152x2048.jpg 1152w, https://blogsaverroes.juntadeandalucia.es/ceiplasalbinas/files/2023/02/cohete-PD-22-23-e1675948433579.jpg 1350w" sizes="(max-width: 83px) 100vw, 83px" /></a></td>
</tr>
</tbody>
</table>
<p>&nbsp;</p>
<p>Atentamente,</p>
<p>LA DIRECCIÓN</p>

<p>Le damos la bienvenida a la web del CEIP LAS ALBINAS Desde estas páginas podrá conocer nuestro centro y acceder a diferentes apartados y secciones&hellip;</p>
