{"id":141,"date":"2015-03-17T07:13:24","date_gmt":"2015-03-17T07:13:24","guid":{"rendered":"http:\/\/blogsaverroes.juntadeandalucia.es\/pre\/ceip\/?page_id=141"},"modified":"2022-03-11T10:58:07","modified_gmt":"2022-03-11T10:58:07","slug":"escolarizacion","status":"publish","type":"page","link":"https:\/\/blogsaverroes.juntadeandalucia.es\/ceiplaserillas\/escolarizacion\/","title":{"rendered":"Escolarizaci\u00f3n"},"content":{"rendered":"<p><img loading=\"lazy\" decoding=\"async\" class=\"alignnone wp-image-540 size-medium\" src=\"https:\/\/blogsaverroes.juntadeandalucia.es\/ceiplaserillas\/files\/2014\/12\/escolarizacion-e1646996263420-300x31.png\" alt=\"escolarizacion\" width=\"300\" height=\"31\" srcset=\"https:\/\/blogsaverroes.juntadeandalucia.es\/ceiplaserillas\/files\/2014\/12\/escolarizacion-e1646996263420-300x31.png 300w, https:\/\/blogsaverroes.juntadeandalucia.es\/ceiplaserillas\/files\/2014\/12\/escolarizacion-e1646996263420-600x64.png 600w, https:\/\/blogsaverroes.juntadeandalucia.es\/ceiplaserillas\/files\/2014\/12\/escolarizacion-e1646996263420.png 625w\" sizes=\"(max-width: 300px) 100vw, 300px\" \/><\/p>\n<p>Esta secci\u00f3n puede contener cuanta informaci\u00f3n sea de utilidad para las familias a la hora de de iniciar el proceso de escolarizaci\u00f3n: plazos, documentos, normativa, enlaces, etc.<\/p>\n<p><a href=\"https:\/\/www.juntadeandalucia.es\/educacion\/secretariavirtual\/accesoTramite\/543\/\">Enlace al portal de escolarizaci\u00f3n.<\/a><\/p>\n<p>&nbsp;<\/p>\n","protected":false},"excerpt":{"rendered":"<p>Esta secci\u00f3n puede contener cuanta informaci\u00f3n sea de utilidad para las familias a la hora de de iniciar el proceso de escolarizaci\u00f3n: plazos, documentos, normativa, enlaces, etc. Enlace al portal de escolarizaci\u00f3n. &nbsp;<\/p>\n","protected":false},"author":1,"featured_media":0,"parent":0,"menu_order":0,"comment_status":"closed","ping_status":"open","template":"page-cs.php","meta":{"ngg_post_thumbnail":0,"footnotes":"","_mc_calendar":[]},"aioseo_notices":[],"_links":{"self":[{"href":"https:\/\/blogsaverroes.juntadeandalucia.es\/ceiplaserillas\/wp-json\/wp\/v2\/pages\/141"}],"collection":[{"href":"https:\/\/blogsaverroes.juntadeandalucia.es\/ceiplaserillas\/wp-json\/wp\/v2\/pages"}],"about":[{"href":"https:\/\/blogsaverroes.juntadeandalucia.es\/ceiplaserillas\/wp-json\/wp\/v2\/types\/page"}],"author":[{"embeddable":true,"href":"https:\/\/blogsaverroes.juntadeandalucia.es\/ceiplaserillas\/wp-json\/wp\/v2\/users\/1"}],"replies":[{"embeddable":true,"href":"https:\/\/blogsaverroes.juntadeandalucia.es\/ceiplaserillas\/wp-json\/wp\/v2\/comments?post=141"}],"version-history":[{"count":6,"href":"https:\/\/blogsaverroes.juntadeandalucia.es\/ceiplaserillas\/wp-json\/wp\/v2\/pages\/141\/revisions"}],"predecessor-version":[{"id":2321,"href":"https:\/\/blogsaverroes.juntadeandalucia.es\/ceiplaserillas\/wp-json\/wp\/v2\/pages\/141\/revisions\/2321"}],"wp:attachment":[{"href":"https:\/\/blogsaverroes.juntadeandalucia.es\/ceiplaserillas\/wp-json\/wp\/v2\/media?parent=141"}],"curies":[{"name":"wp","href":"https:\/\/api.w.org\/{rel}","templated":true}]}}

Escolarización

<p><img loading="lazy" decoding="async" class="alignnone wp-image-540 size-medium" src="https://blogsaverroes.juntadeandalucia.es/ceiplaserillas/files/2014/12/escolarizacion-e1646996263420-300x31.png" alt="escolarizacion" width="300" height="31" srcset="https://blogsaverroes.juntadeandalucia.es/ceiplaserillas/files/2014/12/escolarizacion-e1646996263420-300x31.png 300w, https://blogsaverroes.juntadeandalucia.es/ceiplaserillas/files/2014/12/escolarizacion-e1646996263420-600x64.png 600w, https://blogsaverroes.juntadeandalucia.es/ceiplaserillas/files/2014/12/escolarizacion-e1646996263420.png 625w" sizes="(max-width: 300px) 100vw, 300px" /></p>
<p>Esta sección puede contener cuanta información sea de utilidad para las familias a la hora de de iniciar el proceso de escolarización: plazos, documentos, normativa, enlaces, etc.</p>
<p><a href="https://www.juntadeandalucia.es/educacion/secretariavirtual/accesoTramite/543/">Enlace al portal de escolarización.</a></p>
<p>&nbsp;</p>

<p>Esta sección puede contener cuanta información sea de utilidad para las familias a la hora de de iniciar el proceso de escolarización: plazos, documentos, normativa, enlaces, etc. Enlace al portal de escolarización. &nbsp;</p>
