{"id":1218,"date":"2022-10-04T16:01:44","date_gmt":"2022-10-04T15:01:44","guid":{"rendered":"https:\/\/blogsaverroes.juntadeandalucia.es\/ceiplasflores\/?page_id=1218"},"modified":"2025-03-19T14:18:52","modified_gmt":"2025-03-19T13:18:52","slug":"comedor-escolar","status":"publish","type":"page","link":"https:\/\/blogsaverroes.juntadeandalucia.es\/ceiplasflores\/comedor-escolar\/","title":{"rendered":"Comedor"},"content":{"rendered":"<p>Los comedores escolares son un servicio complementario que resulta de gran utilidad a padres y madres para ayudarles a&nbsp;conciliar la vida laboral y familiar. Tienen una duraci\u00f3n de hasta dos horas desde que acaba la jornada escolar de la ma\u00f1ana (de 14.00 a 16.00 horas).<\/p>\n<p>Los comedores son adem\u00e1s una pieza importante&nbsp;en todas las medidas dirigidas a mejorar los h\u00e1bitos alimenticios de los ni\u00f1os y ni\u00f1as y prevenir problemas de salud como la obesidad.<\/p>\n<p>Los comedores escolares de los centros p\u00fablicos andaluces promueven una alimentaci\u00f3n saludable que est\u00e1 supervisada por nutricionistas y que, entre otros aspectos, se caracteriza por:<\/p>\n<ul>\n<li>Una mayor proporci\u00f3n de verdura en los men\u00fas.<\/li>\n<li>Fruta fresca como postre al menos cuatro d\u00edas a la semana.<\/li>\n<li>Uso de aceite de oliva virgen extra.<\/li>\n<li>M\u00e1s pescado que carne, que debe ser magra.<\/li>\n<li>Prohibici\u00f3n de los alimentos precocinados y limitaci\u00f3n de los fritos.<\/li>\n<li>Apuesta por la dieta mediterr\u00e1nea y los productos ecol\u00f3gicos.<\/li>\n<li>Documentos: <a href=\"https:\/\/drive.google.com\/file\/d\/1SfZ-DBe28WOrbd_eIVXF6nG6_5yIPnFy\/view?usp=drive_link\">&nbsp;<\/a><a href=\"https:\/\/drive.google.com\/file\/d\/1SdP2nf7_rp-83iUoPJ5h3TRtUIWeYdyW\/view?usp=sharing\" target=\"_blank\" rel=\"noopener noreferrer\">Infograf\u00edas<\/a><\/li>\n<\/ul>\n<p>&nbsp;<\/p>\n<p><span style=\"font-size: 24pt\"><strong>MEN\u00da<\/strong><\/span><\/p>\n<p><span style=\"font-size: 18pt\"><a href=\"https:\/\/drive.google.com\/file\/d\/1SfZ-DBe28WOrbd_eIVXF6nG6_5yIPnFy\/view?usp=drive_link\" target=\"_blank\" rel=\"noopener noreferrer\">Abril<\/a><\/span><\/p>\n<p>&nbsp;<\/p>\n<p><img loading=\"lazy\" decoding=\"async\" class=\"wp-image-1783 aligncenter\" src=\"https:\/\/blogsaverroes.juntadeandalucia.es\/ceiplasflores\/files\/2022\/12\/1671534709425-819x1024.jpg\" alt=\"\" width=\"543\" height=\"679\"><\/p>\n","protected":false},"excerpt":{"rendered":"<p>Los comedores escolares son un servicio complementario que resulta de gran utilidad a padres y madres para ayudarles a&nbsp;conciliar la vida laboral y familiar. Tienen una duraci\u00f3n de hasta dos horas desde que acaba la jornada escolar de la ma\u00f1ana (de 14.00 a 16.00 horas). Los comedores son adem\u00e1s una pieza importante&nbsp;en todas las medidas [&hellip;]<\/p>\n","protected":false},"author":15736,"featured_media":0,"parent":0,"menu_order":0,"comment_status":"closed","ping_status":"closed","template":"","meta":{"_et_pb_use_builder":"","_et_pb_old_content":"","_et_gb_content_width":"","ngg_post_thumbnail":0,"footnotes":""},"aioseo_notices":[],"_links":{"self":[{"href":"https:\/\/blogsaverroes.juntadeandalucia.es\/ceiplasflores\/wp-json\/wp\/v2\/pages\/1218"}],"collection":[{"href":"https:\/\/blogsaverroes.juntadeandalucia.es\/ceiplasflores\/wp-json\/wp\/v2\/pages"}],"about":[{"href":"https:\/\/blogsaverroes.juntadeandalucia.es\/ceiplasflores\/wp-json\/wp\/v2\/types\/page"}],"author":[{"embeddable":true,"href":"https:\/\/blogsaverroes.juntadeandalucia.es\/ceiplasflores\/wp-json\/wp\/v2\/users\/15736"}],"replies":[{"embeddable":true,"href":"https:\/\/blogsaverroes.juntadeandalucia.es\/ceiplasflores\/wp-json\/wp\/v2\/comments?post=1218"}],"version-history":[{"count":10,"href":"https:\/\/blogsaverroes.juntadeandalucia.es\/ceiplasflores\/wp-json\/wp\/v2\/pages\/1218\/revisions"}],"predecessor-version":[{"id":2357,"href":"https:\/\/blogsaverroes.juntadeandalucia.es\/ceiplasflores\/wp-json\/wp\/v2\/pages\/1218\/revisions\/2357"}],"wp:attachment":[{"href":"https:\/\/blogsaverroes.juntadeandalucia.es\/ceiplasflores\/wp-json\/wp\/v2\/media?parent=1218"}],"curies":[{"name":"wp","href":"https:\/\/api.w.org\/{rel}","templated":true}]}}

<p>Los comedores escolares son un servicio complementario que resulta de gran utilidad a padres y madres para ayudarles a&nbsp;conciliar la vida laboral y familiar. Tienen una duración de hasta dos horas desde que acaba la jornada escolar de la mañana (de 14.00 a 16.00 horas).</p>
<p>Los comedores son además una pieza importante&nbsp;en todas las medidas dirigidas a mejorar los hábitos alimenticios de los niños y niñas y prevenir problemas de salud como la obesidad.</p>
<p>Los comedores escolares de los centros públicos andaluces promueven una alimentación saludable que está supervisada por nutricionistas y que, entre otros aspectos, se caracteriza por:</p>
<ul>
<li>Una mayor proporción de verdura en los menús.</li>
<li>Fruta fresca como postre al menos cuatro días a la semana.</li>
<li>Uso de aceite de oliva virgen extra.</li>
<li>Más pescado que carne, que debe ser magra.</li>
<li>Prohibición de los alimentos precocinados y limitación de los fritos.</li>
<li>Apuesta por la dieta mediterránea y los productos ecológicos.</li>
<li>Documentos: <a href="https://drive.google.com/file/d/1SfZ-DBe28WOrbd_eIVXF6nG6_5yIPnFy/view?usp=drive_link">&nbsp;</a><a href="https://drive.google.com/file/d/1SdP2nf7_rp-83iUoPJ5h3TRtUIWeYdyW/view?usp=sharing" target="_blank" rel="noopener noreferrer">Infografías</a></li>
</ul>
<p>&nbsp;</p>
<p><span style="font-size: 24pt"><strong>MENÚ</strong></span></p>
<p><span style="font-size: 18pt"><a href="https://drive.google.com/file/d/1SfZ-DBe28WOrbd_eIVXF6nG6_5yIPnFy/view?usp=drive_link" target="_blank" rel="noopener noreferrer">Abril</a></span></p>
<p>&nbsp;</p>
<p><img loading="lazy" decoding="async" class="wp-image-1783 aligncenter" src="https://blogsaverroes.juntadeandalucia.es/ceiplasflores/files/2022/12/1671534709425-819x1024.jpg" alt="" width="543" height="679"></p>

<p>Los comedores escolares son un servicio complementario que resulta de gran utilidad a padres y madres para ayudarles a&nbsp;conciliar la vida laboral y familiar. Tienen una duración de hasta dos horas desde que acaba la jornada escolar de la mañana (de 14.00 a 16.00 horas). Los comedores son además una pieza importante&nbsp;en todas las medidas [&hellip;]</p>
