{"id":1447,"date":"2022-10-17T19:13:08","date_gmt":"2022-10-17T18:13:08","guid":{"rendered":"https:\/\/blogsaverroes.juntadeandalucia.es\/ceiplasflores\/?page_id=1447"},"modified":"2025-03-13T19:57:27","modified_gmt":"2025-03-13T18:57:27","slug":"1o-primaria-2","status":"publish","type":"page","link":"https:\/\/blogsaverroes.juntadeandalucia.es\/ceiplasflores\/1o-primaria-2\/","title":{"rendered":"2\u00ba Primaria"},"content":{"rendered":"<p><span style=\"font-size: 18pt;font-family: 'comic sans ms', sans-serif\"><strong>Blog de 2\u00ba Primaria CEIP Las Flores A\u00d1O 2024-2025<\/strong><\/span><\/p>\n<p><strong>\u00a1VISITAMOS EL PLANETARIO DEL CEIP MIGUEL DE CERVANTES!<\/strong><\/p>\n<p>El 12 de febrero, nuestro alumnado de 2\u00ba de Educaci\u00f3n Primaria, visit\u00f3 el Planetario realizado por el CEIP Miguel de Cervantes. La visita y su presentaci\u00f3n por parte del alumnado de este centro fue espectacular y muy enriquecedora en la que aprendimos mucho sobre el espacio, las galaxias y sobre algunos astronautas. \u00a1Muchas gracias por la invitaci\u00f3n compa\u00f1er@s!<\/p>\n<p><img loading=\"lazy\" decoding=\"async\" class=\"alignnone size-large wp-image-2334\" src=\"https:\/\/blogsaverroes.juntadeandalucia.es\/ceiplasflores\/files\/2025\/03\/FOTO-PLANETARIO-768x1024.jpeg\" alt=\"\" width=\"660\" height=\"880\" srcset=\"https:\/\/blogsaverroes.juntadeandalucia.es\/ceiplasflores\/files\/2025\/03\/FOTO-PLANETARIO-768x1024.jpeg 768w, https:\/\/blogsaverroes.juntadeandalucia.es\/ceiplasflores\/files\/2025\/03\/FOTO-PLANETARIO-225x300.jpeg 225w, https:\/\/blogsaverroes.juntadeandalucia.es\/ceiplasflores\/files\/2025\/03\/FOTO-PLANETARIO-1152x1536.jpeg 1152w, https:\/\/blogsaverroes.juntadeandalucia.es\/ceiplasflores\/files\/2025\/03\/FOTO-PLANETARIO-700x933.jpeg 700w, https:\/\/blogsaverroes.juntadeandalucia.es\/ceiplasflores\/files\/2025\/03\/FOTO-PLANETARIO-332x443.jpeg 332w, https:\/\/blogsaverroes.juntadeandalucia.es\/ceiplasflores\/files\/2025\/03\/FOTO-PLANETARIO.jpeg 1200w\" sizes=\"(max-width: 660px) 100vw, 660px\" \/> <img loading=\"lazy\" decoding=\"async\" class=\"alignnone size-large wp-image-2335\" src=\"https:\/\/blogsaverroes.juntadeandalucia.es\/ceiplasflores\/files\/2025\/03\/PLANTEARIO-2-768x1024.jpeg\" alt=\"\" width=\"660\" height=\"880\" srcset=\"https:\/\/blogsaverroes.juntadeandalucia.es\/ceiplasflores\/files\/2025\/03\/PLANTEARIO-2-768x1024.jpeg 768w, https:\/\/blogsaverroes.juntadeandalucia.es\/ceiplasflores\/files\/2025\/03\/PLANTEARIO-2-225x300.jpeg 225w, https:\/\/blogsaverroes.juntadeandalucia.es\/ceiplasflores\/files\/2025\/03\/PLANTEARIO-2-1152x1536.jpeg 1152w, https:\/\/blogsaverroes.juntadeandalucia.es\/ceiplasflores\/files\/2025\/03\/PLANTEARIO-2-700x933.jpeg 700w, https:\/\/blogsaverroes.juntadeandalucia.es\/ceiplasflores\/files\/2025\/03\/PLANTEARIO-2-332x443.jpeg 332w, https:\/\/blogsaverroes.juntadeandalucia.es\/ceiplasflores\/files\/2025\/03\/PLANTEARIO-2.jpeg 1200w\" sizes=\"(max-width: 660px) 100vw, 660px\" \/><\/p>\n<p>&nbsp;<\/p>\n<p><span style=\"font-size: 14pt\">\u00a1\u00a1\u00a1\u00a1<strong>DESCUBRIMOS EL PARQUE DEL OESTE<\/strong>!!!!<\/span><\/p>\n<p>El martes d\u00eda 11 de febrero, hemos ido junto a nuestros compa\u00f1eros y compa\u00f1eras de segundo y algunas maestras del cole a visitar y conocer el espect\u00e1culo de las linternas que han creado en el Parque del Oeste de M\u00e1laga. La visita ha sido muy interesante y divertida, en la que hemos disfrutado y conocido no solo otras culturas, sino un rinconcito m\u00e1s de nuestra M\u00e1laga querida. \u00a1Os dejamos algunas fotos para que ve\u00e1is como nos lo hemos pasado!<\/p>\n<p><img loading=\"lazy\" decoding=\"async\" class=\"alignnone size-large wp-image-2310\" src=\"https:\/\/blogsaverroes.juntadeandalucia.es\/ceiplasflores\/files\/2025\/02\/ec4186da-e4c7-41fd-9608-dfc42796fdd9-768x1024.jpg\" alt=\"\" width=\"660\" height=\"880\" srcset=\"https:\/\/blogsaverroes.juntadeandalucia.es\/ceiplasflores\/files\/2025\/02\/ec4186da-e4c7-41fd-9608-dfc42796fdd9-768x1024.jpg 768w, https:\/\/blogsaverroes.juntadeandalucia.es\/ceiplasflores\/files\/2025\/02\/ec4186da-e4c7-41fd-9608-dfc42796fdd9-225x300.jpg 225w, https:\/\/blogsaverroes.juntadeandalucia.es\/ceiplasflores\/files\/2025\/02\/ec4186da-e4c7-41fd-9608-dfc42796fdd9-1152x1536.jpg 1152w, https:\/\/blogsaverroes.juntadeandalucia.es\/ceiplasflores\/files\/2025\/02\/ec4186da-e4c7-41fd-9608-dfc42796fdd9-700x933.jpg 700w, https:\/\/blogsaverroes.juntadeandalucia.es\/ceiplasflores\/files\/2025\/02\/ec4186da-e4c7-41fd-9608-dfc42796fdd9-332x443.jpg 332w, https:\/\/blogsaverroes.juntadeandalucia.es\/ceiplasflores\/files\/2025\/02\/ec4186da-e4c7-41fd-9608-dfc42796fdd9.jpg 1200w\" sizes=\"(max-width: 660px) 100vw, 660px\" \/> <img loading=\"lazy\" decoding=\"async\" class=\"alignnone size-large wp-image-2309\" src=\"https:\/\/blogsaverroes.juntadeandalucia.es\/ceiplasflores\/files\/2025\/02\/cb7f9a23-a92a-4ad5-bb0c-1270d98c6a25-768x1024.jpg\" alt=\"\" width=\"660\" height=\"880\" srcset=\"https:\/\/blogsaverroes.juntadeandalucia.es\/ceiplasflores\/files\/2025\/02\/cb7f9a23-a92a-4ad5-bb0c-1270d98c6a25-768x1024.jpg 768w, https:\/\/blogsaverroes.juntadeandalucia.es\/ceiplasflores\/files\/2025\/02\/cb7f9a23-a92a-4ad5-bb0c-1270d98c6a25-225x300.jpg 225w, https:\/\/blogsaverroes.juntadeandalucia.es\/ceiplasflores\/files\/2025\/02\/cb7f9a23-a92a-4ad5-bb0c-1270d98c6a25-1152x1536.jpg 1152w, https:\/\/blogsaverroes.juntadeandalucia.es\/ceiplasflores\/files\/2025\/02\/cb7f9a23-a92a-4ad5-bb0c-1270d98c6a25-700x933.jpg 700w, https:\/\/blogsaverroes.juntadeandalucia.es\/ceiplasflores\/files\/2025\/02\/cb7f9a23-a92a-4ad5-bb0c-1270d98c6a25-332x443.jpg 332w, https:\/\/blogsaverroes.juntadeandalucia.es\/ceiplasflores\/files\/2025\/02\/cb7f9a23-a92a-4ad5-bb0c-1270d98c6a25.jpg 1200w\" sizes=\"(max-width: 660px) 100vw, 660px\" \/> <img loading=\"lazy\" decoding=\"async\" class=\"alignnone size-large wp-image-2308\" src=\"https:\/\/blogsaverroes.juntadeandalucia.es\/ceiplasflores\/files\/2025\/02\/ae635530-a52f-49d1-9634-f3c1227c94bc-1024x768.jpg\" alt=\"\" width=\"660\" height=\"495\" srcset=\"https:\/\/blogsaverroes.juntadeandalucia.es\/ceiplasflores\/files\/2025\/02\/ae635530-a52f-49d1-9634-f3c1227c94bc-1024x768.jpg 1024w, https:\/\/blogsaverroes.juntadeandalucia.es\/ceiplasflores\/files\/2025\/02\/ae635530-a52f-49d1-9634-f3c1227c94bc-300x225.jpg 300w, https:\/\/blogsaverroes.juntadeandalucia.es\/ceiplasflores\/files\/2025\/02\/ae635530-a52f-49d1-9634-f3c1227c94bc-768x576.jpg 768w, https:\/\/blogsaverroes.juntadeandalucia.es\/ceiplasflores\/files\/2025\/02\/ae635530-a52f-49d1-9634-f3c1227c94bc-1536x1152.jpg 1536w, https:\/\/blogsaverroes.juntadeandalucia.es\/ceiplasflores\/files\/2025\/02\/ae635530-a52f-49d1-9634-f3c1227c94bc-700x525.jpg 700w, https:\/\/blogsaverroes.juntadeandalucia.es\/ceiplasflores\/files\/2025\/02\/ae635530-a52f-49d1-9634-f3c1227c94bc-332x249.jpg 332w, https:\/\/blogsaverroes.juntadeandalucia.es\/ceiplasflores\/files\/2025\/02\/ae635530-a52f-49d1-9634-f3c1227c94bc.jpg 1600w\" sizes=\"(max-width: 660px) 100vw, 660px\" \/> <img loading=\"lazy\" decoding=\"async\" class=\"alignnone size-large wp-image-2307\" src=\"https:\/\/blogsaverroes.juntadeandalucia.es\/ceiplasflores\/files\/2025\/02\/3015f9d6-ad25-49cd-8f90-30183cd58e52-768x1024.jpg\" alt=\"\" width=\"660\" height=\"880\" srcset=\"https:\/\/blogsaverroes.juntadeandalucia.es\/ceiplasflores\/files\/2025\/02\/3015f9d6-ad25-49cd-8f90-30183cd58e52-768x1024.jpg 768w, https:\/\/blogsaverroes.juntadeandalucia.es\/ceiplasflores\/files\/2025\/02\/3015f9d6-ad25-49cd-8f90-30183cd58e52-225x300.jpg 225w, https:\/\/blogsaverroes.juntadeandalucia.es\/ceiplasflores\/files\/2025\/02\/3015f9d6-ad25-49cd-8f90-30183cd58e52-1152x1536.jpg 1152w, https:\/\/blogsaverroes.juntadeandalucia.es\/ceiplasflores\/files\/2025\/02\/3015f9d6-ad25-49cd-8f90-30183cd58e52-700x933.jpg 700w, https:\/\/blogsaverroes.juntadeandalucia.es\/ceiplasflores\/files\/2025\/02\/3015f9d6-ad25-49cd-8f90-30183cd58e52-332x443.jpg 332w, https:\/\/blogsaverroes.juntadeandalucia.es\/ceiplasflores\/files\/2025\/02\/3015f9d6-ad25-49cd-8f90-30183cd58e52.jpg 1200w\" sizes=\"(max-width: 660px) 100vw, 660px\" \/><\/p>\n","protected":false},"excerpt":{"rendered":"<p>Blog de 2\u00ba Primaria CEIP Las Flores A\u00d1O 2024-2025 \u00a1VISITAMOS EL PLANETARIO DEL CEIP MIGUEL DE CERVANTES! El 12 de febrero, nuestro alumnado de 2\u00ba de Educaci\u00f3n Primaria, visit\u00f3 el Planetario realizado por el CEIP Miguel de Cervantes. La visita y su presentaci\u00f3n por parte del alumnado de este centro fue espectacular y muy enriquecedora [&hellip;]<\/p>\n","protected":false},"author":15736,"featured_media":0,"parent":0,"menu_order":0,"comment_status":"closed","ping_status":"closed","template":"","meta":{"_et_pb_use_builder":"","_et_pb_old_content":"","_et_gb_content_width":"","ngg_post_thumbnail":0,"footnotes":""},"aioseo_notices":[],"_links":{"self":[{"href":"https:\/\/blogsaverroes.juntadeandalucia.es\/ceiplasflores\/wp-json\/wp\/v2\/pages\/1447"}],"collection":[{"href":"https:\/\/blogsaverroes.juntadeandalucia.es\/ceiplasflores\/wp-json\/wp\/v2\/pages"}],"about":[{"href":"https:\/\/blogsaverroes.juntadeandalucia.es\/ceiplasflores\/wp-json\/wp\/v2\/types\/page"}],"author":[{"embeddable":true,"href":"https:\/\/blogsaverroes.juntadeandalucia.es\/ceiplasflores\/wp-json\/wp\/v2\/users\/15736"}],"replies":[{"embeddable":true,"href":"https:\/\/blogsaverroes.juntadeandalucia.es\/ceiplasflores\/wp-json\/wp\/v2\/comments?post=1447"}],"version-history":[{"count":14,"href":"https:\/\/blogsaverroes.juntadeandalucia.es\/ceiplasflores\/wp-json\/wp\/v2\/pages\/1447\/revisions"}],"predecessor-version":[{"id":2338,"href":"https:\/\/blogsaverroes.juntadeandalucia.es\/ceiplasflores\/wp-json\/wp\/v2\/pages\/1447\/revisions\/2338"}],"wp:attachment":[{"href":"https:\/\/blogsaverroes.juntadeandalucia.es\/ceiplasflores\/wp-json\/wp\/v2\/media?parent=1447"}],"curies":[{"name":"wp","href":"https:\/\/api.w.org\/{rel}","templated":true}]}}