{"id":551,"date":"2022-11-08T16:46:15","date_gmt":"2022-11-08T15:46:15","guid":{"rendered":"https:\/\/blogsaverroes.juntadeandalucia.es\/ceiplasierra\/?page_id=551"},"modified":"2023-02-15T14:00:43","modified_gmt":"2023-02-15T13:00:43","slug":"nuestro-colegio","status":"publish","type":"page","link":"https:\/\/blogsaverroes.juntadeandalucia.es\/ceiplasierra\/nuestro-colegio\/","title":{"rendered":"NUESTRO COLEGIO"},"content":{"rendered":"<p><img loading=\"lazy\" decoding=\"async\" class=\"size-medium wp-image-585 aligncenter\" src=\"https:\/\/blogsaverroes.juntadeandalucia.es\/ceiplasierra\/files\/2022\/11\/CEIP-Ntra-Sra-de-la-Sierra-Cabra-300x233.jpg\" alt=\"\" width=\"300\" height=\"233\" srcset=\"https:\/\/blogsaverroes.juntadeandalucia.es\/ceiplasierra\/files\/2022\/11\/CEIP-Ntra-Sra-de-la-Sierra-Cabra-300x233.jpg 300w, https:\/\/blogsaverroes.juntadeandalucia.es\/ceiplasierra\/files\/2022\/11\/CEIP-Ntra-Sra-de-la-Sierra-Cabra-480x374.jpg 480w, https:\/\/blogsaverroes.juntadeandalucia.es\/ceiplasierra\/files\/2022\/11\/CEIP-Ntra-Sra-de-la-Sierra-Cabra.jpg 717w\" sizes=\"(max-width: 300px) 100vw, 300px\" \/><\/p>\n<p>&nbsp;<\/p>\n<p style=\"font-weight: 400\">El recinto escolar est\u00e1 pr\u00e1cticamente cerrado. Limitado al norte con las instalaciones de la centenaria Plaza de Toros, al sur con el tambi\u00e9n centenario Parque \u201cAlc\u00e1ntara Romero\u201d, y al este por el Centro de Salud. Al oeste la avenida de la Constituci\u00f3n y cruce con la calle Pepita Jim\u00e9nez. No tenemos opci\u00f3n de crecimiento horizontal. M\u00e1s bien y seg\u00fan se establece en el nuevo Plan General de Ordenaci\u00f3n Urbana, podr\u00edamos perder parte de nuestro patio de recreo y pista deportiva en favor de una nueva v\u00eda de comunicaci\u00f3n local<\/p>\n<p style=\"font-weight: 400\">El edificio empez\u00f3 a edificarse en 1929, aunque hasta 1957 no se abri\u00f3 como Centro Educativo. Es &nbsp;por tanto el Centro p\u00fablico decano de la ciudad. En sus comienzos albergaba el m\u00f3dulo masculino y femenino, con equipos directivos propios. La ratio superaba los 40 alumnos\/as. A mediados de los 70 en nuestro centro se mezclaron por primera vez ambos sexos en las aulas.<\/p>\n<p><img loading=\"lazy\" decoding=\"async\" class=\"size-medium wp-image-586 aligncenter\" src=\"https:\/\/blogsaverroes.juntadeandalucia.es\/ceiplasierra\/files\/2022\/11\/e-grupos-2800-300x204.jpg\" alt=\"\" width=\"300\" height=\"204\" srcset=\"https:\/\/blogsaverroes.juntadeandalucia.es\/ceiplasierra\/files\/2022\/11\/e-grupos-2800-300x204.jpg 300w, https:\/\/blogsaverroes.juntadeandalucia.es\/ceiplasierra\/files\/2022\/11\/e-grupos-2800-768x522.jpg 768w, https:\/\/blogsaverroes.juntadeandalucia.es\/ceiplasierra\/files\/2022\/11\/e-grupos-2800-480x326.jpg 480w, https:\/\/blogsaverroes.juntadeandalucia.es\/ceiplasierra\/files\/2022\/11\/e-grupos-2800.jpg 795w\" sizes=\"(max-width: 300px) 100vw, 300px\" \/><\/p>\n<p style=\"font-weight: 400\">&nbsp;El colegio ha experimentado en sus \u00faltimos a\u00f1os una mejoras considerables de sus espacios y equipamientos: reformas en los aseos exteriores y aseos de planta baja, construcci\u00f3n de aseos en la segunda planta, construcci\u00f3n de un Comedor Escolar, reformas de importancia en la Sala de Psicomotricidad, Sal\u00f3n de Actos, cambio de cerramientos exteriores de aulas y despachos, centro TIC, Escuela TIC 2.0 y Pluriling\u00fce.<\/p>\n<p style=\"font-weight: 400\">Las relaciones que nuestro centro establece con distintas entidades e instituciones se vienen desarrollando con total normalidad en defensa de los beneficios o servicios educativos, sociales y culturales que se generan en ambos sentidos: AMPA \u201cLos Grupos\u201d, Servicio de Inspecci\u00f3n y otros servicios de Delegaci\u00f3n Provincial de Educaci\u00f3n, Polic\u00eda Local, Patronato Municipal de Deportes, Patronato de Asuntos Sociales, \u00c1rea de Cultura y Juventud del Ilmo. Ayuntamiento de Cabra, Alcald\u00eda, Donantes de Sangre, Centro de Salud de Cabra, empresas concesionarias del Servicio de Comedor, Aula Matinal, Actividades Extraescolares y Vigilancia \u2026 ya que nuestro Centro es sujeto de sus actuaciones directas (Educaci\u00f3n Vial, actividades extraescolares y complementarias, Feria del Libro, actividades deportivas y culturales, Comedor, Vigilancia, Actividades Extraescolares,\u2026) y por otra parte brindamos nuestras instalaciones para distintas actividades o actuaciones que estas entidades solicitan al Ayuntamiento (p.ej. Unidad M\u00f3vil de Donantes de Sangre).<\/p>\n<p style=\"font-weight: 400\">Nuestro Centro tiene abiertas sus puertas desde las 7,30 h. de la ma\u00f1ana hasta las 18,00 h. de la tarde, de forma ininterrumpida de lunes a jueves. Aula Matinal, Jornada lectiva, Comedor y Actividades Extraescolares son las propuestas educativas que brindamos a la Comunidad Educativa. Los viernes termina la oferta de servicios a las 16,00 h., ya que no hay actividades extraescolares.<\/p>\n<p>Os invitamos a visitar la web<a href=\"https:\/\/www.cabraenelrecuerdo.com\/e-grupos-ampliadas.php\" target=\"_blank\" rel=\"noopener\"> CABRA EN EL RECUERDO<\/a> donde existe un recopilatorio de im\u00e1genes de la historia del colegio hecho gracias a la colaboraci\u00f3n de muchos egabrenses, antiguos maestros y paisanos.<\/p>\n<p>En el siguiente video pod\u00e9is hacer una video visita a nuestro centro<\/p>\n<p><iframe loading=\"lazy\" src=\"https:\/\/www.youtube.com\/embed\/gfocCcsDSqU?si=sFUvWJpdb1OSY7_l\" width=\"560\" height=\"315\" frameborder=\"0\"><\/iframe><br \/>\n&nbsp;<\/p>\n","protected":false},"excerpt":{"rendered":"<p>&nbsp; El recinto escolar est\u00e1 pr\u00e1cticamente cerrado. Limitado al norte con las instalaciones de la centenaria Plaza de Toros, al sur con el tambi\u00e9n centenario Parque \u201cAlc\u00e1ntara Romero\u201d, y al este por el Centro&#46;&#46;&#46;<\/p>\n","protected":false},"author":7057,"featured_media":0,"parent":0,"menu_order":0,"comment_status":"closed","ping_status":"closed","template":"","meta":{"ngg_post_thumbnail":0,"footnotes":""},"aioseo_notices":[],"_links":{"self":[{"href":"https:\/\/blogsaverroes.juntadeandalucia.es\/ceiplasierra\/wp-json\/wp\/v2\/pages\/551"}],"collection":[{"href":"https:\/\/blogsaverroes.juntadeandalucia.es\/ceiplasierra\/wp-json\/wp\/v2\/pages"}],"about":[{"href":"https:\/\/blogsaverroes.juntadeandalucia.es\/ceiplasierra\/wp-json\/wp\/v2\/types\/page"}],"author":[{"embeddable":true,"href":"https:\/\/blogsaverroes.juntadeandalucia.es\/ceiplasierra\/wp-json\/wp\/v2\/users\/7057"}],"replies":[{"embeddable":true,"href":"https:\/\/blogsaverroes.juntadeandalucia.es\/ceiplasierra\/wp-json\/wp\/v2\/comments?post=551"}],"version-history":[{"count":7,"href":"https:\/\/blogsaverroes.juntadeandalucia.es\/ceiplasierra\/wp-json\/wp\/v2\/pages\/551\/revisions"}],"predecessor-version":[{"id":598,"href":"https:\/\/blogsaverroes.juntadeandalucia.es\/ceiplasierra\/wp-json\/wp\/v2\/pages\/551\/revisions\/598"}],"wp:attachment":[{"href":"https:\/\/blogsaverroes.juntadeandalucia.es\/ceiplasierra\/wp-json\/wp\/v2\/media?parent=551"}],"curies":[{"name":"wp","href":"https:\/\/api.w.org\/{rel}","templated":true}]}}