{"id":555,"date":"2022-11-08T16:47:35","date_gmt":"2022-11-08T15:47:35","guid":{"rendered":"https:\/\/blogsaverroes.juntadeandalucia.es\/ceiplasierra\/?page_id=555"},"modified":"2023-09-11T12:56:05","modified_gmt":"2023-09-11T11:56:05","slug":"comedor","status":"publish","type":"page","link":"https:\/\/blogsaverroes.juntadeandalucia.es\/ceiplasierra\/comedor\/","title":{"rendered":"COMEDOR"},"content":{"rendered":"<p>Para acceder al men\u00fa del comedor escolar haz clic en el dibujo y acceder\u00e1s a la carpeta &#8220;TRANSPORTADO&#8221;. Dentro encontrar\u00e1s el men\u00fa en PDF del mes vigente.<\/p>\n<p><a href=\"https:\/\/drive.google.com\/drive\/folders\/17qaURePf8a9PKKZY3UYgDgzYl38Jgc4f\"><img loading=\"lazy\" decoding=\"async\" class=\"alignnone size-full wp-image-671\" src=\"https:\/\/blogsaverroes.juntadeandalucia.es\/ceiplasierra\/files\/2023\/02\/descarga.png\" alt=\"\" width=\"256\" height=\"146\"><\/a><\/p>\n<p>&nbsp;<\/p>\n<p><a href=\"https:\/\/blogsaverroes.juntadeandalucia.es\/ceiplasierra\/files\/2024\/10\/REGISTRO-WEB-FAMILIAS.pdf\">INSTRUCCIONES PARA EL REGISTRO Y ACCESO A LA PLATAFORMA DE FAMILIAS ANDALUC\u00cdA <\/a>&nbsp;<\/p>\n<p><a href=\"https:\/\/blogsaverroes.juntadeandalucia.es\/ceiplasierra\/files\/2024\/10\/Comunicado-web-familias.pdf\">Comunicado web familias<\/a><\/p>\n<p>&nbsp;<\/p>\n","protected":false},"excerpt":{"rendered":"<p>Para acceder al men\u00fa del comedor escolar haz clic en el dibujo y acceder\u00e1s a la carpeta &#8220;TRANSPORTADO&#8221;. Dentro encontrar\u00e1s el men\u00fa en PDF del mes vigente. &nbsp; INSTRUCCIONES PARA EL REGISTRO Y ACCESO&#46;&#46;&#46;<\/p>\n","protected":false},"author":7057,"featured_media":0,"parent":0,"menu_order":0,"comment_status":"closed","ping_status":"closed","template":"","meta":{"ngg_post_thumbnail":0,"footnotes":""},"aioseo_notices":[],"_links":{"self":[{"href":"https:\/\/blogsaverroes.juntadeandalucia.es\/ceiplasierra\/wp-json\/wp\/v2\/pages\/555"}],"collection":[{"href":"https:\/\/blogsaverroes.juntadeandalucia.es\/ceiplasierra\/wp-json\/wp\/v2\/pages"}],"about":[{"href":"https:\/\/blogsaverroes.juntadeandalucia.es\/ceiplasierra\/wp-json\/wp\/v2\/types\/page"}],"author":[{"embeddable":true,"href":"https:\/\/blogsaverroes.juntadeandalucia.es\/ceiplasierra\/wp-json\/wp\/v2\/users\/7057"}],"replies":[{"embeddable":true,"href":"https:\/\/blogsaverroes.juntadeandalucia.es\/ceiplasierra\/wp-json\/wp\/v2\/comments?post=555"}],"version-history":[{"count":6,"href":"https:\/\/blogsaverroes.juntadeandalucia.es\/ceiplasierra\/wp-json\/wp\/v2\/pages\/555\/revisions"}],"predecessor-version":[{"id":1657,"href":"https:\/\/blogsaverroes.juntadeandalucia.es\/ceiplasierra\/wp-json\/wp\/v2\/pages\/555\/revisions\/1657"}],"wp:attachment":[{"href":"https:\/\/blogsaverroes.juntadeandalucia.es\/ceiplasierra\/wp-json\/wp\/v2\/media?parent=555"}],"curies":[{"name":"wp","href":"https:\/\/api.w.org\/{rel}","templated":true}]}}