{"id":704,"date":"2023-02-15T10:25:17","date_gmt":"2023-02-15T09:25:17","guid":{"rendered":"https:\/\/blogsaverroes.juntadeandalucia.es\/ceiplasierra\/?page_id=704"},"modified":"2023-02-15T10:25:17","modified_gmt":"2023-02-15T09:25:17","slug":"nuestro-logotipo","status":"publish","type":"page","link":"https:\/\/blogsaverroes.juntadeandalucia.es\/ceiplasierra\/nuestro-logotipo\/","title":{"rendered":"NUESTRO LOGOTIPO"},"content":{"rendered":"<p>El logotipo del colegio fue creado para la celebraci\u00f3n del <strong>cincuentenario del colegio 1957-2007<\/strong> por el exalumno Antonio C\u00f3rdoba Rold\u00e1n .<\/p>\n<p>En \u00e9l se muestran los caracter\u00edsticos arcos y escaleras de la entrada de nuestro colegio.<\/p>\n<p><img loading=\"lazy\" decoding=\"async\" class=\"aligncenter size-full wp-image-628\" src=\"https:\/\/blogsaverroes.juntadeandalucia.es\/ceiplasierra\/files\/2022\/11\/logo-ico.jpg\" alt=\"\" width=\"144\" height=\"105\"><\/p>\n","protected":false},"excerpt":{"rendered":"<p>El logotipo del colegio fue creado para la celebraci\u00f3n del cincuentenario del colegio 1957-2007 por el exalumno Antonio C\u00f3rdoba Rold\u00e1n . En \u00e9l se muestran los caracter\u00edsticos arcos y escaleras de la entrada de&#46;&#46;&#46;<\/p>\n","protected":false},"author":7057,"featured_media":0,"parent":0,"menu_order":0,"comment_status":"closed","ping_status":"closed","template":"","meta":{"ngg_post_thumbnail":0,"footnotes":""},"aioseo_notices":[],"_links":{"self":[{"href":"https:\/\/blogsaverroes.juntadeandalucia.es\/ceiplasierra\/wp-json\/wp\/v2\/pages\/704"}],"collection":[{"href":"https:\/\/blogsaverroes.juntadeandalucia.es\/ceiplasierra\/wp-json\/wp\/v2\/pages"}],"about":[{"href":"https:\/\/blogsaverroes.juntadeandalucia.es\/ceiplasierra\/wp-json\/wp\/v2\/types\/page"}],"author":[{"embeddable":true,"href":"https:\/\/blogsaverroes.juntadeandalucia.es\/ceiplasierra\/wp-json\/wp\/v2\/users\/7057"}],"replies":[{"embeddable":true,"href":"https:\/\/blogsaverroes.juntadeandalucia.es\/ceiplasierra\/wp-json\/wp\/v2\/comments?post=704"}],"version-history":[{"count":1,"href":"https:\/\/blogsaverroes.juntadeandalucia.es\/ceiplasierra\/wp-json\/wp\/v2\/pages\/704\/revisions"}],"predecessor-version":[{"id":705,"href":"https:\/\/blogsaverroes.juntadeandalucia.es\/ceiplasierra\/wp-json\/wp\/v2\/pages\/704\/revisions\/705"}],"wp:attachment":[{"href":"https:\/\/blogsaverroes.juntadeandalucia.es\/ceiplasierra\/wp-json\/wp\/v2\/media?parent=704"}],"curies":[{"name":"wp","href":"https:\/\/api.w.org\/{rel}","templated":true}]}}

<p>El logotipo del colegio fue creado para la celebración del <strong>cincuentenario del colegio 1957-2007</strong> por el exalumno Antonio Córdoba Roldán .</p>
<p>En él se muestran los característicos arcos y escaleras de la entrada de nuestro colegio.</p>
<p><img loading="lazy" decoding="async" class="aligncenter size-full wp-image-628" src="https://blogsaverroes.juntadeandalucia.es/ceiplasierra/files/2022/11/logo-ico.jpg" alt="" width="144" height="105"></p>

<p>El logotipo del colegio fue creado para la celebración del cincuentenario del colegio 1957-2007 por el exalumno Antonio Córdoba Roldán . En él se muestran los característicos arcos y escaleras de la entrada de&#46;&#46;&#46;</p>
