{"id":3229,"date":"2018-10-21T10:54:40","date_gmt":"2018-10-21T10:54:40","guid":{"rendered":"https:\/\/blogsaverroes.juntadeandalucia.es\/ceiplaslomas\/?page_id=3229"},"modified":"2025-06-16T09:27:37","modified_gmt":"2025-06-16T09:27:37","slug":"oferta-educativa","status":"publish","type":"page","link":"https:\/\/blogsaverroes.juntadeandalucia.es\/ceiplaslomas\/oferta-educativa\/","title":{"rendered":"Oferta educativa"},"content":{"rendered":"<p>En el curso&nbsp;<span style=\"color: #000080\"><strong>2025\/2026<\/strong><\/span>, la oferta educativa es la siguiente:<\/p>\n<p><strong><span style=\"color: #000080\">Educaci\u00f3n infantil (9)<\/span> &nbsp; &nbsp;&nbsp; &nbsp; &nbsp; &nbsp; &nbsp; &nbsp; &nbsp;<span style=\"color: #0000ff\"><span style=\"color: #000080\">Educaci\u00f3n primaria (20)<\/span><\/span><\/strong><\/p>\n<p><span style=\"color: #0000ff\"><strong>3 a\u00f1os<\/strong><\/span>&nbsp;\u2026. 3 unidades&nbsp; &nbsp; &nbsp; &nbsp;&nbsp;<span style=\"color: #0000ff\"><strong>1\u00ba<\/strong>&nbsp;<\/span>\u2026. 3 unidades&nbsp; &nbsp;<strong>&nbsp;<span style=\"color: #0000ff\">4\u00ba<\/span><\/strong> \u2026. 4 unidades<\/p>\n<p><span style=\"color: #0000ff\"><strong>4 a\u00f1os<\/strong><\/span> \u2026. 3 unidades&nbsp; &nbsp; &nbsp; &nbsp; <span style=\"color: #0000ff\"><strong>2\u00ba<\/strong>&nbsp;<\/span>\u2026. 4 unidades&nbsp; &nbsp; <span style=\"color: #0000ff\"><strong>5\u00ba<\/strong>&nbsp;<\/span>\u2026. 3 unidades<\/p>\n<p><span style=\"color: #0000ff\"><strong>5 a\u00f1os<\/strong><\/span> \u2026. 3 unidades&nbsp; &nbsp; &nbsp; &nbsp; <span style=\"color: #0000ff\"><strong>3\u00ba<\/strong>&nbsp;<\/span>\u2026. 3 unidades&nbsp; &nbsp; <span style=\"color: #0000ff\"><strong>6\u00ba<\/strong><\/span> \u2026. 3 unidades<\/p>\n<p><strong><span style=\"color: #000080\">Educaci\u00f3n especial&nbsp; &nbsp;<\/span> &nbsp; &nbsp; &nbsp; &nbsp; &nbsp; &nbsp;&nbsp;&nbsp; &nbsp; &nbsp;&nbsp;<\/strong><\/p>\n<p>1 aula espec\u00edfica&nbsp; &nbsp; &nbsp; &nbsp; &nbsp; &nbsp; &nbsp; &nbsp; &nbsp; &nbsp; &nbsp; &nbsp; &nbsp; &nbsp; &nbsp; &nbsp; &nbsp; &nbsp; &nbsp; &nbsp; &nbsp; &nbsp;<\/p>\n<p>2 aulas de apoyo a la integraci\u00f3n&nbsp;<\/p>\n<p>1 aula de audici\u00f3n y lenguaje<\/p>\n<p><span style=\"color: #000080\"><strong>Educaci\u00f3n compensatoria<\/strong><\/span><\/p>\n<p>1 aula<\/p>\n<p><strong>&nbsp;<span style=\"color: #000080\">ATAL (Aula Temporal de Adaptaci\u00f3n Ling\u00fc\u00edstica)<\/span><\/strong><\/p>\n<p>1 aula&nbsp;<\/p>\n<hr>\n<p>&nbsp;<\/p>\n<p>&nbsp;<\/p>\n","protected":false},"excerpt":{"rendered":"<p>En el curso&nbsp;2025\/2026, la oferta educativa es la siguiente: Educaci\u00f3n infantil (9) &nbsp; &nbsp;&nbsp; &nbsp; &nbsp; &nbsp; &nbsp; &nbsp; &nbsp;Educaci\u00f3n primaria (20) 3 a\u00f1os&nbsp;\u2026. 3 unidades&nbsp; &nbsp; &nbsp; &nbsp;&nbsp;1\u00ba&nbsp;\u2026. 3 unidades&nbsp; &nbsp;&nbsp;4\u00ba \u2026. 4&#46;&#46;&#46;<\/p>\n","protected":false},"author":5742,"featured_media":0,"parent":0,"menu_order":0,"comment_status":"closed","ping_status":"closed","template":"","meta":{"ngg_post_thumbnail":0,"footnotes":"","_mc_calendar":[]},"aioseo_notices":[],"_links":{"self":[{"href":"https:\/\/blogsaverroes.juntadeandalucia.es\/ceiplaslomas\/wp-json\/wp\/v2\/pages\/3229"}],"collection":[{"href":"https:\/\/blogsaverroes.juntadeandalucia.es\/ceiplaslomas\/wp-json\/wp\/v2\/pages"}],"about":[{"href":"https:\/\/blogsaverroes.juntadeandalucia.es\/ceiplaslomas\/wp-json\/wp\/v2\/types\/page"}],"author":[{"embeddable":true,"href":"https:\/\/blogsaverroes.juntadeandalucia.es\/ceiplaslomas\/wp-json\/wp\/v2\/users\/5742"}],"replies":[{"embeddable":true,"href":"https:\/\/blogsaverroes.juntadeandalucia.es\/ceiplaslomas\/wp-json\/wp\/v2\/comments?post=3229"}],"version-history":[{"count":31,"href":"https:\/\/blogsaverroes.juntadeandalucia.es\/ceiplaslomas\/wp-json\/wp\/v2\/pages\/3229\/revisions"}],"predecessor-version":[{"id":19966,"href":"https:\/\/blogsaverroes.juntadeandalucia.es\/ceiplaslomas\/wp-json\/wp\/v2\/pages\/3229\/revisions\/19966"}],"wp:attachment":[{"href":"https:\/\/blogsaverroes.juntadeandalucia.es\/ceiplaslomas\/wp-json\/wp\/v2\/media?parent=3229"}],"curies":[{"name":"wp","href":"https:\/\/api.w.org\/{rel}","templated":true}]}}