{"id":8357,"date":"2020-06-23T18:06:03","date_gmt":"2020-06-23T18:06:03","guid":{"rendered":"https:\/\/blogsaverroes.juntadeandalucia.es\/ceiplaslomas\/?page_id=8357"},"modified":"2025-06-03T07:34:10","modified_gmt":"2025-06-03T07:34:10","slug":"informacion-pasen-ipasen","status":"publish","type":"page","link":"https:\/\/blogsaverroes.juntadeandalucia.es\/ceiplaslomas\/informacion-pasen-ipasen\/","title":{"rendered":"INFORMACI\u00d3N PASEN\/iPASEN"},"content":{"rendered":"<p>Estimadas familias:<\/p>\n<p style=\"text-align: justify\">Por medio de esta aplicaci\u00f3n, la comunicaci\u00f3n con las familias a trav\u00e9s del ordenador o tel\u00e9fono m\u00f3vil es m\u00e1s r\u00e1pida y eficaz.&nbsp;<\/p>\n<p style=\"text-align: justify\">Aquellas familias que a\u00fan no la han puesto en marcha, las animamos a que lo hagan, pues entre otras cuestiones la entrega de notas, comunicaciones con la tutor\u00eda, etc,&nbsp; ser\u00e1 por esta v\u00eda de comunicaci\u00f3n.&nbsp;<\/p>\n<p style=\"text-align: justify\">Est\u00e1 disponible un nuevo procedimiento de&nbsp;<strong>\u00abautologin\/autorregistro\u00bb<\/strong>&nbsp;para usuarios con perfiles tutor\/a legal, mediante el cual cualquier padre\/madre podr\u00e1 realizar un proceso de \u00abautologin\u00bb para obtener las credenciales de acceso a PASEN.<\/p>\n<p style=\"text-align: justify\">Aquellas familias que tengan especial dificultad para acceder a la plataforma, p\u00f3nganse en contacto con el centro por tel\u00e9fono <span style=\"color: #0000ff\">950156772<\/span> o por correo electr\u00f3nico <span style=\"color: #0000ff\">secretariacolegiolaslomas@gmail.com&nbsp;<\/span><\/p>\n<p><strong>INDICANDO:<\/strong><\/p>\n<ul>\n<li>Nombre y apellidos del padre, madre o tutor legal.<\/li>\n<li>Nombre y apellidos del alumno\/a y curso.<\/li>\n<li>Asunto<\/li>\n<\/ul>\n<p style=\"text-align: justify\">Para realizar el \u00abautologin\/autorregistro\u00bb a trav\u00e9s de la&nbsp;<strong>aplicaci\u00f3n web<\/strong>&nbsp;o de la&nbsp;<strong>app iPasen<\/strong>, las familias deber\u00e1n pinchar en el enlace&nbsp;<strong>\u00abNo tengo acceso\u00bb<\/strong>&nbsp;de la pantalla de login. Seleccionar tutor\/a legal o representante legal de alumnado matriculado. Se requerir\u00e1n tres datos: el NIF, fecha de nacimiento de un hijo\/a matriculado y un n\u00famero de tel\u00e9fono m\u00f3vil donde recibir\u00e1 por SMS las credenciales. Este \u00faltimo deber\u00e1 coincidir con el que consta en S\u00e9neca para los tutores legales.<\/p>\n<p><a href=\"https:\/\/blogsaverroes.juntadeandalucia.es\/ceiplaslomas\/files\/2025\/06\/clave-iande.pdf\">\u21d2 C\u00f3mo obtener mi Clave iANDE<\/a><\/p>\n<p style=\"text-align: justify\">Les dejamos informaci\u00f3n y v\u00eddeos sobre su funcionamiento:<\/p>\n<p><a href=\"https:\/\/portals.ced.junta-andalucia.es\/educacion\/portals\/web\/ipasen\" target=\"_blank\" rel=\"noopener noreferrer\"><span style=\"color: #0000ff\">\u21d2<\/span> <span style=\"color: #0000ff\"><strong>Informaci\u00f3n iPasen, nueva versi\u00f3n junio 2021<\/strong><\/span><\/a><\/p>\n<p><a href=\"https:\/\/www.youtube.com\/embed\/oZAcWLRNFQ0?rel=0&amp;autoplay=1\" target=\"_blank\" rel=\"noopener noreferrer\"><span style=\"color: #0000ff\">\u21d2<\/span> <span style=\"color: #0000ff\"><strong>Enlace a iPasen lanza nueva versi\u00f3n, junio 2021<\/strong><\/span><\/a><\/p>\n<div style=\"width: 960px;\" class=\"wp-video\"><!--[if lt IE 9]><script>document.createElement('video');<\/script><![endif]-->\n<video class=\"wp-video-shortcode\" id=\"video-8357-1\" width=\"960\" height=\"540\" preload=\"metadata\" controls=\"controls\"><source type=\"video\/mp4\" src=\"https:\/\/blogsaverroes.juntadeandalucia.es\/ceiplaslomas\/files\/2021\/06\/4_5890947722667624930.mp4?_=1\" \/><a href=\"https:\/\/blogsaverroes.juntadeandalucia.es\/ceiplaslomas\/files\/2021\/06\/4_5890947722667624930.mp4\">https:\/\/blogsaverroes.juntadeandalucia.es\/ceiplaslomas\/files\/2021\/06\/4_5890947722667624930.mp4<\/a><\/video><\/div>\n<p>&nbsp;<\/p>\n<ul>\n<li><span style=\"color: #000000\">Enlace a<\/span><span style=\"color: #0000ff\"><strong> <a style=\"color: #0000ff\" href=\"https:\/\/blogsaverroes.juntadeandalucia.es\/ceiplaslomas\/files\/2020\/11\/Manual_Pasen_perfil_Tutores-Legales.pdf\">manual Pasen perfil Tutores Legales<\/a><\/strong><\/span><\/li>\n<li><a href=\"https:\/\/blogsaverroes.juntadeandalucia.es\/ceiplaslomas\/files\/2021\/04\/Manual-Pasen-Alumnado-Arabe.pdf\" target=\"_blank\" rel=\"noopener noreferrer\"><span style=\"color: #000000\">Enlace <span style=\"color: #0000ff\"><strong>manual Pasen en \u00e1rabe<\/strong><\/span><\/span><\/a><\/li>\n<\/ul>\n<p><span style=\"color: #0000ff\"><strong>\u21d2 A<\/strong><strong>utologin\/autorregistro para la&nbsp;aplicaci\u00f3n iPasen (m\u00f3vil)<\/strong><\/span><\/p>\n<div class=\"video-container\"><iframe loading=\"lazy\" src=\"https:\/\/www.youtube.com\/embed\/cHLova48ULE?feature=oembed&amp;wmode=opaque\" width=\"500\" height=\"375\" frameborder=\"0\"><\/iframe><\/div>\n<div>&nbsp;<\/div>\n<div><span style=\"color: #0000ff\"><strong>\u21d2<\/strong> <strong>iPasen instalaci\u00f3n y primer acceso<\/strong><\/span><\/div>\n<div>&nbsp;<\/div>\n<div>\n<p><iframe loading=\"lazy\" title=\"iPASEN 1: Instalaci\u00f3n y Primer Acceso\" width=\"500\" height=\"281\" src=\"https:\/\/www.youtube.com\/embed\/Gywfd_XncSA?feature=oembed&#038;wmode=opaque\" frameborder=\"0\" allow=\"accelerometer; autoplay; clipboard-write; encrypted-media; gyroscope; picture-in-picture; web-share\" referrerpolicy=\"strict-origin-when-cross-origin\" allowfullscreen><\/iframe><\/p>\n<p><span style=\"color: #0000ff\"><strong>\u21d2 R<\/strong><strong><span style=\"color: #0000ff\">e<\/span>cuperar acceso<\/strong><\/span><\/p>\n<p><iframe loading=\"lazy\" title=\"iPASEN 2: Recuperar Acceso\" width=\"500\" height=\"281\" src=\"https:\/\/www.youtube.com\/embed\/OR7r9OcG8sE?feature=oembed&#038;wmode=opaque\" frameborder=\"0\" allow=\"accelerometer; autoplay; clipboard-write; encrypted-media; gyroscope; picture-in-picture; web-share\" referrerpolicy=\"strict-origin-when-cross-origin\" allowfullscreen><\/iframe><\/p>\n<p><strong><span style=\"color: #0000ff\">\u21d2 Autologin\/autorregistro para la aplicaci\u00f3n web (ordenador)<\/span><\/strong><\/p>\n<\/div>\n<div class=\"video-container\"><iframe loading=\"lazy\" src=\"https:\/\/www.youtube.com\/embed\/3z6eWjQWnuc?feature=oembed&amp;wmode=opaque\" width=\"500\" height=\"281\" frameborder=\"0\"><\/iframe><\/div>\n<p><span style=\"color: #3366ff\"><strong>\u21d2 C\u00f3mo consultar y justificar las faltas de asistencia<\/strong><\/span><\/p>\n<p><iframe loading=\"lazy\" title=\"C\u00f3mo justificar faltas de asistencia en iPasen\" width=\"500\" height=\"281\" src=\"https:\/\/www.youtube.com\/embed\/W3a7pt1hqr8?feature=oembed&#038;wmode=opaque\" frameborder=\"0\" allow=\"accelerometer; autoplay; clipboard-write; encrypted-media; gyroscope; picture-in-picture; web-share\" referrerpolicy=\"strict-origin-when-cross-origin\" allowfullscreen><\/iframe><\/p>\n<p>&nbsp;<\/p>\n<div>\n<p><iframe loading=\"lazy\" title=\"iPasen. Faltas: Consultas y propuestas de justificaci\u00f3n\" width=\"500\" height=\"281\" src=\"https:\/\/www.youtube.com\/embed\/0ZCXQJ956xI?feature=oembed&#038;wmode=opaque\" frameborder=\"0\" allow=\"accelerometer; autoplay; clipboard-write; encrypted-media; gyroscope; picture-in-picture; web-share\" referrerpolicy=\"strict-origin-when-cross-origin\" allowfullscreen><\/iframe><\/p>\n<\/div>\n<p><strong><span style=\"color: #0000ff\">\u21d2 C\u00f3mo ver las calificaciones o las notas en iPasen<\/span><\/strong><\/p>\n<div class=\"video-container\"><iframe loading=\"lazy\" src=\"https:\/\/www.youtube.com\/embed\/7Go7245oB_E?feature=oembed&amp;wmode=opaque\" width=\"500\" height=\"281\" frameborder=\"0\"><\/iframe><\/div>\n<p><span style=\"color: #0000ff\"><strong>\u21d2 Calificaciones finales y observaciones que hace el profesorado:<\/strong><\/span><\/p>\n<div class=\"video-container\"><iframe loading=\"lazy\" src=\"https:\/\/www.youtube.com\/embed\/E6rnS0ZDI_0?feature=oembed&amp;wmode=opaque\" width=\"500\" height=\"281\" frameborder=\"0\"><\/iframe><\/div>\n<p><span style=\"color: #0000ff\"><strong>\u21d2 Punto de recogida de documentos: boletines de calificaciones, informes, &#8230;<\/strong><\/span><\/p>\n<div class=\"video-container\">\n<p><iframe loading=\"lazy\" title=\"IPASEN 7: Punto de Recogida de Documentos\" width=\"500\" height=\"281\" src=\"https:\/\/www.youtube.com\/embed\/K7s5wXWcEdc?feature=oembed&#038;wmode=opaque\" frameborder=\"0\" allow=\"accelerometer; autoplay; clipboard-write; encrypted-media; gyroscope; picture-in-picture; web-share\" referrerpolicy=\"strict-origin-when-cross-origin\" allowfullscreen><\/iframe><\/p>\n<p>&nbsp;<\/p>\n<p><iframe loading=\"lazy\" title=\"Tutorial cheque libro padres\" width=\"500\" height=\"281\" src=\"https:\/\/www.youtube.com\/embed\/0f9G8-iUCQc?feature=oembed&#038;wmode=opaque\" frameborder=\"0\" allow=\"accelerometer; autoplay; clipboard-write; encrypted-media; gyroscope; picture-in-picture; web-share\" referrerpolicy=\"strict-origin-when-cross-origin\" allowfullscreen><\/iframe><\/p>\n<p>V\u00cdDEO EXPLICATIVO SOBRE ELECTR\u00d3NICO MATRICULACI\u00d3N<\/p>\n<div style=\"width: 1280px;\" class=\"wp-video\"><video class=\"wp-video-shortcode\" id=\"video-8357-2\" width=\"1280\" height=\"720\" preload=\"metadata\" controls=\"controls\"><source type=\"video\/mp4\" src=\"https:\/\/blogsaverroes.juntadeandalucia.es\/ceiplaslomas\/files\/2022\/06\/Sobre-Electr\u00f3nico-de-Matr\u00edcula-2022-\ud83d\udce7-\ud83d\udce7.mp4?_=2\" \/><a href=\"https:\/\/blogsaverroes.juntadeandalucia.es\/ceiplaslomas\/files\/2022\/06\/Sobre-Electr\u00f3nico-de-Matr\u00edcula-2022-\ud83d\udce7-\ud83d\udce7.mp4\">https:\/\/blogsaverroes.juntadeandalucia.es\/ceiplaslomas\/files\/2022\/06\/Sobre-Electr\u00f3nico-de-Matr\u00edcula-2022-\ud83d\udce7-\ud83d\udce7.mp4<\/a><\/video><\/div>\n<\/div>\n<div>\n<p><a href=\"https:\/\/blogsaverroes.juntadeandalucia.es\/ceiplaslomas\/files\/2022\/09\/5814594478890138436_121.jpg\"><img loading=\"lazy\" decoding=\"async\" class=\"aligncenter wp-image-13337 size-large\" src=\"https:\/\/blogsaverroes.juntadeandalucia.es\/ceiplaslomas\/files\/2022\/09\/5814594478890138436_121-1024x719.jpg\" alt=\"\" width=\"1024\" height=\"719\" srcset=\"https:\/\/blogsaverroes.juntadeandalucia.es\/ceiplaslomas\/files\/2022\/09\/5814594478890138436_121-1024x719.jpg 1024w, https:\/\/blogsaverroes.juntadeandalucia.es\/ceiplaslomas\/files\/2022\/09\/5814594478890138436_121-300x211.jpg 300w, https:\/\/blogsaverroes.juntadeandalucia.es\/ceiplaslomas\/files\/2022\/09\/5814594478890138436_121-768x539.jpg 768w, https:\/\/blogsaverroes.juntadeandalucia.es\/ceiplaslomas\/files\/2022\/09\/5814594478890138436_121.jpg 1280w\" sizes=\"(max-width: 1024px) 100vw, 1024px\" \/><\/a><\/p>\n<p><a href=\"https:\/\/blogsaverroes.juntadeandalucia.es\/ceiplaslomas\/files\/2023\/04\/whatsapp-grupos-de-familias_page-0001.jpg\"><img loading=\"lazy\" decoding=\"async\" class=\"wp-image-15935 size-large aligncenter\" src=\"https:\/\/blogsaverroes.juntadeandalucia.es\/ceiplaslomas\/files\/2023\/04\/whatsapp-grupos-de-familias_page-0001-1024x1024.jpg\" alt=\"\" width=\"1024\" height=\"1024\" srcset=\"https:\/\/blogsaverroes.juntadeandalucia.es\/ceiplaslomas\/files\/2023\/04\/whatsapp-grupos-de-familias_page-0001-1024x1024.jpg 1024w, https:\/\/blogsaverroes.juntadeandalucia.es\/ceiplaslomas\/files\/2023\/04\/whatsapp-grupos-de-familias_page-0001-300x300.jpg 300w, https:\/\/blogsaverroes.juntadeandalucia.es\/ceiplaslomas\/files\/2023\/04\/whatsapp-grupos-de-familias_page-0001-150x150.jpg 150w, https:\/\/blogsaverroes.juntadeandalucia.es\/ceiplaslomas\/files\/2023\/04\/whatsapp-grupos-de-familias_page-0001-768x768.jpg 768w, https:\/\/blogsaverroes.juntadeandalucia.es\/ceiplaslomas\/files\/2023\/04\/whatsapp-grupos-de-familias_page-0001-1536x1536.jpg 1536w, https:\/\/blogsaverroes.juntadeandalucia.es\/ceiplaslomas\/files\/2023\/04\/whatsapp-grupos-de-familias_page-0001-80x80.jpg 80w, https:\/\/blogsaverroes.juntadeandalucia.es\/ceiplaslomas\/files\/2023\/04\/whatsapp-grupos-de-familias_page-0001-320x320.jpg 320w, https:\/\/blogsaverroes.juntadeandalucia.es\/ceiplaslomas\/files\/2023\/04\/whatsapp-grupos-de-familias_page-0001.jpg 1600w\" sizes=\"(max-width: 1024px) 100vw, 1024px\" \/><\/a><\/p>\n<\/div>\n<div>&nbsp;<\/div>\n","protected":false},"excerpt":{"rendered":"<p>Estimadas familias: Por medio de esta aplicaci\u00f3n, la comunicaci\u00f3n con las familias a trav\u00e9s del ordenador o tel\u00e9fono m\u00f3vil es m\u00e1s r\u00e1pida y eficaz.&nbsp; Aquellas familias que a\u00fan no la han puesto en marcha,&#46;&#46;&#46;<\/p>\n","protected":false},"author":5742,"featured_media":0,"parent":0,"menu_order":0,"comment_status":"closed","ping_status":"closed","template":"","meta":{"ngg_post_thumbnail":0,"footnotes":"","_mc_calendar":[]},"aioseo_notices":[],"_links":{"self":[{"href":"https:\/\/blogsaverroes.juntadeandalucia.es\/ceiplaslomas\/wp-json\/wp\/v2\/pages\/8357"}],"collection":[{"href":"https:\/\/blogsaverroes.juntadeandalucia.es\/ceiplaslomas\/wp-json\/wp\/v2\/pages"}],"about":[{"href":"https:\/\/blogsaverroes.juntadeandalucia.es\/ceiplaslomas\/wp-json\/wp\/v2\/types\/page"}],"author":[{"embeddable":true,"href":"https:\/\/blogsaverroes.juntadeandalucia.es\/ceiplaslomas\/wp-json\/wp\/v2\/users\/5742"}],"replies":[{"embeddable":true,"href":"https:\/\/blogsaverroes.juntadeandalucia.es\/ceiplaslomas\/wp-json\/wp\/v2\/comments?post=8357"}],"version-history":[{"count":46,"href":"https:\/\/blogsaverroes.juntadeandalucia.es\/ceiplaslomas\/wp-json\/wp\/v2\/pages\/8357\/revisions"}],"predecessor-version":[{"id":19842,"href":"https:\/\/blogsaverroes.juntadeandalucia.es\/ceiplaslomas\/wp-json\/wp\/v2\/pages\/8357\/revisions\/19842"}],"wp:attachment":[{"href":"https:\/\/blogsaverroes.juntadeandalucia.es\/ceiplaslomas\/wp-json\/wp\/v2\/media?parent=8357"}],"curies":[{"name":"wp","href":"https:\/\/api.w.org\/{rel}","templated":true}]}}