{"id":9915,"date":"2021-03-12T09:57:10","date_gmt":"2021-03-12T09:57:10","guid":{"rendered":"https:\/\/blogsaverroes.juntadeandalucia.es\/ceiplaslomas\/?page_id=9915"},"modified":"2026-03-15T19:16:03","modified_gmt":"2026-03-15T19:16:03","slug":"programas-medioambientales","status":"publish","type":"page","link":"https:\/\/blogsaverroes.juntadeandalucia.es\/ceiplaslomas\/programas-medioambientales\/","title":{"rendered":"COMPROMISO MEDIOAMBIENTAL"},"content":{"rendered":"<p style=\"text-align: justify\">Con nuestros proyectos despertamos el inter\u00e9s por el cuidado y la protecci\u00f3n del medio ambiente. Impulsamos en el alumnado la educaci\u00f3n y concienciaci\u00f3n en materia medioambiental, fomentando valores de respeto a la naturaleza y, sobre todo, el sentimiento de ser parte de ella.&nbsp;<\/p>\n<p style=\"text-align: justify\">La concienciaci\u00f3n y educaci\u00f3n medioambiental es un pilar b\u00e1sico de <strong>nuestro compromiso con el medioambiente<\/strong>.<\/p>\n<p><a href=\"https:\/\/blogsaverroes.juntadeandalucia.es\/ceiplaslomas\/files\/2020\/11\/aldea.jpg\"><img loading=\"lazy\" decoding=\"async\" class=\"wp-image-8740 size-medium aligncenter\" src=\"https:\/\/blogsaverroes.juntadeandalucia.es\/ceiplaslomas\/files\/2020\/11\/aldea-300x99.jpg\" alt=\"\" width=\"300\" height=\"99\" srcset=\"https:\/\/blogsaverroes.juntadeandalucia.es\/ceiplaslomas\/files\/2020\/11\/aldea-300x99.jpg 300w, https:\/\/blogsaverroes.juntadeandalucia.es\/ceiplaslomas\/files\/2020\/11\/aldea-24x8.jpg 24w, https:\/\/blogsaverroes.juntadeandalucia.es\/ceiplaslomas\/files\/2020\/11\/aldea-36x12.jpg 36w, https:\/\/blogsaverroes.juntadeandalucia.es\/ceiplaslomas\/files\/2020\/11\/aldea-48x16.jpg 48w, https:\/\/blogsaverroes.juntadeandalucia.es\/ceiplaslomas\/files\/2020\/11\/aldea.jpg 389w\" sizes=\"(max-width: 300px) 100vw, 300px\" \/><\/a><\/p>\n<p style=\"text-align: center\"><a href=\"https:\/\/blogsaverroes.juntadeandalucia.es\/ceiplaslomas\/category\/aldea\/\" target=\"_blank\" rel=\"noopener noreferrer\"><span style=\"color: #008000\">\u21d2 Programa <\/span><strong><span style=\"color: #008000\">ALDEA<\/span><\/strong><\/a><\/p>\n<p style=\"text-align: center\"><a href=\"https:\/\/programaaldealaslomasroquetasdemar.blogspot.com\/\" target=\"_blank\" rel=\"noopener noreferrer\">\u21d2 Blog <strong>ALDEA \u00ab<span style=\"color: #0000ff\">Sin<\/span> <span style=\"color: #0000ff\">azul<\/span> <span style=\"color: #008000\"><span style=\"color: #000000\">no<\/span> hay verde\u00bb<\/span><\/strong><\/a><\/p>\n<div style=\"text-align: justify\">\n<p>El Programa Aldea, coordinado durante varios cursos por la maestra Angus, actualmente es coordinado por el maestro Gonzalo.<\/p>\n<p class=\"cvGsUA direction-ltr align-justify para-style-title\"><span class=\"a_GcMg font-feature-liga-off font-feature-clig-off font-feature-calt-off text-decoration-none text-strikethrough-none\">Pretende promover el desarrollo de iniciativas de educaci\u00f3n ambiental ante la situaci\u00f3n de emergencia clim\u00e1tica actual, la conexi\u00f3n con la naturaleza y renaturalizaci\u00f3n de espacios, el cambio clim\u00e1tico, el desarrollo sostenible y las relaciones del ser humano con su entorno social y natural (competencia ecosocial).<\/span><\/p>\n<p>En concreto, este programa contempla los siguientes objetivos:<\/p>\n<ul>\n<li><span class=\"a_GcMg font-feature-liga-off font-feature-clig-off font-feature-calt-off text-decoration-none text-strikethrough-none\">Impulsar una educaci\u00f3n para la sostenibilidad basada en la participaci\u00f3n activa y la innovaci\u00f3n pedag\u00f3gica<\/span><\/li>\n<li><span class=\"a_GcMg font-feature-liga-off font-feature-clig-off font-feature-calt-off text-decoration-none text-strikethrough-none\">Desarrollar competencias ecosociales a trav\u00e9s de aprendizajes pr\u00e1cticos y conectados con el entorno natural.<\/span><\/li>\n<li><span class=\"a_GcMg font-feature-liga-off font-feature-clig-off font-feature-calt-off text-decoration-none text-strikethrough-none\">Potenciar el trabajo en equipo, la colaboraci\u00f3n en red y la creaci\u00f3n de comunidades educativas comprometidas con el medio ambiente.<\/span><\/li>\n<\/ul>\n<hr>\n<\/div>\n<p><a href=\"https:\/\/blogsaverroes.juntadeandalucia.es\/ceiplaslomas\/files\/2021\/10\/logo-huerto-escolar.png\"><img loading=\"lazy\" decoding=\"async\" class=\"wp-image-11556 size-thumbnail aligncenter\" src=\"https:\/\/blogsaverroes.juntadeandalucia.es\/ceiplaslomas\/files\/2021\/10\/logo-huerto-escolar-150x150.png\" alt=\"\" width=\"150\" height=\"150\" srcset=\"https:\/\/blogsaverroes.juntadeandalucia.es\/ceiplaslomas\/files\/2021\/10\/logo-huerto-escolar-150x150.png 150w, https:\/\/blogsaverroes.juntadeandalucia.es\/ceiplaslomas\/files\/2021\/10\/logo-huerto-escolar-300x300.png 300w, https:\/\/blogsaverroes.juntadeandalucia.es\/ceiplaslomas\/files\/2021\/10\/logo-huerto-escolar-80x80.png 80w, https:\/\/blogsaverroes.juntadeandalucia.es\/ceiplaslomas\/files\/2021\/10\/logo-huerto-escolar-320x320.png 320w, https:\/\/blogsaverroes.juntadeandalucia.es\/ceiplaslomas\/files\/2021\/10\/logo-huerto-escolar.png 500w\" sizes=\"(max-width: 150px) 100vw, 150px\" \/><\/a><\/p>\n<p style=\"text-align: justify\">Desde el <span style=\"color: #000000\"><strong>Programa educativo ALDEA<\/strong><\/span>, l\u00ednea huertos escolares, se pone en funcionamiento <strong><span style=\"color: #0000ff\">\u00abNuestro Huerto Escolar\u00bb, <\/span><\/strong>coordinado por la maestro Gonzalo. El CEIP Las Lomas apuesta por este recurso pedag\u00f3gico-did\u00e1ctico para estimular, motivar y concienciar a nuestros alumnos y alumnas sobre el respeto, cuidado e importancia del medio ambiente. Se trata de sacar partido del espacio al aire libre con el que contamos en nuestra escuela y de poner en contacto a nuestro alumnado con actividades pr\u00e1cticas, para que trabajen de forma globalizada los contenidos de las diferentes \u00e1reas del desarrollo general del ni\u00f1o\/a. El huerto escolar, nos ofrece la oportunidad de ense\u00f1ar y aprender creciendo en valores de respeto hacia las personas y el entorno.&nbsp;<\/p>\n<p style=\"text-align: center\"><a href=\"https:\/\/nuestrohuertoescolarceiplaslomas.blogspot.com\/\" target=\"_blank\" rel=\"noopener noreferrer\">\u21d2 Blog <strong><span style=\"color: #ff0000\">\u00abNuestro<\/span> <span style=\"color: #99cc00\">huerto<\/span> <span style=\"color: #ff6600\">escolar\u00bb<\/span><\/strong><\/a><\/p>\n<hr>\n<p style=\"text-align: justify\"><a href=\"https:\/\/blogsaverroes.juntadeandalucia.es\/ceiplaslomas\/files\/2022\/10\/Sello-Juanita-imagen.jpg\"><img loading=\"lazy\" decoding=\"async\" class=\"aligncenter wp-image-13456 size-thumbnail\" src=\"https:\/\/blogsaverroes.juntadeandalucia.es\/ceiplaslomas\/files\/2022\/10\/Sello-Juanita-imagen-e1666806952703-150x150.jpg\" alt=\"\" width=\"150\" height=\"150\" srcset=\"https:\/\/blogsaverroes.juntadeandalucia.es\/ceiplaslomas\/files\/2022\/10\/Sello-Juanita-imagen-e1666806952703-150x150.jpg 150w, https:\/\/blogsaverroes.juntadeandalucia.es\/ceiplaslomas\/files\/2022\/10\/Sello-Juanita-imagen-e1666806952703-80x80.jpg 80w, https:\/\/blogsaverroes.juntadeandalucia.es\/ceiplaslomas\/files\/2022\/10\/Sello-Juanita-imagen-e1666806952703-320x320.jpg 320w\" sizes=\"(max-width: 150px) 100vw, 150px\" \/><\/a><strong><span style=\"color: #ff6600\">\u00abEl Jard\u00edn de Juanita\u00bb<\/span>, <\/strong>coordinado por la maestra D\u00f1a. Julia Montoya, es una propuesta de filosof\u00eda l\u00fadica vinculada a la creaci\u00f3n de un Jard\u00edn partiendo de un cuento infantil, La Mariquita Juanita, de Ang\u00e9lica S\u00e1tiro. Una acci\u00f3n micropol\u00edtica en los diferentes contextos, generados por las manos de los\/as ni\u00f1os\/as con ayuda de todos los sectores de la comunidad Educativa y, abiertos a la participaci\u00f3n de agentes externos, organismos, empresas, otras escuelas. Visibilizar la dignidad de la infancia, darles voz y escucharlos, lo que aporta el bien com\u00fan a su colectividad, desde su propia capacidad de participar son pilares b\u00e1sicos en nuestro proyecto, as\u00ed como el Cuidado del Medio Ambiente, haci\u00e9ndoles ciudadanos que act\u00faan en consecuencia, son cr\u00edticos con lo que sucede en su entorno y creativos con las soluciones y las propuestas.<\/p>\n<p style=\"text-align: center\"><a href=\"https:\/\/blogsaverroes.juntadeandalucia.es\/ceiplaslomas\/category\/el-jardin-ecologico-de-la-mariquita-juanita\/\" target=\"_blank\" rel=\"noopener noreferrer\">\u21d2 Proyecto <span style=\"color: #ff0000\"><strong><span style=\"color: #000000\">EL<\/span> JARD\u00cdN <span style=\"color: #000000\">DE<span style=\"color: #ff0000\"> LA<\/span> MARIQUITA<\/span> JUANITA<\/strong><\/span><\/a><\/p>\n<p style=\"text-align: center\"><a href=\"https:\/\/eljardindejuanita19.blogspot.com\/?m=0\" target=\"_blank\" rel=\"noopener noreferrer\">\u21d2 Blog <span style=\"color: #000000\">\u00ab<\/span><strong><span style=\"color: #000000\">El<\/span> <span style=\"color: #ff0000\">jard\u00edn<\/span> <span style=\"color: #000000\">de<\/span> <span style=\"color: #ff0000\">la<\/span> <span style=\"color: #000000\">mariquita<\/span> <span style=\"color: #ff0000\">Juanita\u00bb<\/span><\/strong><\/a><\/p>\n<hr>\n<p><a href=\"https:\/\/blogsaverroes.juntadeandalucia.es\/ceiplaslomas\/files\/2021\/10\/invesclima.jpg\"><img loading=\"lazy\" decoding=\"async\" class=\"wp-image-11419 size-full aligncenter\" src=\"https:\/\/blogsaverroes.juntadeandalucia.es\/ceiplaslomas\/files\/2021\/10\/invesclima.jpg\" alt=\"\" width=\"300\" height=\"190\"><\/a><\/p>\n<p style=\"text-align: justify\">Participamos en el <strong><span style=\"color: #0000ff\">Proyecto<\/span><\/strong>&nbsp;<strong>\u201cInvestigaci\u00f3n escolar para la adaptaci\u00f3n al cambio clim\u00e1tico del municipio de Roquetas de Mar\u201d <span style=\"color: #0000ff\">INVESCLIMA<\/span><\/strong>&nbsp;del \u00e1rea de Medio Ambiente del Ayuntamiento de Roquetas de Mar en colaboraci\u00f3n con la Universidad de Almer\u00eda.<\/p>\n<p style=\"text-align: justify\">El principal objetivo es encontrar indicadores que contribuyan a generar pol\u00edticas reales de adaptaci\u00f3n o mitigaci\u00f3n del cambio clim\u00e1tico. Est\u00e1 dirigido al alumnado del tercer ciclo de educaci\u00f3n primaria y lo coordina en nuestro colegio la maestra D\u00f1a. Pilar M\u00e9ndez.<\/p>\n<p style=\"text-align: center\"><a href=\"https:\/\/blogsaverroes.juntadeandalucia.es\/ceiplaslomas\/proyecto-invesclima\/\" target=\"_blank\" rel=\"noopener noreferrer\">\u21d2 <strong>Proyecto de <span style=\"color: #339966\">Educaci\u00f3n Ambiental<\/span> <span style=\"color: #0000ff\">\u00abINVESCLIMA\u00bb<\/span><\/strong><\/a><\/p>\n<hr>\n<p><a href=\"https:\/\/blogsaverroes.juntadeandalucia.es\/ceiplaslomas\/2022\/10\/26\/iv-jornadas-de-agroecologia\/\"><img loading=\"lazy\" decoding=\"async\" class=\"wp-image-13549 size-medium aligncenter\" src=\"https:\/\/blogsaverroes.juntadeandalucia.es\/ceiplaslomas\/files\/2022\/10\/Cartel-cabecera1-300x121.png\" alt=\"\" width=\"300\" height=\"121\" srcset=\"https:\/\/blogsaverroes.juntadeandalucia.es\/ceiplaslomas\/files\/2022\/10\/Cartel-cabecera1-300x121.png 300w, https:\/\/blogsaverroes.juntadeandalucia.es\/ceiplaslomas\/files\/2022\/10\/Cartel-cabecera1-1024x411.png 1024w, https:\/\/blogsaverroes.juntadeandalucia.es\/ceiplaslomas\/files\/2022\/10\/Cartel-cabecera1-768x309.png 768w, https:\/\/blogsaverroes.juntadeandalucia.es\/ceiplaslomas\/files\/2022\/10\/Cartel-cabecera1-1536x617.png 1536w, https:\/\/blogsaverroes.juntadeandalucia.es\/ceiplaslomas\/files\/2022\/10\/Cartel-cabecera1.png 1600w\" sizes=\"(max-width: 300px) 100vw, 300px\" \/><\/a><\/p>\n<p>&nbsp; &nbsp; &nbsp; &nbsp; &nbsp; &nbsp; &nbsp; &nbsp; &nbsp; &nbsp; &nbsp; &nbsp; &nbsp; &nbsp; &nbsp; &nbsp; &nbsp; &nbsp; &nbsp; &nbsp; &nbsp; &nbsp; &nbsp; &nbsp; &nbsp; &nbsp; &nbsp; &nbsp; &nbsp; &nbsp; &nbsp; &nbsp; &nbsp; &nbsp; &nbsp; &nbsp; &nbsp; &nbsp; &nbsp; &nbsp; &nbsp; &nbsp; &nbsp; &nbsp; &nbsp; &nbsp; &nbsp; &nbsp; &nbsp; &nbsp; &nbsp; &nbsp; &nbsp; &nbsp; &nbsp; &nbsp; &nbsp; &nbsp; &nbsp; &nbsp;<\/p>\n<p>Pinche sobre la imagen para m\u00e1s informaci\u00f3n.<\/p>\n<hr>\n<p style=\"text-align: center\"><a href=\"https:\/\/blogsaverroes.juntadeandalucia.es\/ceiplaslomas\/files\/2023\/01\/Protocolo-MEDIOAMBIENTAL-CEIP-LAS-LOMAS_page-0001.jpg\"><img loading=\"lazy\" decoding=\"async\" class=\"alignnone wp-image-14426 size-large\" src=\"https:\/\/blogsaverroes.juntadeandalucia.es\/ceiplaslomas\/files\/2023\/01\/Protocolo-MEDIOAMBIENTAL-CEIP-LAS-LOMAS_page-0001-725x1024.jpg\" alt=\"\" width=\"725\" height=\"1024\" srcset=\"https:\/\/blogsaverroes.juntadeandalucia.es\/ceiplaslomas\/files\/2023\/01\/Protocolo-MEDIOAMBIENTAL-CEIP-LAS-LOMAS_page-0001-725x1024.jpg 725w, https:\/\/blogsaverroes.juntadeandalucia.es\/ceiplaslomas\/files\/2023\/01\/Protocolo-MEDIOAMBIENTAL-CEIP-LAS-LOMAS_page-0001-212x300.jpg 212w, https:\/\/blogsaverroes.juntadeandalucia.es\/ceiplaslomas\/files\/2023\/01\/Protocolo-MEDIOAMBIENTAL-CEIP-LAS-LOMAS_page-0001-768x1085.jpg 768w, https:\/\/blogsaverroes.juntadeandalucia.es\/ceiplaslomas\/files\/2023\/01\/Protocolo-MEDIOAMBIENTAL-CEIP-LAS-LOMAS_page-0001-1087x1536.jpg 1087w, https:\/\/blogsaverroes.juntadeandalucia.es\/ceiplaslomas\/files\/2023\/01\/Protocolo-MEDIOAMBIENTAL-CEIP-LAS-LOMAS_page-0001.jpg 1132w\" sizes=\"(max-width: 725px) 100vw, 725px\" \/><\/a><\/p>\n<p>&nbsp;<\/p>\n","protected":false},"excerpt":{"rendered":"<p>Con nuestros proyectos despertamos el inter\u00e9s por el cuidado y la protecci\u00f3n del medio ambiente. Impulsamos en el alumnado la educaci\u00f3n y concienciaci\u00f3n en materia medioambiental, fomentando valores de respeto a la naturaleza y,&#46;&#46;&#46;<\/p>\n","protected":false},"author":5742,"featured_media":0,"parent":0,"menu_order":0,"comment_status":"closed","ping_status":"closed","template":"","meta":{"ngg_post_thumbnail":0,"footnotes":"","_mc_calendar":[]},"aioseo_notices":[],"_links":{"self":[{"href":"https:\/\/blogsaverroes.juntadeandalucia.es\/ceiplaslomas\/wp-json\/wp\/v2\/pages\/9915"}],"collection":[{"href":"https:\/\/blogsaverroes.juntadeandalucia.es\/ceiplaslomas\/wp-json\/wp\/v2\/pages"}],"about":[{"href":"https:\/\/blogsaverroes.juntadeandalucia.es\/ceiplaslomas\/wp-json\/wp\/v2\/types\/page"}],"author":[{"embeddable":true,"href":"https:\/\/blogsaverroes.juntadeandalucia.es\/ceiplaslomas\/wp-json\/wp\/v2\/users\/5742"}],"replies":[{"embeddable":true,"href":"https:\/\/blogsaverroes.juntadeandalucia.es\/ceiplaslomas\/wp-json\/wp\/v2\/comments?post=9915"}],"version-history":[{"count":57,"href":"https:\/\/blogsaverroes.juntadeandalucia.es\/ceiplaslomas\/wp-json\/wp\/v2\/pages\/9915\/revisions"}],"predecessor-version":[{"id":21326,"href":"https:\/\/blogsaverroes.juntadeandalucia.es\/ceiplaslomas\/wp-json\/wp\/v2\/pages\/9915\/revisions\/21326"}],"wp:attachment":[{"href":"https:\/\/blogsaverroes.juntadeandalucia.es\/ceiplaslomas\/wp-json\/wp\/v2\/media?parent=9915"}],"curies":[{"name":"wp","href":"https:\/\/api.w.org\/{rel}","templated":true}]}}