{"id":141,"date":"2015-03-17T07:13:24","date_gmt":"2015-03-17T07:13:24","guid":{"rendered":"http:\/\/blogsaverroes.juntadeandalucia.es\/pre\/ceip\/?page_id=141"},"modified":"2022-02-25T16:30:23","modified_gmt":"2022-02-25T16:30:23","slug":"escolarizacion","status":"publish","type":"page","link":"https:\/\/blogsaverroes.juntadeandalucia.es\/ceiplasmellizas\/secretaria\/escolarizacion\/","title":{"rendered":"Escolarizaci\u00f3n"},"content":{"rendered":"<p style=\"text-align: justify\">Esta secci\u00f3n contiene cuanta informaci\u00f3n sea de utilidad para las familias a la hora de iniciar <strong>el proceso de escolarizaci\u00f3n<\/strong>: plazos, documentos, normativa, enlaces, etc.<\/p>\n<p>El proceso de escolarizaci\u00f3n para el nuevo alumnado que quiera cursar estudios en nuestro centro , comienza con la solicitud de admisi\u00f3n, a partir de marzo.&nbsp;<\/p>\n<p style=\"text-align: center\"><strong><em>Curso 2022\/2023<\/em><\/strong><\/p>\n<p style=\"text-align: left\"><span style=\"text-decoration: underline\"><em>Calendario y baremo:<\/em><\/span><\/p>\n<p><iframe loading=\"lazy\" src=\"https:\/\/drive.google.com\/file\/d\/1L0VOWXld1sBwCqPPeomtFgp5Id-N6tC9\/preview\" width=\"640\" height=\"480\"><\/iframe><\/p>\n<p><span style=\"text-decoration: underline\"><em>Mapa de influencia y callejero:<\/em><\/span><\/p>\n<p><iframe loading=\"lazy\" src=\"https:\/\/drive.google.com\/file\/d\/1L31ZVNQjwVeGN2JgsgZutmK-hgBPdPnp\/preview\" width=\"640\" height=\"480\"><\/iframe><\/p>\n<p><span style=\"text-decoration: underline\"><em>Documentaci\u00f3n Inicial procedimiento de admisi\u00f3n curso 2022\/2023:<\/em><\/span><\/p>\n<p><iframe loading=\"lazy\" src=\"https:\/\/drive.google.com\/file\/d\/1L33HE1iSwQWMoRp1r7L_LAlDScn59s8i\/preview\" width=\"640\" height=\"480\"><\/iframe><\/p>\n<p><iframe loading=\"lazy\" src=\"https:\/\/drive.google.com\/file\/d\/1L4JubKBA8URXZaGsin4yxi1zFOG0bbGq\/preview\" width=\"640\" height=\"480\"><\/iframe><\/p>\n<p>&nbsp;<\/p>\n<p style=\"text-align: justify\"><a href=\"https:\/\/www.juntadeandalucia.es\/educacion\/portals\/web\/escolarizacion\/inicio?p_p_auth=9IdZVBM2&amp;p_p_id=49&amp;p_p_lifecycle=1&amp;p_p_state=normal&amp;p_p_mode=view&amp;_49_struts_action=%2Fmy_sites%2Fview&amp;_49_groupId=22069&amp;_49_privateLayout=false\" target=\"_blank\" rel=\"noopener noreferrer\">Enlace al portal de escolarizaci\u00f3n.<\/a><\/p>\n<p style=\"text-align: justify\"><a href=\"https:\/\/www.juntadeandalucia.es\/educacion\/portals\/web\/escolarizacion\/infantil-a-bachillerato\/normativa\" target=\"_blank\" rel=\"noopener noreferrer\">Normativa&nbsp;sobre el proceso de escolarizaci\u00f3n.<\/a><\/p>\n<h4>&nbsp;<\/h4>\n<h3>Im\u00e1genes Relacionadas:<\/h3>","protected":false},"excerpt":{"rendered":"<p>Esta secci\u00f3n contiene cuanta informaci\u00f3n sea de utilidad para las familias a la hora de iniciar el proceso de escolarizaci\u00f3n: plazos, documentos, normativa, enlaces, etc. El proceso de escolarizaci\u00f3n para el nuevo alumnado que quiera cursar estudios en nuestro centro , comienza con la solicitud de admisi\u00f3n, a partir de marzo.&nbsp; Curso 2022\/2023 Calendario y &hellip; <\/p>\n<p class=\"link-more\"><a href=\"https:\/\/blogsaverroes.juntadeandalucia.es\/ceiplasmellizas\/secretaria\/escolarizacion\/\" class=\"more-link\">Continuar leyendo<span class=\"screen-reader-text\"> \u00abEscolarizaci\u00f3n\u00bb<\/span><\/a><\/p>\n","protected":false},"author":1,"featured_media":0,"parent":77,"menu_order":0,"comment_status":"closed","ping_status":"closed","template":"","meta":{"ngg_post_thumbnail":0,"footnotes":"","_mc_calendar":[]},"aioseo_notices":[],"_links":{"self":[{"href":"https:\/\/blogsaverroes.juntadeandalucia.es\/ceiplasmellizas\/wp-json\/wp\/v2\/pages\/141"}],"collection":[{"href":"https:\/\/blogsaverroes.juntadeandalucia.es\/ceiplasmellizas\/wp-json\/wp\/v2\/pages"}],"about":[{"href":"https:\/\/blogsaverroes.juntadeandalucia.es\/ceiplasmellizas\/wp-json\/wp\/v2\/types\/page"}],"author":[{"embeddable":true,"href":"https:\/\/blogsaverroes.juntadeandalucia.es\/ceiplasmellizas\/wp-json\/wp\/v2\/users\/1"}],"replies":[{"embeddable":true,"href":"https:\/\/blogsaverroes.juntadeandalucia.es\/ceiplasmellizas\/wp-json\/wp\/v2\/comments?post=141"}],"version-history":[{"count":15,"href":"https:\/\/blogsaverroes.juntadeandalucia.es\/ceiplasmellizas\/wp-json\/wp\/v2\/pages\/141\/revisions"}],"predecessor-version":[{"id":4860,"href":"https:\/\/blogsaverroes.juntadeandalucia.es\/ceiplasmellizas\/wp-json\/wp\/v2\/pages\/141\/revisions\/4860"}],"up":[{"embeddable":true,"href":"https:\/\/blogsaverroes.juntadeandalucia.es\/ceiplasmellizas\/wp-json\/wp\/v2\/pages\/77"}],"wp:attachment":[{"href":"https:\/\/blogsaverroes.juntadeandalucia.es\/ceiplasmellizas\/wp-json\/wp\/v2\/media?parent=141"}],"curies":[{"name":"wp","href":"https:\/\/api.w.org\/{rel}","templated":true}]}}