{"id":2318,"date":"2023-08-26T13:09:15","date_gmt":"2023-08-26T13:09:15","guid":{"rendered":"https:\/\/blogsaverroes.juntadeandalucia.es\/ceiplasnieves\/?page_id=2318"},"modified":"2023-08-28T20:48:44","modified_gmt":"2023-08-28T20:48:44","slug":"proyecto-educativo","status":"publish","type":"page","link":"https:\/\/blogsaverroes.juntadeandalucia.es\/ceiplasnieves\/proyecto-educativo\/","title":{"rendered":"Proyecto Educativo"},"content":{"rendered":"<p dir=\"ltr\" style=\"text-align: center\"><a href=\"https:\/\/blogsaverroes.juntadeandalucia.es\/ceiplasnieves\/files\/2023\/08\/dimensiones.jpg\"><img loading=\"lazy\" decoding=\"async\" class=\"alignnone wp-image-2321\" src=\"https:\/\/blogsaverroes.juntadeandalucia.es\/ceiplasnieves\/files\/2023\/08\/dimensiones-300x156.jpg\" alt=\"\" width=\"475\" height=\"247\" srcset=\"https:\/\/blogsaverroes.juntadeandalucia.es\/ceiplasnieves\/files\/2023\/08\/dimensiones-300x156.jpg 300w, https:\/\/blogsaverroes.juntadeandalucia.es\/ceiplasnieves\/files\/2023\/08\/dimensiones-768x400.jpg 768w, https:\/\/blogsaverroes.juntadeandalucia.es\/ceiplasnieves\/files\/2023\/08\/dimensiones.jpg 986w\" sizes=\"(max-width: 475px) 100vw, 475px\" \/><\/a><\/p>\n<p class=\"CDt4Ke zfr3Q\" dir=\"ltr\">Ajust\u00e1ndose a lo estipulado en la normativa correspondiente al Reglamento de Organizaci\u00f3n de Centros de Educaci\u00f3n Infantil y Primaria,&nbsp; se ofrece al p\u00fablico en general la documentaci\u00f3n acad\u00e9mica de nuestro Colegio, la cual se puede consultar desde este sitio web.<\/p>\n<p class=\"CDt4Ke zfr3Q\" dir=\"ltr\">El Plan de Centro del CEIP LAS NIEVES comprende los siguientes elementos prescriptivos referenciados en la normativa:<\/p>\n<p class=\"CDt4Ke zfr3Q\" dir=\"ltr\">\u2013 Proyecto Educativo.<\/p>\n<p class=\"CDt4Ke zfr3Q\" dir=\"ltr\">\u2013 Reglamento de Organizaci\u00f3n y Funcionamiento.<\/p>\n<p class=\"CDt4Ke zfr3Q\" dir=\"ltr\">\u2013 Proyecto de Gesti\u00f3n.<\/p>\n<p class=\"CDt4Ke zfr3Q\" dir=\"ltr\"><strong>El Proyecto Educativo del Centro<\/strong> recoge los valores, los objetivos, las prioridades y las formas de actuaci\u00f3n. Asimismo, incorpora la concreci\u00f3n del curr\u00edculum establecido por la Administraci\u00f3n educativa fijado y aprobado por el Claustro, as\u00ed como el tratamiento transversal en las \u00e1reas, materias o \u00e1mbitos de la educaci\u00f3n en valores y otras ense\u00f1anzas. Tal Proyecto tiene en cuenta las caracter\u00edsticas del entorno social y cultural del Centro, recoge la forma de atenci\u00f3n a la diversidad del alumnado y la acci\u00f3n tutorial, as\u00ed como el plan de convivencia, respetando el principio de no discriminaci\u00f3n y de inclusi\u00f3n educativa como valores fundamentales.<\/p>\n<p class=\"CDt4Ke zfr3Q\" dir=\"ltr\"><strong>El Reglamento de Organizaci\u00f3n y Funcionamiento<\/strong> recoge las normas organizativas y funcionales que facilitan un clima de trabajo adecuado para que logremos alcanzar los objetivos que nos hemos planteado. Asimismo, permite mantener un ambiente de respeto, confianza y colaboraci\u00f3n entre todos los sectores de la comunidad educativa.<\/p>\n<p class=\"CDt4Ke zfr3Q\" dir=\"ltr\"><strong>El Proyecto de Gesti\u00f3n<\/strong> es el que recoge la ordenaci\u00f3n y utilizaci\u00f3n de los recursos del centro, tanto materiales como humanos.<\/p>\n<p dir=\"ltr\"><a href=\"https:\/\/blogsaverroes.juntadeandalucia.es\/ceiplasnieves\/files\/2023\/08\/docs_centro.jpg\"><img loading=\"lazy\" decoding=\"async\" class=\"wp-image-2350 aligncenter\" src=\"https:\/\/blogsaverroes.juntadeandalucia.es\/ceiplasnieves\/files\/2023\/08\/docs_centro-300x244.jpg\" alt=\"\" width=\"219\" height=\"178\" srcset=\"https:\/\/blogsaverroes.juntadeandalucia.es\/ceiplasnieves\/files\/2023\/08\/docs_centro-300x244.jpg 300w, https:\/\/blogsaverroes.juntadeandalucia.es\/ceiplasnieves\/files\/2023\/08\/docs_centro.jpg 317w\" sizes=\"(max-width: 219px) 100vw, 219px\" \/><\/a><a href=\"https:\/\/blogsaverroes.juntadeandalucia.es\/ceiplasnieves\/files\/2023\/08\/planes-propios.jpg\"><img loading=\"lazy\" decoding=\"async\" class=\" wp-image-2351 aligncenter\" src=\"https:\/\/blogsaverroes.juntadeandalucia.es\/ceiplasnieves\/files\/2023\/08\/planes-propios-284x300.jpg\" alt=\"\" width=\"308\" height=\"325\" srcset=\"https:\/\/blogsaverroes.juntadeandalucia.es\/ceiplasnieves\/files\/2023\/08\/planes-propios-284x300.jpg 284w, https:\/\/blogsaverroes.juntadeandalucia.es\/ceiplasnieves\/files\/2023\/08\/planes-propios.jpg 384w\" sizes=\"(max-width: 308px) 100vw, 308px\" \/><\/a><a href=\"https:\/\/blogsaverroes.juntadeandalucia.es\/ceiplasnieves\/files\/2023\/08\/planes-y-proyectos.jpg\"><img loading=\"lazy\" decoding=\"async\" class=\"wp-image-2352 aligncenter\" src=\"https:\/\/blogsaverroes.juntadeandalucia.es\/ceiplasnieves\/files\/2023\/08\/planes-y-proyectos-300x230.jpg\" alt=\"\" width=\"590\" height=\"452\" srcset=\"https:\/\/blogsaverroes.juntadeandalucia.es\/ceiplasnieves\/files\/2023\/08\/planes-y-proyectos-300x230.jpg 300w, https:\/\/blogsaverroes.juntadeandalucia.es\/ceiplasnieves\/files\/2023\/08\/planes-y-proyectos-768x589.jpg 768w, https:\/\/blogsaverroes.juntadeandalucia.es\/ceiplasnieves\/files\/2023\/08\/planes-y-proyectos.jpg 800w\" sizes=\"(max-width: 590px) 100vw, 590px\" \/><\/a><\/p>\n","protected":false},"excerpt":{"rendered":"<p>Ajust\u00e1ndose a lo estipulado en la normativa correspondiente al Reglamento de Organizaci\u00f3n de Centros de Educaci\u00f3n Infantil y Primaria,&nbsp; se ofrece al p\u00fablico en general&hellip;<\/p>\n","protected":false},"author":11407,"featured_media":0,"parent":0,"menu_order":0,"comment_status":"closed","ping_status":"closed","template":"","meta":{"ngg_post_thumbnail":0,"footnotes":"","_mc_calendar":[]},"aioseo_notices":[],"_links":{"self":[{"href":"https:\/\/blogsaverroes.juntadeandalucia.es\/ceiplasnieves\/wp-json\/wp\/v2\/pages\/2318"}],"collection":[{"href":"https:\/\/blogsaverroes.juntadeandalucia.es\/ceiplasnieves\/wp-json\/wp\/v2\/pages"}],"about":[{"href":"https:\/\/blogsaverroes.juntadeandalucia.es\/ceiplasnieves\/wp-json\/wp\/v2\/types\/page"}],"author":[{"embeddable":true,"href":"https:\/\/blogsaverroes.juntadeandalucia.es\/ceiplasnieves\/wp-json\/wp\/v2\/users\/11407"}],"replies":[{"embeddable":true,"href":"https:\/\/blogsaverroes.juntadeandalucia.es\/ceiplasnieves\/wp-json\/wp\/v2\/comments?post=2318"}],"version-history":[{"count":8,"href":"https:\/\/blogsaverroes.juntadeandalucia.es\/ceiplasnieves\/wp-json\/wp\/v2\/pages\/2318\/revisions"}],"predecessor-version":[{"id":2398,"href":"https:\/\/blogsaverroes.juntadeandalucia.es\/ceiplasnieves\/wp-json\/wp\/v2\/pages\/2318\/revisions\/2398"}],"wp:attachment":[{"href":"https:\/\/blogsaverroes.juntadeandalucia.es\/ceiplasnieves\/wp-json\/wp\/v2\/media?parent=2318"}],"curies":[{"name":"wp","href":"https:\/\/api.w.org\/{rel}","templated":true}]}}

<p dir="ltr" style="text-align: center"><a href="https://blogsaverroes.juntadeandalucia.es/ceiplasnieves/files/2023/08/dimensiones.jpg"><img loading="lazy" decoding="async" class="alignnone wp-image-2321" src="https://blogsaverroes.juntadeandalucia.es/ceiplasnieves/files/2023/08/dimensiones-300x156.jpg" alt="" width="475" height="247" srcset="https://blogsaverroes.juntadeandalucia.es/ceiplasnieves/files/2023/08/dimensiones-300x156.jpg 300w, https://blogsaverroes.juntadeandalucia.es/ceiplasnieves/files/2023/08/dimensiones-768x400.jpg 768w, https://blogsaverroes.juntadeandalucia.es/ceiplasnieves/files/2023/08/dimensiones.jpg 986w" sizes="(max-width: 475px) 100vw, 475px" /></a></p>
<p class="CDt4Ke zfr3Q" dir="ltr">Ajustándose a lo estipulado en la normativa correspondiente al Reglamento de Organización de Centros de Educación Infantil y Primaria,&nbsp; se ofrece al público en general la documentación académica de nuestro Colegio, la cual se puede consultar desde este sitio web.</p>
<p class="CDt4Ke zfr3Q" dir="ltr">El Plan de Centro del CEIP LAS NIEVES comprende los siguientes elementos prescriptivos referenciados en la normativa:</p>
<p class="CDt4Ke zfr3Q" dir="ltr">– Proyecto Educativo.</p>
<p class="CDt4Ke zfr3Q" dir="ltr">– Reglamento de Organización y Funcionamiento.</p>
<p class="CDt4Ke zfr3Q" dir="ltr">– Proyecto de Gestión.</p>
<p class="CDt4Ke zfr3Q" dir="ltr"><strong>El Proyecto Educativo del Centro</strong> recoge los valores, los objetivos, las prioridades y las formas de actuación. Asimismo, incorpora la concreción del currículum establecido por la Administración educativa fijado y aprobado por el Claustro, así como el tratamiento transversal en las áreas, materias o ámbitos de la educación en valores y otras enseñanzas. Tal Proyecto tiene en cuenta las características del entorno social y cultural del Centro, recoge la forma de atención a la diversidad del alumnado y la acción tutorial, así como el plan de convivencia, respetando el principio de no discriminación y de inclusión educativa como valores fundamentales.</p>
<p class="CDt4Ke zfr3Q" dir="ltr"><strong>El Reglamento de Organización y Funcionamiento</strong> recoge las normas organizativas y funcionales que facilitan un clima de trabajo adecuado para que logremos alcanzar los objetivos que nos hemos planteado. Asimismo, permite mantener un ambiente de respeto, confianza y colaboración entre todos los sectores de la comunidad educativa.</p>
<p class="CDt4Ke zfr3Q" dir="ltr"><strong>El Proyecto de Gestión</strong> es el que recoge la ordenación y utilización de los recursos del centro, tanto materiales como humanos.</p>
<p dir="ltr"><a href="https://blogsaverroes.juntadeandalucia.es/ceiplasnieves/files/2023/08/docs_centro.jpg"><img loading="lazy" decoding="async" class="wp-image-2350 aligncenter" src="https://blogsaverroes.juntadeandalucia.es/ceiplasnieves/files/2023/08/docs_centro-300x244.jpg" alt="" width="219" height="178" srcset="https://blogsaverroes.juntadeandalucia.es/ceiplasnieves/files/2023/08/docs_centro-300x244.jpg 300w, https://blogsaverroes.juntadeandalucia.es/ceiplasnieves/files/2023/08/docs_centro.jpg 317w" sizes="(max-width: 219px) 100vw, 219px" /></a><a href="https://blogsaverroes.juntadeandalucia.es/ceiplasnieves/files/2023/08/planes-propios.jpg"><img loading="lazy" decoding="async" class=" wp-image-2351 aligncenter" src="https://blogsaverroes.juntadeandalucia.es/ceiplasnieves/files/2023/08/planes-propios-284x300.jpg" alt="" width="308" height="325" srcset="https://blogsaverroes.juntadeandalucia.es/ceiplasnieves/files/2023/08/planes-propios-284x300.jpg 284w, https://blogsaverroes.juntadeandalucia.es/ceiplasnieves/files/2023/08/planes-propios.jpg 384w" sizes="(max-width: 308px) 100vw, 308px" /></a><a href="https://blogsaverroes.juntadeandalucia.es/ceiplasnieves/files/2023/08/planes-y-proyectos.jpg"><img loading="lazy" decoding="async" class="wp-image-2352 aligncenter" src="https://blogsaverroes.juntadeandalucia.es/ceiplasnieves/files/2023/08/planes-y-proyectos-300x230.jpg" alt="" width="590" height="452" srcset="https://blogsaverroes.juntadeandalucia.es/ceiplasnieves/files/2023/08/planes-y-proyectos-300x230.jpg 300w, https://blogsaverroes.juntadeandalucia.es/ceiplasnieves/files/2023/08/planes-y-proyectos-768x589.jpg 768w, https://blogsaverroes.juntadeandalucia.es/ceiplasnieves/files/2023/08/planes-y-proyectos.jpg 800w" sizes="(max-width: 590px) 100vw, 590px" /></a></p>

<p>Ajustándose a lo estipulado en la normativa correspondiente al Reglamento de Organización de Centros de Educación Infantil y Primaria,&nbsp; se ofrece al público en general&hellip;</p>
