{"id":99,"date":"2015-03-16T07:22:54","date_gmt":"2015-03-16T07:22:54","guid":{"rendered":"http:\/\/blogsaverroes.juntadeandalucia.es\/pre\/ceip\/?page_id=99"},"modified":"2023-08-28T22:54:26","modified_gmt":"2023-08-28T22:54:26","slug":"apertura","status":"publish","type":"page","link":"https:\/\/blogsaverroes.juntadeandalucia.es\/ceiplasnieves\/apertura\/","title":{"rendered":"Plan de Apertura"},"content":{"rendered":"ngg_shortcode_0_placeholder\n<h4>En esta p\u00e1gina les mostramos las actividades que el Centro desarrolla. Tanto las que pertenecen al Plan de Apertura (Aula matinal, Comedor Escolar y Act. Extraescolares) como las que desarrollamos a trav\u00e9s de diferentes Programas de la Junta de Andaluc\u00eda, como son Escuelas Deportivas y el Programa de Refuerzo y Orientaci\u00f3n Acad\u00e9mica.<\/h4>\n<h4><a href=\"https:\/\/blogsaverroes.juntadeandalucia.es\/ceiplasnieves\/files\/2023\/08\/plan-apertura.jpg\"><img loading=\"lazy\" decoding=\"async\" class=\"wp-image-2432 alignnone\" src=\"https:\/\/blogsaverroes.juntadeandalucia.es\/ceiplasnieves\/files\/2023\/08\/plan-apertura-300x23.jpg\" alt=\"\" width=\"874\" height=\"67\" srcset=\"https:\/\/blogsaverroes.juntadeandalucia.es\/ceiplasnieves\/files\/2023\/08\/plan-apertura-300x23.jpg 300w, https:\/\/blogsaverroes.juntadeandalucia.es\/ceiplasnieves\/files\/2023\/08\/plan-apertura-1024x79.jpg 1024w, https:\/\/blogsaverroes.juntadeandalucia.es\/ceiplasnieves\/files\/2023\/08\/plan-apertura-768x59.jpg 768w, https:\/\/blogsaverroes.juntadeandalucia.es\/ceiplasnieves\/files\/2023\/08\/plan-apertura.jpg 1313w\" sizes=\"(max-width: 874px) 100vw, 874px\" \/><\/a><\/h4>\n<h4>Las empresas que desarrollan estos servicios son las siguientes<\/h4>\n<p>&nbsp;<\/p>\n<h4>Ejemplo de informaci\u00f3n sobre Aula Matinal<\/h4>\n<p>El <strong>Aula Matinal<\/strong> abre a las 7.30 horas de lunes a viernes, ofreciendo actividades diversas a los estudiantes hasta el comienzo del horario lectivo.<\/p>\n<p>Puede&nbsp;utilizarse&nbsp;cualquier d\u00eda previa inscripci\u00f3n y domicializaci\u00f3n bancaria.<\/p>\n<p>Desc\u00e1rgate aqu\u00ed el formulario, rell\u00e9nalo y envi\u00e1noslo por email a ___________________________ o entr\u00e9galo en la secretar\u00eda del Colegio.<\/p>\n<p>&nbsp;<\/p>\n<h4>&nbsp;<\/h4>\n<h4>Ejemplo de informaci\u00f3n sobre el comedor escolar<\/h4>\n<p>Los comedores escolares son un servicio complementario que resulta de gran utilidad a padres y madres para ayudarles a&nbsp;conciliar la vida laboral y familiar. Tienen una duraci\u00f3n de hasta dos horas desde que acaba la jornada escolar de la ma\u00f1ana (de 14.00 a 16.00 horas).<\/p>\n<p>Los comedores son adem\u00e1s una pieza importante&nbsp;en todas las medidas dirigidas a mejorar los h\u00e1bitos alimenticios de los ni\u00f1os y ni\u00f1as y prevenir problemas de salud como la obesidad.<\/p>\n<p>Los comedores escolares de los centros p\u00fablicos andaluces promueven una alimentaci\u00f3n saludable que est\u00e1 supervisada por nutricionistas y que, entre otros aspectos, se caracteriza por:<br \/>\n<img loading=\"lazy\" decoding=\"async\" class=\" size-medium wp-image-238 alignleft\" src=\"http:\/\/blogsaverroes.juntadeandalucia.es\/pre\/ceip\/files\/2015\/03\/comida-300x174.jpg\" alt=\"comida\" width=\"300\" height=\"174\"><\/p>\n<p>Una mayor proporci\u00f3n de verdura en los men\u00fas<\/p>\n<p>Fruta fresca como postre al menos cuatro d\u00edas a la semana<\/p>\n<p>Uso de aceite de oliva virgen extra<\/p>\n<p>M\u00e1s pescado que carne, que debe ser magra<\/p>\n<p>Prohibici\u00f3n de los alimentos precocinados y limitaci\u00f3n de los fritos<\/p>\n<p>Apuesta por la dieta mediterr\u00e1nea y los productos ecol\u00f3gicos<\/p>\n<p>&nbsp;<\/p>\n<p>Esta secci\u00f3n servir\u00eda para informar&nbsp; acerca de cuestiones como:<\/p>\n<p><strong>Solicitudes<\/strong><\/p>\n<p><strong>Normativa<\/strong><\/p>\n<p><strong>Empresa catering<\/strong><\/p>\n<p><strong>Men\u00fas<\/strong><\/p>\n<p><strong>etc&#8230;<\/strong><\/p>\n<p>&nbsp;<\/p>\n<p>&nbsp;<\/p>\n<p>&nbsp;<\/p>\n<h4>Ejemplo de informaci\u00f3n sobre las actividades extraescolares<\/h4>\n<p style=\"text-align: left\"><a href=\"https:\/\/blogsaverroes.juntadeandalucia.es\/ceiplasnieves\/files\/2015\/03\/talleres.jpg\"><img loading=\"lazy\" decoding=\"async\" class=\" alignnone wp-image-228 size-medium alignleft\" src=\"https:\/\/blogsaverroes.juntadeandalucia.es\/ceiplasnieves\/files\/2015\/03\/talleres-300x199.jpg\" alt=\"\" width=\"300\" height=\"199\" srcset=\"https:\/\/blogsaverroes.juntadeandalucia.es\/ceiplasnieves\/files\/2015\/03\/talleres-300x199.jpg 300w, https:\/\/blogsaverroes.juntadeandalucia.es\/ceiplasnieves\/files\/2015\/03\/talleres-1024x682.jpg 1024w, https:\/\/blogsaverroes.juntadeandalucia.es\/ceiplasnieves\/files\/2015\/03\/talleres.jpg 1280w\" sizes=\"(max-width: 300px) 100vw, 300px\" \/><\/a>Las actividades extraescolares tienen lugar en horario de tarde, hasta las 18.00, y abarcan aspectos como la lectura, el deporte, la m\u00fasica, la inform\u00e1tica, los idiomas, la danza o el teatro, entre otras actividades l\u00fadicas y formativas.<\/p>\n<p>Para hacer posible la realizaci\u00f3n de estas actividades fuera del horario lectivo, los centros pueden abrir sus instalaciones hasta las 18.00 todos los d\u00edas lectivos con excepci\u00f3n de los viernes, en los que el cierre se establece a las 16.00.<\/p>\n<p>Ser\u00eda aconsejable detallar las actividades extraescolares desarrolladas.<\/p>\n<p>&nbsp;<\/p>\n<p>&nbsp;<\/p>\n<p>&nbsp;<\/p>\n<p>&nbsp;<\/p>\n<p>&nbsp;<\/p>\n<p>Talleres<\/p>\n<p>Horarios<\/p>\n<p>Solicitudes<\/p>\n<p>Precios<\/p>\n","protected":false},"excerpt":{"rendered":"<p>En esta p\u00e1gina les mostramos las actividades que el Centro desarrolla. Tanto las que pertenecen al Plan de Apertura (Aula matinal, Comedor Escolar y Act.&hellip;<\/p>\n","protected":false},"author":1,"featured_media":0,"parent":0,"menu_order":0,"comment_status":"closed","ping_status":"closed","template":"page-cs.php","meta":{"ngg_post_thumbnail":0,"footnotes":"","_mc_calendar":[]},"aioseo_notices":[],"_links":{"self":[{"href":"https:\/\/blogsaverroes.juntadeandalucia.es\/ceiplasnieves\/wp-json\/wp\/v2\/pages\/99"}],"collection":[{"href":"https:\/\/blogsaverroes.juntadeandalucia.es\/ceiplasnieves\/wp-json\/wp\/v2\/pages"}],"about":[{"href":"https:\/\/blogsaverroes.juntadeandalucia.es\/ceiplasnieves\/wp-json\/wp\/v2\/types\/page"}],"author":[{"embeddable":true,"href":"https:\/\/blogsaverroes.juntadeandalucia.es\/ceiplasnieves\/wp-json\/wp\/v2\/users\/1"}],"replies":[{"embeddable":true,"href":"https:\/\/blogsaverroes.juntadeandalucia.es\/ceiplasnieves\/wp-json\/wp\/v2\/comments?post=99"}],"version-history":[{"count":10,"href":"https:\/\/blogsaverroes.juntadeandalucia.es\/ceiplasnieves\/wp-json\/wp\/v2\/pages\/99\/revisions"}],"predecessor-version":[{"id":2436,"href":"https:\/\/blogsaverroes.juntadeandalucia.es\/ceiplasnieves\/wp-json\/wp\/v2\/pages\/99\/revisions\/2436"}],"wp:attachment":[{"href":"https:\/\/blogsaverroes.juntadeandalucia.es\/ceiplasnieves\/wp-json\/wp\/v2\/media?parent=99"}],"curies":[{"name":"wp","href":"https:\/\/api.w.org\/{rel}","templated":true}]}}

ngg_shortcode_0_placeholder
<h4>En esta página les mostramos las actividades que el Centro desarrolla. Tanto las que pertenecen al Plan de Apertura (Aula matinal, Comedor Escolar y Act. Extraescolares) como las que desarrollamos a través de diferentes Programas de la Junta de Andalucía, como son Escuelas Deportivas y el Programa de Refuerzo y Orientación Académica.</h4>
<h4><a href="https://blogsaverroes.juntadeandalucia.es/ceiplasnieves/files/2023/08/plan-apertura.jpg"><img loading="lazy" decoding="async" class="wp-image-2432 alignnone" src="https://blogsaverroes.juntadeandalucia.es/ceiplasnieves/files/2023/08/plan-apertura-300x23.jpg" alt="" width="874" height="67" srcset="https://blogsaverroes.juntadeandalucia.es/ceiplasnieves/files/2023/08/plan-apertura-300x23.jpg 300w, https://blogsaverroes.juntadeandalucia.es/ceiplasnieves/files/2023/08/plan-apertura-1024x79.jpg 1024w, https://blogsaverroes.juntadeandalucia.es/ceiplasnieves/files/2023/08/plan-apertura-768x59.jpg 768w, https://blogsaverroes.juntadeandalucia.es/ceiplasnieves/files/2023/08/plan-apertura.jpg 1313w" sizes="(max-width: 874px) 100vw, 874px" /></a></h4>
<h4>Las empresas que desarrollan estos servicios son las siguientes</h4>
<p>&nbsp;</p>
<h4>Ejemplo de información sobre Aula Matinal</h4>
<p>El <strong>Aula Matinal</strong> abre a las 7.30 horas de lunes a viernes, ofreciendo actividades diversas a los estudiantes hasta el comienzo del horario lectivo.</p>
<p>Puede&nbsp;utilizarse&nbsp;cualquier día previa inscripción y domicialización bancaria.</p>
<p>Descárgate aquí el formulario, rellénalo y enviánoslo por email a ___________________________ o entrégalo en la secretaría del Colegio.</p>
<p>&nbsp;</p>
<h4>&nbsp;</h4>
<h4>Ejemplo de información sobre el comedor escolar</h4>
<p>Los comedores escolares son un servicio complementario que resulta de gran utilidad a padres y madres para ayudarles a&nbsp;conciliar la vida laboral y familiar. Tienen una duración de hasta dos horas desde que acaba la jornada escolar de la mañana (de 14.00 a 16.00 horas).</p>
<p>Los comedores son además una pieza importante&nbsp;en todas las medidas dirigidas a mejorar los hábitos alimenticios de los niños y niñas y prevenir problemas de salud como la obesidad.</p>
<p>Los comedores escolares de los centros públicos andaluces promueven una alimentación saludable que está supervisada por nutricionistas y que, entre otros aspectos, se caracteriza por:<br />
<img loading="lazy" decoding="async" class=" size-medium wp-image-238 alignleft" src="http://blogsaverroes.juntadeandalucia.es/pre/ceip/files/2015/03/comida-300x174.jpg" alt="comida" width="300" height="174"></p>
<p>Una mayor proporción de verdura en los menús</p>
<p>Fruta fresca como postre al menos cuatro días a la semana</p>
<p>Uso de aceite de oliva virgen extra</p>
<p>Más pescado que carne, que debe ser magra</p>
<p>Prohibición de los alimentos precocinados y limitación de los fritos</p>
<p>Apuesta por la dieta mediterránea y los productos ecológicos</p>
<p>&nbsp;</p>
<p>Esta sección serviría para informar&nbsp; acerca de cuestiones como:</p>
<p><strong>Solicitudes</strong></p>
<p><strong>Normativa</strong></p>
<p><strong>Empresa catering</strong></p>
<p><strong>Menús</strong></p>
<p><strong>etc&#8230;</strong></p>
<p>&nbsp;</p>
<p>&nbsp;</p>
<p>&nbsp;</p>
<h4>Ejemplo de información sobre las actividades extraescolares</h4>
<p style="text-align: left"><a href="https://blogsaverroes.juntadeandalucia.es/ceiplasnieves/files/2015/03/talleres.jpg"><img loading="lazy" decoding="async" class=" alignnone wp-image-228 size-medium alignleft" src="https://blogsaverroes.juntadeandalucia.es/ceiplasnieves/files/2015/03/talleres-300x199.jpg" alt="" width="300" height="199" srcset="https://blogsaverroes.juntadeandalucia.es/ceiplasnieves/files/2015/03/talleres-300x199.jpg 300w, https://blogsaverroes.juntadeandalucia.es/ceiplasnieves/files/2015/03/talleres-1024x682.jpg 1024w, https://blogsaverroes.juntadeandalucia.es/ceiplasnieves/files/2015/03/talleres.jpg 1280w" sizes="(max-width: 300px) 100vw, 300px" /></a>Las actividades extraescolares tienen lugar en horario de tarde, hasta las 18.00, y abarcan aspectos como la lectura, el deporte, la música, la informática, los idiomas, la danza o el teatro, entre otras actividades lúdicas y formativas.</p>
<p>Para hacer posible la realización de estas actividades fuera del horario lectivo, los centros pueden abrir sus instalaciones hasta las 18.00 todos los días lectivos con excepción de los viernes, en los que el cierre se establece a las 16.00.</p>
<p>Sería aconsejable detallar las actividades extraescolares desarrolladas.</p>
<p>&nbsp;</p>
<p>&nbsp;</p>
<p>&nbsp;</p>
<p>&nbsp;</p>
<p>&nbsp;</p>
<p>Talleres</p>
<p>Horarios</p>
<p>Solicitudes</p>
<p>Precios</p>

<p>En esta página les mostramos las actividades que el Centro desarrolla. Tanto las que pertenecen al Plan de Apertura (Aula matinal, Comedor Escolar y Act.&hellip;</p>
