{"id":871,"date":"2019-11-16T07:25:46","date_gmt":"2019-11-16T08:25:46","guid":{"rendered":"http:\/\/blogsaverroes.juntadeandalucia.es\/pre\/ceip\/?page_id=106"},"modified":"2024-02-12T16:50:31","modified_gmt":"2024-02-12T17:50:31","slug":"actividades-extraescolares","status":"publish","type":"page","link":"https:\/\/blogsaverroes.juntadeandalucia.es\/ceiplaunion\/actividades-extraescolares\/","title":{"rendered":"Actividades extraescolares y complementarias"},"content":{"rendered":"<h2><span style=\"color: #0000ff\">ACTIVIDADES EXTRAESCOLARES:<\/span><\/h2>\n<p><a href=\"https:\/\/blogsaverroes.juntadeandalucia.es\/ceiplaunion\/files\/2024\/02\/Carta-informativa-AAEE-2023-24-CEIP-La-Uni\u00f3n.pdf\">Carta informativa AAEE 2023-24 CEIP La Uni\u00f3n<\/a><\/p>\n<h2><span style=\"color: #0000ff\">ACTIVIDADES COMPLEMENTARIAS:<\/span><\/h2>\n<h4 style=\"text-align: left\"><span style=\"color: #0000ff\"><strong>D\u00cdA DEL FLAMENCO<\/strong><\/span><\/h4>\n<p align=\"JUSTIFY\"><span style=\"color: #3d3d3d\"><span style=\"font-family: Arial, sans-serif\"><span style=\"font-size: medium\">El flamenco cuenta con una extraordinaria proyecci\u00f3n cultural, no solo en Andaluc\u00eda, sino en el resto de Espa\u00f1a y a nivel internacional. Evidencia de ello es su incorporaci\u00f3n el d\u00eda 16 de noviembre de 2010 a la lista de manifestaciones culturales que forman parte del Patrimonio Cultural Inmaterial de la Humanidad de la UNESCO. <\/span><\/span><\/span><\/p>\n<p align=\"JUSTIFY\"><span style=\"color: #3d3d3d\"><span style=\"font-family: Arial, Helvetica, Verdana, sans-serif\"><span style=\"font-size: medium\">El flamenco es como Andaluc\u00eda misma: una tierra que encuentra su raz\u00f3n de ser en la diversidad, un lugar donde conviven multitud de puntos de vista y donde todos sus habitantes son conscientes de que eso les enriquece y diferencia de otros pueblos. <\/span><\/span><\/span><span style=\"color: #3d3d3d\"><span style=\"font-family: Arial, Helvetica, Verdana, sans-serif\"><span style=\"font-size: medium\">El flamenco es una expresi\u00f3n \u00fanica, basada en tres pilares: el cante, la guitarra y el baile, que ha merecido la atenci\u00f3n de p\u00fablico, escritores, artistas e intelectuales de todo el mundo. Es una m\u00fasica viva y cargada de sentimiento.<\/span><\/span><\/span><\/p>\n<p>&nbsp;<\/p>\n<h4><span style=\"color: #0000ff\"><strong>DIA DE LA CONSTITUCI\u00d3N<\/strong><\/span><\/h4>\n<p><strong><u>OBJETIVO GENERAL<\/u><\/strong><\/p>\n<ul>\n<li style=\"text-align: justify\">Conocer algunos derechos y deberes que tenemos los espa\u00f1oles como sociedad democr\u00e1tica.<\/li>\n<\/ul>\n<p><strong><u>OBJETIVOS DE CICLO<\/u><\/strong><\/p>\n<ul>\n<li style=\"text-align: justify\">Dar a conocer la Constituci\u00f3n como un acuerdo entre personas para que se cumplan una serie de derechos.<\/li>\n<li style=\"text-align: justify\">Identificar y conocer las diferencias individuales.<\/li>\n<li style=\"text-align: justify\">Respetar a todos los seres humanos, por encima de sus diferencias.<\/li>\n<li style=\"text-align: justify\">&nbsp;Valorar la actitud de colaborar con los dem\u00e1s.<\/li>\n<\/ul>\n<p>&nbsp;<\/p>\n<h4><span style=\"color: #0000ff\"><strong>DIA DE ANDALUCIA<\/strong><\/span><\/h4>\n<p><strong><u>ACTIVIDADES DE CENTRO<\/u><\/strong><\/p>\n<ul>\n<li style=\"text-align: justify\">Se recoger\u00e1n las propuestas de los ciclos para la realizaci\u00f3n de la actividad de Centro<\/li>\n<li style=\"text-align: justify\">Canto del himno e izada de la bandera<\/li>\n<li style=\"text-align: justify\">Desayuno andaluz. Organizado por el AMPA del Centro.<\/li>\n<\/ul>\n<p style=\"text-align: justify\">Esta programaci\u00f3n incluye todas aquellas actividades que los diferentes Equipos Docentes tienen previsto desarrollar. Por diferentes circunstancias a lo largo del curso surgen nuevas convocatorias de actividades o bien el profesorado tiene conocimiento de ellas, que pueden resultar adecuadas para su desarrollo por parte del alumnado del Centro. No ser\u00eda aconsejable dejar pasar la realizaci\u00f3n de esas actividades por el mero hecho de que no est\u00e9n programadas inicialmente. Por ello, si cualquier Equipo Docente decide programar alguna actividad diferente de las enunciadas en la programaci\u00f3n anterior, habr\u00e1 de contar con el visto bueno de la Direcci\u00f3n del Centro de modo que se valore la oportunidad de su realizaci\u00f3n y se planifiquen las decisiones organizativas que correspondan. Las variaciones que se produzcan a lo largo del a\u00f1o ser\u00e1n incluidas por los diferentes Equipos Docentes en la Memoria Final del Curso.<\/p>\n","protected":false},"excerpt":{"rendered":"<p>ACTIVIDADES EXTRAESCOLARES: Carta informativa AAEE 2023-24 CEIP La Uni\u00f3n ACTIVIDADES COMPLEMENTARIAS: D\u00cdA DEL FLAMENCO El flamenco cuenta con una extraordinaria proyecci\u00f3n cultural, no solo en Andaluc\u00eda, sino en el resto de Espa\u00f1a y a nivel internacional. Evidencia de ello es su incorporaci\u00f3n el d\u00eda 16 de noviembre de 2010 a la lista de manifestaciones culturales [&hellip;]<\/p>\n","protected":false},"author":1,"featured_media":0,"parent":0,"menu_order":0,"comment_status":"closed","ping_status":"open","template":"","meta":{"ngg_post_thumbnail":0,"footnotes":"","_mc_calendar":[]},"aioseo_notices":[],"_links":{"self":[{"href":"https:\/\/blogsaverroes.juntadeandalucia.es\/ceiplaunion\/wp-json\/wp\/v2\/pages\/871"}],"collection":[{"href":"https:\/\/blogsaverroes.juntadeandalucia.es\/ceiplaunion\/wp-json\/wp\/v2\/pages"}],"about":[{"href":"https:\/\/blogsaverroes.juntadeandalucia.es\/ceiplaunion\/wp-json\/wp\/v2\/types\/page"}],"author":[{"embeddable":true,"href":"https:\/\/blogsaverroes.juntadeandalucia.es\/ceiplaunion\/wp-json\/wp\/v2\/users\/1"}],"replies":[{"embeddable":true,"href":"https:\/\/blogsaverroes.juntadeandalucia.es\/ceiplaunion\/wp-json\/wp\/v2\/comments?post=871"}],"version-history":[{"count":21,"href":"https:\/\/blogsaverroes.juntadeandalucia.es\/ceiplaunion\/wp-json\/wp\/v2\/pages\/871\/revisions"}],"predecessor-version":[{"id":3928,"href":"https:\/\/blogsaverroes.juntadeandalucia.es\/ceiplaunion\/wp-json\/wp\/v2\/pages\/871\/revisions\/3928"}],"wp:attachment":[{"href":"https:\/\/blogsaverroes.juntadeandalucia.es\/ceiplaunion\/wp-json\/wp\/v2\/media?parent=871"}],"curies":[{"name":"wp","href":"https:\/\/api.w.org\/{rel}","templated":true}]}}

<h2><span style="color: #0000ff">ACTIVIDADES EXTRAESCOLARES:</span></h2>
<p><a href="https://blogsaverroes.juntadeandalucia.es/ceiplaunion/files/2024/02/Carta-informativa-AAEE-2023-24-CEIP-La-Unión.pdf">Carta informativa AAEE 2023-24 CEIP La Unión</a></p>
<h2><span style="color: #0000ff">ACTIVIDADES COMPLEMENTARIAS:</span></h2>
<h4 style="text-align: left"><span style="color: #0000ff"><strong>DÍA DEL FLAMENCO</strong></span></h4>
<p align="JUSTIFY"><span style="color: #3d3d3d"><span style="font-family: Arial, sans-serif"><span style="font-size: medium">El flamenco cuenta con una extraordinaria proyección cultural, no solo en Andalucía, sino en el resto de España y a nivel internacional. Evidencia de ello es su incorporación el día 16 de noviembre de 2010 a la lista de manifestaciones culturales que forman parte del Patrimonio Cultural Inmaterial de la Humanidad de la UNESCO. </span></span></span></p>
<p align="JUSTIFY"><span style="color: #3d3d3d"><span style="font-family: Arial, Helvetica, Verdana, sans-serif"><span style="font-size: medium">El flamenco es como Andalucía misma: una tierra que encuentra su razón de ser en la diversidad, un lugar donde conviven multitud de puntos de vista y donde todos sus habitantes son conscientes de que eso les enriquece y diferencia de otros pueblos. </span></span></span><span style="color: #3d3d3d"><span style="font-family: Arial, Helvetica, Verdana, sans-serif"><span style="font-size: medium">El flamenco es una expresión única, basada en tres pilares: el cante, la guitarra y el baile, que ha merecido la atención de público, escritores, artistas e intelectuales de todo el mundo. Es una música viva y cargada de sentimiento.</span></span></span></p>
<p>&nbsp;</p>
<h4><span style="color: #0000ff"><strong>DIA DE LA CONSTITUCIÓN</strong></span></h4>
<p><strong><u>OBJETIVO GENERAL</u></strong></p>
<ul>
<li style="text-align: justify">Conocer algunos derechos y deberes que tenemos los españoles como sociedad democrática.</li>
</ul>
<p><strong><u>OBJETIVOS DE CICLO</u></strong></p>
<ul>
<li style="text-align: justify">Dar a conocer la Constitución como un acuerdo entre personas para que se cumplan una serie de derechos.</li>
<li style="text-align: justify">Identificar y conocer las diferencias individuales.</li>
<li style="text-align: justify">Respetar a todos los seres humanos, por encima de sus diferencias.</li>
<li style="text-align: justify">&nbsp;Valorar la actitud de colaborar con los demás.</li>
</ul>
<p>&nbsp;</p>
<h4><span style="color: #0000ff"><strong>DIA DE ANDALUCIA</strong></span></h4>
<p><strong><u>ACTIVIDADES DE CENTRO</u></strong></p>
<ul>
<li style="text-align: justify">Se recogerán las propuestas de los ciclos para la realización de la actividad de Centro</li>
<li style="text-align: justify">Canto del himno e izada de la bandera</li>
<li style="text-align: justify">Desayuno andaluz. Organizado por el AMPA del Centro.</li>
</ul>
<p style="text-align: justify">Esta programación incluye todas aquellas actividades que los diferentes Equipos Docentes tienen previsto desarrollar. Por diferentes circunstancias a lo largo del curso surgen nuevas convocatorias de actividades o bien el profesorado tiene conocimiento de ellas, que pueden resultar adecuadas para su desarrollo por parte del alumnado del Centro. No sería aconsejable dejar pasar la realización de esas actividades por el mero hecho de que no estén programadas inicialmente. Por ello, si cualquier Equipo Docente decide programar alguna actividad diferente de las enunciadas en la programación anterior, habrá de contar con el visto bueno de la Dirección del Centro de modo que se valore la oportunidad de su realización y se planifiquen las decisiones organizativas que correspondan. Las variaciones que se produzcan a lo largo del año serán incluidas por los diferentes Equipos Docentes en la Memoria Final del Curso.</p>

<p>ACTIVIDADES EXTRAESCOLARES: Carta informativa AAEE 2023-24 CEIP La Unión ACTIVIDADES COMPLEMENTARIAS: DÍA DEL FLAMENCO El flamenco cuenta con una extraordinaria proyección cultural, no solo en Andalucía, sino en el resto de España y a nivel internacional. Evidencia de ello es su incorporación el día 16 de noviembre de 2010 a la lista de manifestaciones culturales [&hellip;]</p>
