{"id":200,"date":"2015-03-17T10:04:24","date_gmt":"2015-03-17T10:04:24","guid":{"rendered":"http:\/\/blogsaverroes.juntadeandalucia.es\/pre\/ceip\/?page_id=200"},"modified":"2023-05-11T07:40:49","modified_gmt":"2023-05-11T05:40:49","slug":"quienes-formamos-el-ampa","status":"publish","type":"page","link":"https:\/\/blogsaverroes.juntadeandalucia.es\/ceiplaza\/quienes-formamos-el-ampa\/","title":{"rendered":"\u00bfQuienes formamos el AMPA?"},"content":{"rendered":"<p>La Asociaci\u00f3n de Madres y Padres, est\u00e1 constituida por familias, y gestionada por una &nbsp;<strong>Junta Directiva<\/strong>.<\/p>\n<p>Puedes ponerte en contacto con nosotros\/as en el email: &nbsp;noctiluca@gmail.com<\/p>\n<p>Relaci\u00f3n de las personas que forman parte de la Junta Directiva<\/p>\n<h3 class=\"text-align-center\">Junta Directiva 2022\/23<\/h3>\n<p>\u00b7&nbsp; &nbsp; &nbsp; &nbsp; &nbsp;Presidenta: MAR\u00cdA GEMA LATORRE GUERRERO<\/p>\n<p>\u00b7&nbsp; &nbsp; &nbsp; &nbsp; &nbsp;Vicepresidenta: VER\u00d3NICA MU\u00d1OZ URBANO<\/p>\n<p>\u00b7&nbsp; &nbsp; &nbsp; &nbsp; &nbsp;Secretaria: SONIA MIGUEL N\u00da\u00d1EZ<\/p>\n<p>\u00b7&nbsp; &nbsp; &nbsp; &nbsp; &nbsp;Tesorero: ALFREDO ARIJA BL\u00c1ZQUEZ&nbsp;<\/p>\n<p>\u00b7&nbsp; &nbsp; &nbsp; &nbsp; &nbsp;Vocales: ANNA SZ\u00d6KE, JOS\u00c9 ANTONIO ORTIZ VIDA y FRANCISCO GARC\u00cdA MART\u00cdN&nbsp;<\/p>\n<p class=\"text-align-center\">.<\/p>\n<p>&nbsp;<\/p>\n","protected":false},"excerpt":{"rendered":"<p>La Asociaci\u00f3n de Madres y Padres, est\u00e1 constituida por familias, y gestionada por una &nbsp;Junta Directiva. Puedes ponerte en contacto con nosotros\/as en el email: &nbsp;noctiluca@gmail.com Relaci\u00f3n de las personas que forman parte de&#46;&#46;&#46;<\/p>\n","protected":false},"author":1,"featured_media":0,"parent":0,"menu_order":0,"comment_status":"closed","ping_status":"open","template":"","meta":{"footnotes":""},"aioseo_notices":[],"_links":{"self":[{"href":"https:\/\/blogsaverroes.juntadeandalucia.es\/ceiplaza\/wp-json\/wp\/v2\/pages\/200"}],"collection":[{"href":"https:\/\/blogsaverroes.juntadeandalucia.es\/ceiplaza\/wp-json\/wp\/v2\/pages"}],"about":[{"href":"https:\/\/blogsaverroes.juntadeandalucia.es\/ceiplaza\/wp-json\/wp\/v2\/types\/page"}],"author":[{"embeddable":true,"href":"https:\/\/blogsaverroes.juntadeandalucia.es\/ceiplaza\/wp-json\/wp\/v2\/users\/1"}],"replies":[{"embeddable":true,"href":"https:\/\/blogsaverroes.juntadeandalucia.es\/ceiplaza\/wp-json\/wp\/v2\/comments?post=200"}],"version-history":[{"count":3,"href":"https:\/\/blogsaverroes.juntadeandalucia.es\/ceiplaza\/wp-json\/wp\/v2\/pages\/200\/revisions"}],"predecessor-version":[{"id":4636,"href":"https:\/\/blogsaverroes.juntadeandalucia.es\/ceiplaza\/wp-json\/wp\/v2\/pages\/200\/revisions\/4636"}],"wp:attachment":[{"href":"https:\/\/blogsaverroes.juntadeandalucia.es\/ceiplaza\/wp-json\/wp\/v2\/media?parent=200"}],"curies":[{"name":"wp","href":"https:\/\/api.w.org\/{rel}","templated":true}]}}