{"id":4255,"date":"2022-05-18T11:18:59","date_gmt":"2022-05-18T09:18:59","guid":{"rendered":"https:\/\/blogsaverroes.juntadeandalucia.es\/ceiplaza\/?page_id=4255"},"modified":"2025-05-14T14:23:46","modified_gmt":"2025-05-14T12:23:46","slug":"proa","status":"publish","type":"page","link":"https:\/\/blogsaverroes.juntadeandalucia.es\/ceiplaza\/proa\/","title":{"rendered":"PROA"},"content":{"rendered":"<p><img loading=\"lazy\" decoding=\"async\" class=\"aligncenter wp-image-5140 size-full\" src=\"https:\/\/blogsaverroes.juntadeandalucia.es\/ceiplaza\/files\/2025\/05\/unnamed.jpg\" alt=\"\" width=\"1587\" height=\"2245\" srcset=\"https:\/\/blogsaverroes.juntadeandalucia.es\/ceiplaza\/files\/2025\/05\/unnamed.jpg 1587w, https:\/\/blogsaverroes.juntadeandalucia.es\/ceiplaza\/files\/2025\/05\/unnamed-212x300.jpg 212w, https:\/\/blogsaverroes.juntadeandalucia.es\/ceiplaza\/files\/2025\/05\/unnamed-724x1024.jpg 724w, https:\/\/blogsaverroes.juntadeandalucia.es\/ceiplaza\/files\/2025\/05\/unnamed-768x1086.jpg 768w, https:\/\/blogsaverroes.juntadeandalucia.es\/ceiplaza\/files\/2025\/05\/unnamed-1086x1536.jpg 1086w, https:\/\/blogsaverroes.juntadeandalucia.es\/ceiplaza\/files\/2025\/05\/unnamed-1448x2048.jpg 1448w, https:\/\/blogsaverroes.juntadeandalucia.es\/ceiplaza\/files\/2025\/05\/unnamed-700x990.jpg 700w\" sizes=\"(max-width: 1587px) 100vw, 1587px\" \/><\/p>\n<p>&nbsp;<\/p>\n<p>El Plan\u00a0<b>PROA <\/b>(Plan de Refuerzo, Orientaci\u00f3n y Apoyo), destinado a los centros de Educaci\u00f3n Primaria y Secundaria,\u00a0fue concebido como un Programa de Cooperaci\u00f3n Territorial entre el Ministerio de Educaci\u00f3n y Formaci\u00f3n Profesional y las Comunidades Aut\u00f3nomas.<\/p>\n<p>&nbsp;<\/p>\n<p>El <strong>PROA<\/strong> Andaluc\u00eda se concibe como un conjunto se actuaciones dirigidas a mejorar el grado de adquisici\u00f3n de las competencias clave y la motivaci\u00f3n del alumnado con necesidades espec\u00edficas de apoyo educativo por precisar acciones de car\u00e1cter compensatorio, que en el caso del alumnado de origen extranjero.<\/p>\n<p>&nbsp;<\/p>\n<p>&nbsp;<\/p>\n","protected":false},"excerpt":{"rendered":"<p>&nbsp; El Plan\u00a0PROA (Plan de Refuerzo, Orientaci\u00f3n y Apoyo), destinado a los centros de Educaci\u00f3n Primaria y Secundaria,\u00a0fue concebido como un Programa de Cooperaci\u00f3n Territorial entre el Ministerio de Educaci\u00f3n y Formaci\u00f3n Profesional y&#46;&#46;&#46;<\/p>\n","protected":false},"author":6728,"featured_media":4254,"parent":0,"menu_order":0,"comment_status":"closed","ping_status":"closed","template":"","meta":{"footnotes":""},"aioseo_notices":[],"_links":{"self":[{"href":"https:\/\/blogsaverroes.juntadeandalucia.es\/ceiplaza\/wp-json\/wp\/v2\/pages\/4255"}],"collection":[{"href":"https:\/\/blogsaverroes.juntadeandalucia.es\/ceiplaza\/wp-json\/wp\/v2\/pages"}],"about":[{"href":"https:\/\/blogsaverroes.juntadeandalucia.es\/ceiplaza\/wp-json\/wp\/v2\/types\/page"}],"author":[{"embeddable":true,"href":"https:\/\/blogsaverroes.juntadeandalucia.es\/ceiplaza\/wp-json\/wp\/v2\/users\/6728"}],"replies":[{"embeddable":true,"href":"https:\/\/blogsaverroes.juntadeandalucia.es\/ceiplaza\/wp-json\/wp\/v2\/comments?post=4255"}],"version-history":[{"count":5,"href":"https:\/\/blogsaverroes.juntadeandalucia.es\/ceiplaza\/wp-json\/wp\/v2\/pages\/4255\/revisions"}],"predecessor-version":[{"id":5172,"href":"https:\/\/blogsaverroes.juntadeandalucia.es\/ceiplaza\/wp-json\/wp\/v2\/pages\/4255\/revisions\/5172"}],"wp:featuredmedia":[{"embeddable":true,"href":"https:\/\/blogsaverroes.juntadeandalucia.es\/ceiplaza\/wp-json\/wp\/v2\/media\/4254"}],"wp:attachment":[{"href":"https:\/\/blogsaverroes.juntadeandalucia.es\/ceiplaza\/wp-json\/wp\/v2\/media?parent=4255"}],"curies":[{"name":"wp","href":"https:\/\/api.w.org\/{rel}","templated":true}]}}