{"id":4346,"date":"2022-05-25T19:49:08","date_gmt":"2022-05-25T17:49:08","guid":{"rendered":"https:\/\/blogsaverroes.juntadeandalucia.es\/ceiplaza\/?page_id=4346"},"modified":"2025-05-14T14:22:11","modified_gmt":"2025-05-14T12:22:11","slug":"fondo-social-europeo","status":"publish","type":"page","link":"https:\/\/blogsaverroes.juntadeandalucia.es\/ceiplaza\/fondo-social-europeo\/","title":{"rendered":"FONDO SOCIAL EUROPEO"},"content":{"rendered":"<p>&nbsp;<\/p>\n<p><img loading=\"lazy\" decoding=\"async\" class=\"aligncenter wp-image-5140 size-thumbnail\" src=\"https:\/\/blogsaverroes.juntadeandalucia.es\/ceiplaza\/files\/2025\/05\/unnamed-150x150.jpg\" alt=\"\" width=\"150\" height=\"150\" srcset=\"https:\/\/blogsaverroes.juntadeandalucia.es\/ceiplaza\/files\/2025\/05\/unnamed-150x150.jpg 150w, https:\/\/blogsaverroes.juntadeandalucia.es\/ceiplaza\/files\/2025\/05\/unnamed-432x432.jpg 432w, https:\/\/blogsaverroes.juntadeandalucia.es\/ceiplaza\/files\/2025\/05\/unnamed-268x268.jpg 268w\" sizes=\"(max-width: 150px) 100vw, 150px\" \/><\/p>\n<p style=\"font-weight: 400\">El Programa Operativo del\u00a0 Fondo Social Europeo est\u00e1 dirigido a la realizaci\u00f3n de actividades<strong> favorecer<\/strong>\u00a0el empleo, la inclusi\u00f3n social y\u00a0<strong>la formaci\u00f3n<\/strong>, prestando especial atenci\u00f3n a los colectivos m\u00e1s vulnerables y con mayores dificultades para acceder al mercado de trabajo.<\/p>\n<p style=\"font-weight: 400\">Los fondos se invertir\u00e1n en tres ejes fundamentales, uno de los cuales est\u00e1 orientado a la educaci\u00f3n, principalmente, a trav\u00e9s de la mejora de la formaci\u00f3n profesional y de la prevenci\u00f3n del abandono escolar temprano.<\/p>\n<p style=\"font-weight: 400\">Las ayudas susceptibles de cofinanciaci\u00f3n con Fondo Social Europeo desarrolladas en el \u00e1mbito educativo, est\u00e1n gestionadas por la Consejer\u00eda de Educaci\u00f3n y Deporte de la Junta de Andaluc\u00eda.<\/p>\n<p style=\"font-weight: 400\">En el marco del\u00a0<strong>Programa Operativo Fondo Social Europeo Andaluc\u00eda<\/strong>, en nuestro centro, son susceptibles de cofinanciaci\u00f3n en el presente curso escolar 2021\/22 las siguientes operaciones:<\/p>\n<ul>\n<li>Las acciones formativas programadas y desarrolladas, conducentes a reducir el abandono educativo y a mejorar los resultados de los alumnos y alumnas con Necesidades Espec\u00edficas de Apoyo Educativo (NEAE) atendidas por el profesorado de\u00a0<strong>Pedagog\u00eda Terap\u00e9utica<\/strong>.<\/li>\n<li>El\u00a0<strong>Programa de Refuerzo, Orientaci\u00f3n y Apoyo Escolar (PROA Andaluc\u00eda)<\/strong>. El PROA se concibe como un conjunto de actuaciones dirigidas a mejorar el grado de adquisici\u00f3n de las competencias clave y la motivaci\u00f3n del alumnado con necesidades espec\u00edficas de apoyo educativo por precisar acciones de car\u00e1cter compensatorio, que en el caso del alumnado de origen extranjero, adem\u00e1s, pretenden conseguir un nivel adecuado de uso del espa\u00f1ol como lengua vehicular. Dichas acciones est\u00e1n dirigidas a evitar el riesgo de abandono temprano del sistema educativo, y complementar las acciones encaminadas a la mejora del \u00e9xito escolar, que se desarrollan en los centros docentes p\u00fablicos andaluces.<\/li>\n<\/ul>\n<p>&nbsp;<\/p>\n","protected":false},"excerpt":{"rendered":"<p>&nbsp; El Programa Operativo del\u00a0 Fondo Social Europeo est\u00e1 dirigido a la realizaci\u00f3n de actividades favorecer\u00a0el empleo, la inclusi\u00f3n social y\u00a0la formaci\u00f3n, prestando especial atenci\u00f3n a los colectivos m\u00e1s vulnerables y con mayores dificultades&#46;&#46;&#46;<\/p>\n","protected":false},"author":6728,"featured_media":0,"parent":0,"menu_order":0,"comment_status":"closed","ping_status":"closed","template":"","meta":{"footnotes":""},"aioseo_notices":[],"_links":{"self":[{"href":"https:\/\/blogsaverroes.juntadeandalucia.es\/ceiplaza\/wp-json\/wp\/v2\/pages\/4346"}],"collection":[{"href":"https:\/\/blogsaverroes.juntadeandalucia.es\/ceiplaza\/wp-json\/wp\/v2\/pages"}],"about":[{"href":"https:\/\/blogsaverroes.juntadeandalucia.es\/ceiplaza\/wp-json\/wp\/v2\/types\/page"}],"author":[{"embeddable":true,"href":"https:\/\/blogsaverroes.juntadeandalucia.es\/ceiplaza\/wp-json\/wp\/v2\/users\/6728"}],"replies":[{"embeddable":true,"href":"https:\/\/blogsaverroes.juntadeandalucia.es\/ceiplaza\/wp-json\/wp\/v2\/comments?post=4346"}],"version-history":[{"count":4,"href":"https:\/\/blogsaverroes.juntadeandalucia.es\/ceiplaza\/wp-json\/wp\/v2\/pages\/4346\/revisions"}],"predecessor-version":[{"id":5171,"href":"https:\/\/blogsaverroes.juntadeandalucia.es\/ceiplaza\/wp-json\/wp\/v2\/pages\/4346\/revisions\/5171"}],"wp:attachment":[{"href":"https:\/\/blogsaverroes.juntadeandalucia.es\/ceiplaza\/wp-json\/wp\/v2\/media?parent=4346"}],"curies":[{"name":"wp","href":"https:\/\/api.w.org\/{rel}","templated":true}]}}