{"id":4383,"date":"2022-06-01T17:41:37","date_gmt":"2022-06-01T15:41:37","guid":{"rendered":"https:\/\/blogsaverroes.juntadeandalucia.es\/ceiplaza\/?page_id=4383"},"modified":"2022-06-02T10:17:32","modified_gmt":"2022-06-02T08:17:32","slug":"pedagogia-terapeutica","status":"publish","type":"page","link":"https:\/\/blogsaverroes.juntadeandalucia.es\/ceiplaza\/pedagogia-terapeutica\/","title":{"rendered":"Pedagog\u00eda Terap\u00e9utica"},"content":{"rendered":"<p><img loading=\"lazy\" decoding=\"async\" class=\"alignleft wp-image-4384 size-medium\" src=\"https:\/\/blogsaverroes.juntadeandalucia.es\/ceiplaza\/files\/2022\/06\/WhatsApp-Image-2022-06-01-at-5.29.37-PM-169x300.jpeg\" alt=\"\" width=\"169\" height=\"300\" srcset=\"https:\/\/blogsaverroes.juntadeandalucia.es\/ceiplaza\/files\/2022\/06\/WhatsApp-Image-2022-06-01-at-5.29.37-PM-169x300.jpeg 169w, https:\/\/blogsaverroes.juntadeandalucia.es\/ceiplaza\/files\/2022\/06\/WhatsApp-Image-2022-06-01-at-5.29.37-PM-576x1024.jpeg 576w, https:\/\/blogsaverroes.juntadeandalucia.es\/ceiplaza\/files\/2022\/06\/WhatsApp-Image-2022-06-01-at-5.29.37-PM-768x1365.jpeg 768w, https:\/\/blogsaverroes.juntadeandalucia.es\/ceiplaza\/files\/2022\/06\/WhatsApp-Image-2022-06-01-at-5.29.37-PM-864x1536.jpeg 864w, https:\/\/blogsaverroes.juntadeandalucia.es\/ceiplaza\/files\/2022\/06\/WhatsApp-Image-2022-06-01-at-5.29.37-PM-700x1244.jpeg 700w, https:\/\/blogsaverroes.juntadeandalucia.es\/ceiplaza\/files\/2022\/06\/WhatsApp-Image-2022-06-01-at-5.29.37-PM.jpeg 900w\" sizes=\"(max-width: 169px) 100vw, 169px\" \/>La educaci\u00f3n inclusiva es \u00abel medio m\u00e1s efectivo de combatir las actitudes discriminatorias, creando comunidades de bienvenida, construyendo una sociedad inclusiva y alcanzando la educaci\u00f3n para todos\u201d.- UNESCO, Salamanca 1994.<\/p>\n<p>&nbsp;<\/p>\n<p>La igualdad y la diversidad son dos principios fundamentales que nuestro sistema&nbsp;educativo debe garantizar. La intervenci\u00f3n educativa debe contemplar como principio la&nbsp;diversidad del alumnado, entendiendo que as\u00ed se garantiza el desarrollo de todos ellos a&nbsp;la vez que requiere una atenci\u00f3n personalizada en funci\u00f3n de las necesidades de cada&nbsp;uno.<\/p>\n<p>&nbsp;<\/p>\n<p>Pretendemos que todo alumn@ que requiera una atenci\u00f3n educativa diferente a la<br \/>\nordinaria, por presentar necesidades educativas especiales, por dificultades espec\u00edficas<br \/>\nde aprendizaje, TDAH, por sus altas capacidades intelectuales, por haberse incorporado<br \/>\ntarde al sistema educativo, o por condiciones personales o de historia escolar pueda<br \/>\nalcanzar el m\u00e1ximo desarrollo posible de sus capacidades personales y los objetivos de<br \/>\nla etapa establecidos con car\u00e1cter general. Para ello se adoptar\u00e1n las medidas<br \/>\norganizativas y\/o curriculares necesarias.<\/p>\n<p>&nbsp;<\/p>\n<p><img loading=\"lazy\" decoding=\"async\" class=\"alignleft wp-image-4387 size-medium\" src=\"https:\/\/blogsaverroes.juntadeandalucia.es\/ceiplaza\/files\/2022\/06\/WhatsApp-Image-2022-06-01-at-6.02.14-PM-300x135.jpeg\" alt=\"\" width=\"300\" height=\"135\" srcset=\"https:\/\/blogsaverroes.juntadeandalucia.es\/ceiplaza\/files\/2022\/06\/WhatsApp-Image-2022-06-01-at-6.02.14-PM-300x135.jpeg 300w, https:\/\/blogsaverroes.juntadeandalucia.es\/ceiplaza\/files\/2022\/06\/WhatsApp-Image-2022-06-01-at-6.02.14-PM-1024x461.jpeg 1024w, https:\/\/blogsaverroes.juntadeandalucia.es\/ceiplaza\/files\/2022\/06\/WhatsApp-Image-2022-06-01-at-6.02.14-PM-768x346.jpeg 768w, https:\/\/blogsaverroes.juntadeandalucia.es\/ceiplaza\/files\/2022\/06\/WhatsApp-Image-2022-06-01-at-6.02.14-PM-1536x691.jpeg 1536w, https:\/\/blogsaverroes.juntadeandalucia.es\/ceiplaza\/files\/2022\/06\/WhatsApp-Image-2022-06-01-at-6.02.14-PM-700x315.jpeg 700w, https:\/\/blogsaverroes.juntadeandalucia.es\/ceiplaza\/files\/2022\/06\/WhatsApp-Image-2022-06-01-at-6.02.14-PM.jpeg 1600w\" sizes=\"(max-width: 300px) 100vw, 300px\" \/> <img loading=\"lazy\" decoding=\"async\" class=\"alignright wp-image-4389 size-medium\" src=\"https:\/\/blogsaverroes.juntadeandalucia.es\/ceiplaza\/files\/2022\/06\/WhatsApp-Image-2022-06-01-at-6.02.14-PM-2-300x135.jpeg\" alt=\"\" width=\"300\" height=\"135\" srcset=\"https:\/\/blogsaverroes.juntadeandalucia.es\/ceiplaza\/files\/2022\/06\/WhatsApp-Image-2022-06-01-at-6.02.14-PM-2-300x135.jpeg 300w, https:\/\/blogsaverroes.juntadeandalucia.es\/ceiplaza\/files\/2022\/06\/WhatsApp-Image-2022-06-01-at-6.02.14-PM-2-1024x461.jpeg 1024w, https:\/\/blogsaverroes.juntadeandalucia.es\/ceiplaza\/files\/2022\/06\/WhatsApp-Image-2022-06-01-at-6.02.14-PM-2-768x346.jpeg 768w, https:\/\/blogsaverroes.juntadeandalucia.es\/ceiplaza\/files\/2022\/06\/WhatsApp-Image-2022-06-01-at-6.02.14-PM-2-1536x691.jpeg 1536w, https:\/\/blogsaverroes.juntadeandalucia.es\/ceiplaza\/files\/2022\/06\/WhatsApp-Image-2022-06-01-at-6.02.14-PM-2-700x315.jpeg 700w, https:\/\/blogsaverroes.juntadeandalucia.es\/ceiplaza\/files\/2022\/06\/WhatsApp-Image-2022-06-01-at-6.02.14-PM-2.jpeg 1600w\" sizes=\"(max-width: 300px) 100vw, 300px\" \/><\/p>\n","protected":false},"excerpt":{"rendered":"<p>La educaci\u00f3n inclusiva es \u00abel medio m\u00e1s efectivo de combatir las actitudes discriminatorias, creando comunidades de bienvenida, construyendo una sociedad inclusiva y alcanzando la educaci\u00f3n para todos\u201d.- UNESCO, Salamanca 1994. &nbsp; La igualdad y&#46;&#46;&#46;<\/p>\n","protected":false},"author":6728,"featured_media":0,"parent":0,"menu_order":0,"comment_status":"closed","ping_status":"closed","template":"","meta":{"footnotes":""},"aioseo_notices":[],"_links":{"self":[{"href":"https:\/\/blogsaverroes.juntadeandalucia.es\/ceiplaza\/wp-json\/wp\/v2\/pages\/4383"}],"collection":[{"href":"https:\/\/blogsaverroes.juntadeandalucia.es\/ceiplaza\/wp-json\/wp\/v2\/pages"}],"about":[{"href":"https:\/\/blogsaverroes.juntadeandalucia.es\/ceiplaza\/wp-json\/wp\/v2\/types\/page"}],"author":[{"embeddable":true,"href":"https:\/\/blogsaverroes.juntadeandalucia.es\/ceiplaza\/wp-json\/wp\/v2\/users\/6728"}],"replies":[{"embeddable":true,"href":"https:\/\/blogsaverroes.juntadeandalucia.es\/ceiplaza\/wp-json\/wp\/v2\/comments?post=4383"}],"version-history":[{"count":7,"href":"https:\/\/blogsaverroes.juntadeandalucia.es\/ceiplaza\/wp-json\/wp\/v2\/pages\/4383\/revisions"}],"predecessor-version":[{"id":4396,"href":"https:\/\/blogsaverroes.juntadeandalucia.es\/ceiplaza\/wp-json\/wp\/v2\/pages\/4383\/revisions\/4396"}],"wp:attachment":[{"href":"https:\/\/blogsaverroes.juntadeandalucia.es\/ceiplaza\/wp-json\/wp\/v2\/media?parent=4383"}],"curies":[{"name":"wp","href":"https:\/\/api.w.org\/{rel}","templated":true}]}}