{"id":99,"date":"2015-03-16T07:22:54","date_gmt":"2015-03-16T07:22:54","guid":{"rendered":"http:\/\/blogsaverroes.juntadeandalucia.es\/pre\/ceip\/?page_id=99"},"modified":"2026-04-13T08:43:41","modified_gmt":"2026-04-13T06:43:41","slug":"comedor-escolar","status":"publish","type":"page","link":"https:\/\/blogsaverroes.juntadeandalucia.es\/ceiplaza\/comedor-escolar\/","title":{"rendered":"Comedor escolar"},"content":{"rendered":"<h4><\/h4>\n<h4><a href=\"https:\/\/blogsaverroes.juntadeandalucia.es\/ceiplaza\/files\/2015\/03\/comida.jpg\"><img loading=\"lazy\" decoding=\"async\" class=\"size-full wp-image-238 alignnone\" src=\"https:\/\/blogsaverroes.juntadeandalucia.es\/ceiplaza\/files\/2015\/03\/comida.jpg\" alt=\"\" width=\"709\" height=\"411\" srcset=\"https:\/\/blogsaverroes.juntadeandalucia.es\/ceiplaza\/files\/2015\/03\/comida.jpg 709w, https:\/\/blogsaverroes.juntadeandalucia.es\/ceiplaza\/files\/2015\/03\/comida-300x174.jpg 300w, https:\/\/blogsaverroes.juntadeandalucia.es\/ceiplaza\/files\/2015\/03\/comida-700x406.jpg 700w, https:\/\/blogsaverroes.juntadeandalucia.es\/ceiplaza\/files\/2015\/03\/comida-332x192.jpg 332w\" sizes=\"(max-width: 709px) 100vw, 709px\" \/><\/a><\/h4>\n<p>&nbsp;<\/p>\n<p>Los comedores escolares son un servicio complementario que resulta de gran utilidad a padres y madres para ayudarles a\u00a0conciliar la vida laboral y familiar. Tienen una duraci\u00f3n de hasta dos horas desde que acaba la jornada escolar de la ma\u00f1ana (de 14.00 a 16.00 horas).<\/p>\n<p>Los comedores son adem\u00e1s una pieza importante en todas las medidas dirigidas a mejorar los h\u00e1bitos alimenticios de ni\u00f1os y ni\u00f1as y prevenir problemas de salud como la obesidad.<\/p>\n<p>&nbsp;<\/p>\n<h2>Documentos y Enlace<\/h2>\n<p><a href=\"https:\/\/blogsaverroes.juntadeandalucia.es\/ceiplaza\/files\/2026\/04\/MENU-ABRIL.pdf\">MEN\u00da ABRIL<\/a><\/p>\n<p><a href=\"https:\/\/blogsaverroes.juntadeandalucia.es\/ceiplaza\/files\/2018\/11\/Solicitud-Aula-Matinal-Comedor-Actividades-Extraescolares.pdf\">Solicitud alta del Comedor<\/a><\/p>\n<p><a href=\"https:\/\/blogsaverroes.juntadeandalucia.es\/ceiplaza\/files\/2021\/01\/solicitud_baja_paf.pdf\">Solicitud baja del Comedor<\/a><\/p>\n<p><a href=\"https:\/\/blogsaverroes.juntadeandalucia.es\/ceiplaza\/files\/2022\/09\/Ficha-alumnado-comedor.pdf\">Ficha alumnado del comedor<\/a><\/p>\n<p><strong>Normativa<\/strong><\/p>\n<p>&nbsp;<\/p>\n","protected":false},"excerpt":{"rendered":"<p>&nbsp; Los comedores escolares son un servicio complementario que resulta de gran utilidad a padres y madres para ayudarles a\u00a0conciliar la vida laboral y familiar. Tienen una duraci\u00f3n de hasta dos horas desde que&#46;&#46;&#46;<\/p>\n","protected":false},"author":1,"featured_media":0,"parent":0,"menu_order":0,"comment_status":"closed","ping_status":"open","template":"","meta":{"footnotes":""},"aioseo_notices":[],"_links":{"self":[{"href":"https:\/\/blogsaverroes.juntadeandalucia.es\/ceiplaza\/wp-json\/wp\/v2\/pages\/99"}],"collection":[{"href":"https:\/\/blogsaverroes.juntadeandalucia.es\/ceiplaza\/wp-json\/wp\/v2\/pages"}],"about":[{"href":"https:\/\/blogsaverroes.juntadeandalucia.es\/ceiplaza\/wp-json\/wp\/v2\/types\/page"}],"author":[{"embeddable":true,"href":"https:\/\/blogsaverroes.juntadeandalucia.es\/ceiplaza\/wp-json\/wp\/v2\/users\/1"}],"replies":[{"embeddable":true,"href":"https:\/\/blogsaverroes.juntadeandalucia.es\/ceiplaza\/wp-json\/wp\/v2\/comments?post=99"}],"version-history":[{"count":80,"href":"https:\/\/blogsaverroes.juntadeandalucia.es\/ceiplaza\/wp-json\/wp\/v2\/pages\/99\/revisions"}],"predecessor-version":[{"id":5366,"href":"https:\/\/blogsaverroes.juntadeandalucia.es\/ceiplaza\/wp-json\/wp\/v2\/pages\/99\/revisions\/5366"}],"wp:attachment":[{"href":"https:\/\/blogsaverroes.juntadeandalucia.es\/ceiplaza\/wp-json\/wp\/v2\/media?parent=99"}],"curies":[{"name":"wp","href":"https:\/\/api.w.org\/{rel}","templated":true}]}}