{"id":82,"date":"2015-03-16T06:59:55","date_gmt":"2015-03-16T06:59:55","guid":{"rendered":"http:\/\/blogsaverroes.juntadeandalucia.es\/pre\/ceip\/?page_id=82"},"modified":"2021-03-01T15:25:11","modified_gmt":"2021-03-01T13:25:11","slug":"horarios","status":"publish","type":"page","link":"https:\/\/blogsaverroes.juntadeandalucia.es\/ceiplinares\/horarios\/","title":{"rendered":"Horarios"},"content":{"rendered":"<p><span style=\"color: #339966\"><strong>EDUCACI\u00d3N INFANTIL<\/strong><\/span>:&nbsp;3, 4 Y 5 A\u00d1OS<\/p>\n<p><span style=\"color: #339966\"><strong>EDUCACI\u00d3N PRIMARIA<\/strong><\/span>:&nbsp;1\u00ba, 2\u00ba, 3\u00ba, 4\u00ba, 5\u00ba Y 6\u00ba<\/p>\n<p>&nbsp;<span style=\"color: #339966\"><strong>HORARIO<\/strong><\/span><\/p>\n<ul>\n<li>De lunes a viernes de 9:00 a 14:00 horas<\/li>\n<li>Tutor\u00edas. Lunes de 16:00 a 17:00 horas<\/li>\n<\/ul>\n<p><span style=\"color: #339966\"><strong>AULA MATINAL<\/strong><\/span><\/p>\n<p>De lunes a viernes de 7:30 a 9:00 horas<\/p>\n<p><span style=\"color: #339966\"><strong>COMEDOR<\/strong><\/span><\/p>\n<p>De lunes a viernes de 14:00 a 16:00 horas<\/p>\n<p>&nbsp;<\/p>\n","protected":false},"excerpt":{"rendered":"<p>EDUCACI\u00d3N INFANTIL:&nbsp;3, 4 Y 5 A\u00d1OS EDUCACI\u00d3N PRIMARIA:&nbsp;1\u00ba, 2\u00ba, 3\u00ba, 4\u00ba, 5\u00ba Y 6\u00ba &nbsp;HORARIO De lunes a viernes de 9:00 a 14:00 horas Tutor\u00edas. Lunes de 16:00 a 17:00 horas AULA MATINAL De&#46;&#46;&#46;<\/p>\n","protected":false},"author":1,"featured_media":0,"parent":0,"menu_order":0,"comment_status":"closed","ping_status":"open","template":"page-cs.php","meta":{"ngg_post_thumbnail":0,"footnotes":"","_mc_calendar":[]},"aioseo_notices":[],"_links":{"self":[{"href":"https:\/\/blogsaverroes.juntadeandalucia.es\/ceiplinares\/wp-json\/wp\/v2\/pages\/82"}],"collection":[{"href":"https:\/\/blogsaverroes.juntadeandalucia.es\/ceiplinares\/wp-json\/wp\/v2\/pages"}],"about":[{"href":"https:\/\/blogsaverroes.juntadeandalucia.es\/ceiplinares\/wp-json\/wp\/v2\/types\/page"}],"author":[{"embeddable":true,"href":"https:\/\/blogsaverroes.juntadeandalucia.es\/ceiplinares\/wp-json\/wp\/v2\/users\/1"}],"replies":[{"embeddable":true,"href":"https:\/\/blogsaverroes.juntadeandalucia.es\/ceiplinares\/wp-json\/wp\/v2\/comments?post=82"}],"version-history":[{"count":6,"href":"https:\/\/blogsaverroes.juntadeandalucia.es\/ceiplinares\/wp-json\/wp\/v2\/pages\/82\/revisions"}],"predecessor-version":[{"id":3268,"href":"https:\/\/blogsaverroes.juntadeandalucia.es\/ceiplinares\/wp-json\/wp\/v2\/pages\/82\/revisions\/3268"}],"wp:attachment":[{"href":"https:\/\/blogsaverroes.juntadeandalucia.es\/ceiplinares\/wp-json\/wp\/v2\/media?parent=82"}],"curies":[{"name":"wp","href":"https:\/\/api.w.org\/{rel}","templated":true}]}}