{"id":49,"date":"2015-03-13T08:47:05","date_gmt":"2015-03-13T08:47:05","guid":{"rendered":"http:\/\/blogsaverroes.juntadeandalucia.es\/pre\/ceip\/?page_id=49"},"modified":"2025-06-18T09:10:19","modified_gmt":"2025-06-18T09:10:19","slug":"proyecto-educativo","status":"publish","type":"page","link":"https:\/\/blogsaverroes.juntadeandalucia.es\/ceiplopezdieguez\/proyecto-educativo\/","title":{"rendered":"Plan de centro"},"content":{"rendered":"<p><a href=\"https:\/\/blogsaverroes.juntadeandalucia.es\/ceiplopezdieguez\/files\/2019\/11\/images.jpg\"><img loading=\"lazy\" decoding=\"async\" class=\"aligncenter size-full wp-image-6597\" src=\"https:\/\/blogsaverroes.juntadeandalucia.es\/ceiplopezdieguez\/files\/2019\/11\/images.jpg\" alt=\"\" width=\"246\" height=\"205\" srcset=\"https:\/\/blogsaverroes.juntadeandalucia.es\/ceiplopezdieguez\/files\/2019\/11\/images.jpg 246w, https:\/\/blogsaverroes.juntadeandalucia.es\/ceiplopezdieguez\/files\/2019\/11\/images-24x20.jpg 24w, https:\/\/blogsaverroes.juntadeandalucia.es\/ceiplopezdieguez\/files\/2019\/11\/images-36x30.jpg 36w, https:\/\/blogsaverroes.juntadeandalucia.es\/ceiplopezdieguez\/files\/2019\/11\/images-48x40.jpg 48w\" sizes=\"(max-width: 246px) 100vw, 246px\" \/><\/a><\/p>\n<p>El proyecto educativo, el reglamento de organizaci\u00f3n y funcionamiento y el proyecto de gesti\u00f3n constituyen el Plan de centro. El protocolo COVID tambi\u00e9n pasa a formar parte del Plan de centro y modifica algunos aspectos del mismo en aras de mejorar la seguridad.<\/p>\n<p>\u00daltima actualizaci\u00f3n del Plan de centro aprobada en Consejo escolar: 09\/11\/2021.<\/p>\n<p>&nbsp;<\/p>\n<ol>\n<li>PROYECTO EDUCATIVO.<\/li>\n<\/ol>\n<p>Un centro se define en gran medida por su <strong>Proyecto Educativo<\/strong>. En \u00e9l se plasma el modelo educativo y la concreci\u00f3n de la normativa que un centro realiza respecto a las ense\u00f1anzas que imparte. Aspectos tales como las finales educativas, objetivos, atenci\u00f3n a la diversidad, etc. en una apuesta clara&nbsp;por la <strong>transparencia<\/strong>.<\/p>\n<p><a href=\"https:\/\/blogsaverroes.juntadeandalucia.es\/ceiplopezdieguez\/files\/2019\/11\/Conocimiento-del-centro-docente-y-su-entorno.pdf\">Conocimiento del centro docente y su entorno<\/a><\/p>\n<p><a href=\"https:\/\/blogsaverroes.juntadeandalucia.es\/ceiplopezdieguez\/files\/2020\/11\/a-Objetivos-propios.pdf\">a) Objetivos propios<\/a><\/p>\n<p><a href=\"https:\/\/blogsaverroes.juntadeandalucia.es\/ceiplopezdieguez\/files\/2019\/11\/b-L\u00edneas-generales-de-actuaci\u00f3n-pedag\u00f3gica.pdf\">b) L\u00edneas generales de actuaci\u00f3n pedag\u00f3gica<\/a><\/p>\n<p><a href=\"https:\/\/blogsaverroes.juntadeandalucia.es\/ceiplopezdieguez\/files\/2019\/11\/c-coordinaci\u00f3n-concreci\u00f3n-contenidos-curriculares.pdf\">c) coordinaci\u00f3n, concreci\u00f3n contenidos curriculares<\/a><\/p>\n<p><a href=\"https:\/\/blogsaverroes.juntadeandalucia.es\/ceiplopezdieguez\/files\/2020\/11\/d-Criterios-coordinaci\u00f3n.pdf\">d) Criterios coordinaci\u00f3n<\/a><\/p>\n<p><a href=\"https:\/\/blogsaverroes.juntadeandalucia.es\/ceiplopezdieguez\/files\/2020\/11\/e-Criterios-y-procedimientos-evaluaci\u00f3n.pdf\">e) Criterios y procedimientos evaluaci\u00f3n<\/a><\/p>\n<p><a href=\"https:\/\/blogsaverroes.juntadeandalucia.es\/ceiplopezdieguez\/files\/2021\/11\/f-y-g-Plan-atenci\u00f3n-a-la-diversidad.pdf\">f y g) Plan atenci\u00f3n a la diversidad<\/a><\/p>\n<p><a href=\"https:\/\/blogsaverroes.juntadeandalucia.es\/ceiplopezdieguez\/files\/2021\/11\/h-POAT.pdf\">h) POAT<\/a><\/p>\n<p><a href=\"https:\/\/blogsaverroes.juntadeandalucia.es\/ceiplopezdieguez\/files\/2019\/11\/i-procedimiento-suscribir-compromisos-familias.pdf\">i) procedimiento suscribir compromisos familias<\/a><\/p>\n<p><a href=\"https:\/\/blogsaverroes.juntadeandalucia.es\/ceiplopezdieguez\/files\/2020\/11\/j-Plan-de-convivencia.pdf\">j) Plan de convivencia<\/a><\/p>\n<p><a href=\"https:\/\/blogsaverroes.juntadeandalucia.es\/ceiplopezdieguez\/files\/2019\/11\/k-plan-formaci\u00f3n-profesorado.pdf\">k) plan formaci\u00f3n profesorado<\/a><\/p>\n<p><a href=\"https:\/\/blogsaverroes.juntadeandalucia.es\/ceiplopezdieguez\/files\/2019\/11\/l-criterios-organizaci\u00f3n-tiempo-escolar_.pdf\">l) criterios organizaci\u00f3n tiempo escolar_<\/a><\/p>\n<p><a href=\"https:\/\/blogsaverroes.juntadeandalucia.es\/ceiplopezdieguez\/files\/2020\/11\/m-Procedimientos-de-evaluaci\u00f3n-interna.pdf\">m) Procedimientos de evaluaci\u00f3n interna<\/a><\/p>\n<p><a href=\"https:\/\/blogsaverroes.juntadeandalucia.es\/ceiplopezdieguez\/files\/2021\/11\/n-Criterios-agrupamientos-tutor\u00edas-y-libre-disposici\u00f3n.pdf\">n) Criterios agrupamientos, tutor\u00edas y libre disposici\u00f3n<\/a><\/p>\n<p><a href=\"https:\/\/blogsaverroes.juntadeandalucia.es\/ceiplopezdieguez\/files\/2021\/11\/\u00f1-Criterios-para-elaborar-programaciones.pdf\">\u00f1) Criterios para elaborar programaciones<\/a><\/p>\n<p><a href=\"https:\/\/blogsaverroes.juntadeandalucia.es\/ceiplopezdieguez\/files\/2020\/11\/o-planes-estrat\u00e9gicos.pdf\">o) planes estrat\u00e9gicos<\/a><\/p>\n<p><a href=\"https:\/\/blogsaverroes.juntadeandalucia.es\/ceiplopezdieguez\/files\/2019\/11\/p-Informaci\u00f3n-AMPA.pdf\">p) Informaci\u00f3n AMPA<\/a><\/p>\n<p><a href=\"https:\/\/blogsaverroes.juntadeandalucia.es\/ceiplopezdieguez\/files\/2021\/11\/p-Plan-actuaci\u00f3n-EOE-2021-2022.pdf\">q) Plan actuaci\u00f3n EOE 2021-2022<\/a><\/p>\n<p>&nbsp;<\/p>\n<p>2. R.O.F.<\/p>\n<p>El reglamento de organizaci\u00f3n y funcionamiento reconoce las normas organizativas y funcionales que faciliten la consecuci\u00f3n del clima adecuado para alcanzar los objetivos propuestos en el proyecto educativo.<\/p>\n<p><a href=\"https:\/\/blogsaverroes.juntadeandalucia.es\/ceiplopezdieguez\/files\/2021\/11\/R.O.F..pdf\">R.O.F.<\/a><\/p>\n<p>&nbsp;<\/p>\n<p>3. PROYECTO DE GESTI\u00d3N.<\/p>\n<p>Este proyecto recoge la ordenaci\u00f3n y utilizaci\u00f3n de los recursos del centro, tanto materiales como humanos.<\/p>\n<p><a href=\"https:\/\/blogsaverroes.juntadeandalucia.es\/ceiplopezdieguez\/files\/2020\/03\/Proyecto-de-gesti\u00f3n.pdf\">Proyecto de gesti\u00f3n<\/a><\/p>\n<p>&nbsp;<\/p>\n<p><a href=\"https:\/\/blogsaverroes.juntadeandalucia.es\/ceiplopezdieguez\/files\/2021\/11\/PROTOCOLO-COVID-21-22.pdf\">PROTOCOLO COVID 21-22<\/a><\/p>\n<p>&nbsp;<\/p>\n<p><a title=\"CRITERIOS EVALUACI\u00d3N 24-25\" href=\"https:\/\/drive.google.com\/file\/d\/1kwXnpls0TM3bOzG3YgQrh1RkR6OzuGgU\/view\">CRITERIOS EVALUACI\u00d3N 24-25<\/a><\/p>\n<p>&nbsp;<\/p>\n","protected":false},"excerpt":{"rendered":"<p>El proyecto educativo, el reglamento de organizaci\u00f3n y funcionamiento y el proyecto de gesti\u00f3n constituyen el Plan de centro. El protocolo COVID tambi\u00e9n pasa a formar parte del Plan de centro y modifica algunos&#46;&#46;&#46;<\/p>\n","protected":false},"author":1,"featured_media":0,"parent":0,"menu_order":0,"comment_status":"closed","ping_status":"open","template":"","meta":{"ngg_post_thumbnail":0,"footnotes":"","_mc_calendar":[]},"aioseo_notices":[],"_links":{"self":[{"href":"https:\/\/blogsaverroes.juntadeandalucia.es\/ceiplopezdieguez\/wp-json\/wp\/v2\/pages\/49"}],"collection":[{"href":"https:\/\/blogsaverroes.juntadeandalucia.es\/ceiplopezdieguez\/wp-json\/wp\/v2\/pages"}],"about":[{"href":"https:\/\/blogsaverroes.juntadeandalucia.es\/ceiplopezdieguez\/wp-json\/wp\/v2\/types\/page"}],"author":[{"embeddable":true,"href":"https:\/\/blogsaverroes.juntadeandalucia.es\/ceiplopezdieguez\/wp-json\/wp\/v2\/users\/1"}],"replies":[{"embeddable":true,"href":"https:\/\/blogsaverroes.juntadeandalucia.es\/ceiplopezdieguez\/wp-json\/wp\/v2\/comments?post=49"}],"version-history":[{"count":32,"href":"https:\/\/blogsaverroes.juntadeandalucia.es\/ceiplopezdieguez\/wp-json\/wp\/v2\/pages\/49\/revisions"}],"predecessor-version":[{"id":8748,"href":"https:\/\/blogsaverroes.juntadeandalucia.es\/ceiplopezdieguez\/wp-json\/wp\/v2\/pages\/49\/revisions\/8748"}],"wp:attachment":[{"href":"https:\/\/blogsaverroes.juntadeandalucia.es\/ceiplopezdieguez\/wp-json\/wp\/v2\/media?parent=49"}],"curies":[{"name":"wp","href":"https:\/\/api.w.org\/{rel}","templated":true}]}}