{"id":12286,"date":"2023-11-28T13:33:04","date_gmt":"2023-11-28T12:33:04","guid":{"rendered":"https:\/\/blogsaverroes.juntadeandalucia.es\/ceiplosangeles\/?page_id=12286"},"modified":"2025-10-14T09:38:42","modified_gmt":"2025-10-14T08:38:42","slug":"biblioteca2","status":"publish","type":"page","link":"https:\/\/blogsaverroes.juntadeandalucia.es\/ceiplosangeles\/biblioteca2\/","title":{"rendered":"Biblioteca"},"content":{"rendered":"<p><img loading=\"lazy\" decoding=\"async\" class=\"aligncenter size-large wp-image-12297\" src=\"https:\/\/blogsaverroes.juntadeandalucia.es\/ceiplosangeles\/files\/2023\/11\/foto-biblioteca-1-1024x461.jpg\" alt=\"\" width=\"1024\" height=\"461\" srcset=\"https:\/\/blogsaverroes.juntadeandalucia.es\/ceiplosangeles\/files\/2023\/11\/foto-biblioteca-1-980x441.jpg 980w, https:\/\/blogsaverroes.juntadeandalucia.es\/ceiplosangeles\/files\/2023\/11\/foto-biblioteca-1-480x216.jpg 480w\" sizes=\"(min-width: 0px) and (max-width: 480px) 480px, (min-width: 481px) and (max-width: 980px) 980px, (min-width: 981px) 1024px, 100vw\" \/><\/p>\n<p><span style=\"font-weight: 400\">Nuestra Biblioteca Escolar cuenta con dos salas, una para Educaci\u00f3n Primaria, situada en la planta baja del centro, y otra para Educaci\u00f3n Infantil, ubicada en la segunda planta del edificio de Infantil. Los recursos materiales y el espacio responden a las necesidades que, por ahora, tiene el centro escolar. <\/span><span style=\"font-weight: 400\">Tenemos m\u00e1s de 7600 documentos registrados, catalogados, informatizados y ordenados seg\u00fan la CDU, con una se\u00f1alizaci\u00f3n bien visible en las dos bibliotecas. <\/span><span style=\"font-weight: 400\">Este Curso Escolar 2023-2024 hemos inaugurado la biblioteca de Educaci\u00f3n Primaria con un Genially de presentaci\u00f3n de la misma, y con unas huellas desde la entrada principal del edificio , rodeando la zona de los despachos hasta llegar a la biblioteca y un cartel para todo el alumnado de Educaci\u00f3n Primaria. Adem\u00e1s ese Genially ten\u00eda un cuestionario de google donde adem\u00e1s de responder a las preguntas sobre la gesti\u00f3n de ubicaci\u00f3n de libros y normas de funcionamiento (pr\u00e9stamos y devoluciones) tambi\u00e9n ten\u00eda un apartado para indicar los libros&nbsp; que les gustar\u00eda tener en la biblioteca. <\/span><span style=\"font-weight: 400\">De hecho se ha llevado a cabo una compra de libros solicitados.<\/span><\/p>\n<p>&nbsp;<\/p>\n<p>&nbsp;<\/p>\n","protected":false},"excerpt":{"rendered":"<p>Nuestra Biblioteca Escolar cuenta con dos salas, una para Educaci\u00f3n Primaria, situada en la planta baja del centro, y otra para Educaci\u00f3n Infantil, ubicada en la segunda planta del edificio de Infantil. Los recursos materiales y el espacio responden a las necesidades que, por ahora, tiene el centro escolar. Tenemos m\u00e1s de 7600 documentos registrados, [&hellip;]<\/p>\n","protected":false},"author":17856,"featured_media":0,"parent":0,"menu_order":0,"comment_status":"closed","ping_status":"closed","template":"","meta":{"_et_pb_use_builder":"","_et_pb_old_content":"","_et_gb_content_width":"","ngg_post_thumbnail":0,"footnotes":""},"aioseo_notices":[],"_links":{"self":[{"href":"https:\/\/blogsaverroes.juntadeandalucia.es\/ceiplosangeles\/wp-json\/wp\/v2\/pages\/12286"}],"collection":[{"href":"https:\/\/blogsaverroes.juntadeandalucia.es\/ceiplosangeles\/wp-json\/wp\/v2\/pages"}],"about":[{"href":"https:\/\/blogsaverroes.juntadeandalucia.es\/ceiplosangeles\/wp-json\/wp\/v2\/types\/page"}],"author":[{"embeddable":true,"href":"https:\/\/blogsaverroes.juntadeandalucia.es\/ceiplosangeles\/wp-json\/wp\/v2\/users\/17856"}],"replies":[{"embeddable":true,"href":"https:\/\/blogsaverroes.juntadeandalucia.es\/ceiplosangeles\/wp-json\/wp\/v2\/comments?post=12286"}],"version-history":[{"count":10,"href":"https:\/\/blogsaverroes.juntadeandalucia.es\/ceiplosangeles\/wp-json\/wp\/v2\/pages\/12286\/revisions"}],"predecessor-version":[{"id":12698,"href":"https:\/\/blogsaverroes.juntadeandalucia.es\/ceiplosangeles\/wp-json\/wp\/v2\/pages\/12286\/revisions\/12698"}],"wp:attachment":[{"href":"https:\/\/blogsaverroes.juntadeandalucia.es\/ceiplosangeles\/wp-json\/wp\/v2\/media?parent=12286"}],"curies":[{"name":"wp","href":"https:\/\/api.w.org\/{rel}","templated":true}]}}