{"id":141,"date":"2015-03-17T07:13:24","date_gmt":"2015-03-17T07:13:24","guid":{"rendered":"http:\/\/blogsaverroes.juntadeandalucia.es\/pre\/ceip\/?page_id=141"},"modified":"2024-08-31T07:51:55","modified_gmt":"2024-08-31T07:51:55","slug":"escolarizacion","status":"publish","type":"page","link":"https:\/\/blogsaverroes.juntadeandalucia.es\/ceiploscalifas\/escolarizacion\/","title":{"rendered":"Solicitudes de bonificaci\u00f3n\/gratuidad de Servicios Complementarios"},"content":{"rendered":"<p style=\"text-align: justify\"><a href=\"https:\/\/blogsaverroes.juntadeandalucia.es\/ceiploscalifas\/solicitudes-de-bonificacion-gratuidad-de-servicios-complementarios-curso-24-25\/bonificaciones-3\/\" rel=\"attachment wp-att-7027\"><img loading=\"lazy\" decoding=\"async\" class=\"alignleft wp-image-7785 \" src=\"https:\/\/blogsaverroes.juntadeandalucia.es\/ceiploscalifas\/files\/2024\/08\/bonificaciones-300x300.jpg\" alt=\"\" width=\"235\" height=\"235\" srcset=\"https:\/\/blogsaverroes.juntadeandalucia.es\/ceiploscalifas\/files\/2024\/08\/bonificaciones-300x300.jpg 300w, https:\/\/blogsaverroes.juntadeandalucia.es\/ceiploscalifas\/files\/2024\/08\/bonificaciones-150x150.jpg 150w, https:\/\/blogsaverroes.juntadeandalucia.es\/ceiploscalifas\/files\/2024\/08\/bonificaciones.jpg 472w\" sizes=\"(max-width: 235px) 100vw, 235px\" \/><\/a><\/p>\n<p style=\"text-align: justify\">Las personas que ejerzan la guarda y custodia de las alumnas y alumnos del colegio que sean usuarios de servicios complementarios (aula matinal, comedor escolar y\/o actividades extraescolares) podr\u00e1n solicitar gratuidad o bonificaci\u00f3n sobre el precio p\u00fablico de dichos servicios.<\/p>\n<p>El plazo ordinario de solicitud <strong>ser\u00e1 del 1 al 7 de septiembre.<\/strong>&nbsp;<\/p>\n<p>En el curso 2024\/25 se podr\u00e1 solicitar gratuidad o bonificaci\u00f3n para los servicios complementarios hasta el d\u00eda 10.<\/p>\n<p style=\"text-align: justify\">A partir del 1 de septiembre se habilitar\u00e1 la&nbsp;<strong>solicitud telem\u00e1tica de bonificaci\u00f3n\/gratuidad de los servicios complementarios<\/strong> en la Secretar\u00eda Virtual de los centros educativos (<a href=\"https:\/\/www.juntadeandalucia.es\/educacion\/secretariavirtual\/solicitudes\/\" target=\"_blank\" rel=\"noopener noreferrer\">Solicitudes &gt; Servicios Complementarios<\/a>).<\/p>\n<p style=\"text-align: justify\"><span style=\"color: #000000\"><strong>Todo usuario que tenga garantizada la gratuidad de alg\u00fan servicio deber\u00e1 solicitar la bonificaci\u00f3n&#8230; \u00a1es obligatorio!<\/strong><\/span><\/p>\n<p style=\"text-align: justify\">Tambi\u00e9n se podr\u00e1 presentar de manera presencial en la Secretar\u00eda del centro <strong>en horario de 09:30 a 13:30 horas<\/strong>, entregando cumplimentada la solicitud (Anexo V).<\/p>\n<p><a href=\"https:\/\/blogsaverroes.juntadeandalucia.es\/ceiploscalifas\/files\/2020\/12\/descarga-pdf.png\"><img loading=\"lazy\" decoding=\"async\" class=\"alignleft wp-image-2778\" src=\"https:\/\/blogsaverroes.juntadeandalucia.es\/ceiploscalifas\/files\/2020\/12\/descarga-pdf-150x150.png\" alt=\"Descarga PDF\" width=\"45\" height=\"52\" srcset=\"https:\/\/blogsaverroes.juntadeandalucia.es\/ceiploscalifas\/files\/2020\/12\/descarga-pdf-258x300.png 258w, https:\/\/blogsaverroes.juntadeandalucia.es\/ceiploscalifas\/files\/2020\/12\/descarga-pdf-21x24.png 21w, https:\/\/blogsaverroes.juntadeandalucia.es\/ceiploscalifas\/files\/2020\/12\/descarga-pdf-31x36.png 31w, https:\/\/blogsaverroes.juntadeandalucia.es\/ceiploscalifas\/files\/2020\/12\/descarga-pdf-41x48.png 41w, https:\/\/blogsaverroes.juntadeandalucia.es\/ceiploscalifas\/files\/2020\/12\/descarga-pdf.png 360w\" sizes=\"(max-width: 45px) 100vw, 45px\" \/><\/a><\/p>\n<p class=\"title icopdf\"><a title=\"Pulse para visualizar el documento:&nbsp;Anexo V.- Gratuidad\/bonificaci\u00f3n del precio p\u00fablico por los servicios complementarios de Aula Matinal, Comedor Escolar y Actividades Extraescolares\" href=\"https:\/\/drive.google.com\/file\/d\/1QX0gbg50P9Rd1RXmtZ5rXwZXPbtRLJr9\/view?usp=sharing\" target=\"_blank\" rel=\"noopener noreferrer\">Anexo V.- Gratuidad\/bonificaci\u00f3n del precio p\u00fablico por los servicios complementarios de Aula Matinal, Comedor Escolar y Actividades Extraescolares<\/a><\/p>\n<p>&nbsp;<\/p>\n<p style=\"text-align: justify\">La resoluci\u00f3n con el listado de bonificaciones provisional ser\u00e1 publicada en la secci\u00f3n de consultas de la Secretar\u00eda virtual y en el tabl\u00f3n de anuncios de la Secretar\u00eda del centro, abri\u00e9ndose un plazo de 10 d\u00edas h\u00e1biles para presentar alegaciones.<\/p>\n<p style=\"text-align: justify\">Las bonificaciones definitivas se notificar\u00e1n a trav\u00e9s del documento <strong>\u201cNotificaci\u00f3n de bonificaciones individualizadas\u201d<\/strong> que ser\u00e1 enviado al punto de recogida de Pasen,<\/p>\n<p>&nbsp;<\/p>\n<p style=\"text-align: justify\"><strong>Si el alumno o alumna es admitido durante el curso, dispondr\u00e1 de 3 d\u00edas h\u00e1biles desde la admisi\u00f3n en el servicio complementario para solicitar la gratuidad o bonificaci\u00f3n. Para ello deber\u00e1 cumplimentar el Anexo V y entregarlo en la Secretar\u00eda del centro.<\/strong><\/p>\n<p>&nbsp;<\/p>\n<p style=\"text-align: center\"><span style=\"text-decoration: underline;color: #008000\"><strong>Bonificaciones seg\u00fan ingresos y n\u00ba de miembros de la unidad familiar<\/strong><\/span><\/p>\n<p style=\"text-align: center\"><a href=\"https:\/\/blogsaverroes.juntadeandalucia.es\/ceiploscalifas\/escolarizacion\/tabla-de-bonificaciones\/\" rel=\"attachment wp-att-7792\"><img loading=\"lazy\" decoding=\"async\" class=\"aligncenter size-full wp-image-7792\" src=\"https:\/\/blogsaverroes.juntadeandalucia.es\/ceiploscalifas\/files\/2024\/08\/tabla-de-bonificaciones.jpg\" alt=\"\" width=\"1473\" height=\"788\" srcset=\"https:\/\/blogsaverroes.juntadeandalucia.es\/ceiploscalifas\/files\/2024\/08\/tabla-de-bonificaciones.jpg 1473w, https:\/\/blogsaverroes.juntadeandalucia.es\/ceiploscalifas\/files\/2024\/08\/tabla-de-bonificaciones-300x160.jpg 300w, https:\/\/blogsaverroes.juntadeandalucia.es\/ceiploscalifas\/files\/2024\/08\/tabla-de-bonificaciones-1024x548.jpg 1024w, https:\/\/blogsaverroes.juntadeandalucia.es\/ceiploscalifas\/files\/2024\/08\/tabla-de-bonificaciones-768x411.jpg 768w\" sizes=\"(max-width: 1473px) 100vw, 1473px\" \/><\/a><\/p>\n<p>&nbsp;<\/p>\n<hr>\n<p style=\"text-align: justify\"><strong><span style=\"color: #ff0000\"><span style=\"color: #808000\">\u00a1NOVEDAD!<\/span>&nbsp;<\/span><\/strong><span style=\"color: #ff0000\"><span style=\"color: #000000\">Durante el verano se ha actualizado la cuant\u00eda del precio p\u00fablico del servicio complementario de comedor escolar en los centros docentes p\u00fablicos de Andaluc\u00eda. El Bolet\u00edn Oficial de la Junta de Andaluc\u00eda (BOJA) del pasado 2 de agosto recoge el precio que tendr\u00e1 este servicio para el curso 2024\/2025. <b>El coste por d\u00eda ser\u00e1 de 5,54 euros, lo que supone 0,56 c\u00e9ntimos m\u00e1s que el a\u00f1o pasado<\/b>.<\/span><\/span><\/p>\n<p><a href=\"https:\/\/blogsaverroes.juntadeandalucia.es\/ceiploscalifas\/solicitudes-de-bonificacion-gratuidad-de-servicios-complementarios-curso-24-25\/preciospublicossscc\/\" rel=\"attachment wp-att-7783\"><img loading=\"lazy\" decoding=\"async\" class=\"size-full wp-image-7783 aligncenter\" src=\"https:\/\/blogsaverroes.juntadeandalucia.es\/ceiploscalifas\/files\/2024\/08\/PreciosPublicosSSCC.jpg\" alt=\"\" width=\"940\" height=\"215\" srcset=\"https:\/\/blogsaverroes.juntadeandalucia.es\/ceiploscalifas\/files\/2024\/08\/PreciosPublicosSSCC.jpg 940w, https:\/\/blogsaverroes.juntadeandalucia.es\/ceiploscalifas\/files\/2024\/08\/PreciosPublicosSSCC-300x69.jpg 300w, https:\/\/blogsaverroes.juntadeandalucia.es\/ceiploscalifas\/files\/2024\/08\/PreciosPublicosSSCC-768x176.jpg 768w\" sizes=\"(max-width: 940px) 100vw, 940px\" \/><\/a><\/p>\n<p style=\"text-align: justify\"><a href=\"https:\/\/blogsaverroes.juntadeandalucia.es\/ceiploscalifas\/files\/2020\/12\/descarga-pdf.png\"><img loading=\"lazy\" decoding=\"async\" class=\"alignleft wp-image-2778\" src=\"https:\/\/blogsaverroes.juntadeandalucia.es\/ceiploscalifas\/files\/2020\/12\/descarga-pdf-150x150.png\" alt=\"Descarga PDF\" width=\"45\" height=\"52\" srcset=\"https:\/\/blogsaverroes.juntadeandalucia.es\/ceiploscalifas\/files\/2020\/12\/descarga-pdf-258x300.png 258w, https:\/\/blogsaverroes.juntadeandalucia.es\/ceiploscalifas\/files\/2020\/12\/descarga-pdf-21x24.png 21w, https:\/\/blogsaverroes.juntadeandalucia.es\/ceiploscalifas\/files\/2020\/12\/descarga-pdf-31x36.png 31w, https:\/\/blogsaverroes.juntadeandalucia.es\/ceiploscalifas\/files\/2020\/12\/descarga-pdf-41x48.png 41w, https:\/\/blogsaverroes.juntadeandalucia.es\/ceiploscalifas\/files\/2020\/12\/descarga-pdf.png 360w\" sizes=\"(max-width: 45px) 100vw, 45px\" \/><\/a><a href=\"https:\/\/drive.google.com\/file\/d\/1f1AryDm__mmcoXEIBt-22rgSv0XeL5kG\/view?usp=sharing\" target=\"_blank\" rel=\"noopener\">Acuerdo de 30 de julio de 2024, del Consejo de Gobierno, por el que se revisa la cuant\u00eda del precio p\u00fablico del servicio complementario de comedor escolar en los centros docentes p\u00fablicos de Andaluc\u00eda<\/a>.<\/p>\n","protected":false},"excerpt":{"rendered":"<p>Las personas que ejerzan la guarda y custodia de las alumnas y alumnos del colegio que sean usuarios de servicios complementarios (aula matinal, comedor escolar y\/o actividades extraescolares) podr\u00e1n solicitar gratuidad o bonificaci\u00f3n sobre&#46;&#46;&#46;<\/p>\n","protected":false},"author":1,"featured_media":0,"parent":0,"menu_order":0,"comment_status":"closed","ping_status":"open","template":"page-cs.php","meta":{"ngg_post_thumbnail":0,"footnotes":"","_mc_calendar":[]},"aioseo_notices":[],"_links":{"self":[{"href":"https:\/\/blogsaverroes.juntadeandalucia.es\/ceiploscalifas\/wp-json\/wp\/v2\/pages\/141"}],"collection":[{"href":"https:\/\/blogsaverroes.juntadeandalucia.es\/ceiploscalifas\/wp-json\/wp\/v2\/pages"}],"about":[{"href":"https:\/\/blogsaverroes.juntadeandalucia.es\/ceiploscalifas\/wp-json\/wp\/v2\/types\/page"}],"author":[{"embeddable":true,"href":"https:\/\/blogsaverroes.juntadeandalucia.es\/ceiploscalifas\/wp-json\/wp\/v2\/users\/1"}],"replies":[{"embeddable":true,"href":"https:\/\/blogsaverroes.juntadeandalucia.es\/ceiploscalifas\/wp-json\/wp\/v2\/comments?post=141"}],"version-history":[{"count":9,"href":"https:\/\/blogsaverroes.juntadeandalucia.es\/ceiploscalifas\/wp-json\/wp\/v2\/pages\/141\/revisions"}],"predecessor-version":[{"id":7788,"href":"https:\/\/blogsaverroes.juntadeandalucia.es\/ceiploscalifas\/wp-json\/wp\/v2\/pages\/141\/revisions\/7788"}],"wp:attachment":[{"href":"https:\/\/blogsaverroes.juntadeandalucia.es\/ceiploscalifas\/wp-json\/wp\/v2\/media?parent=141"}],"curies":[{"name":"wp","href":"https:\/\/api.w.org\/{rel}","templated":true}]}}

Solicitudes de bonificación/gratuidad de Servicios Complementarios

<p style="text-align: justify"><a href="https://blogsaverroes.juntadeandalucia.es/ceiploscalifas/solicitudes-de-bonificacion-gratuidad-de-servicios-complementarios-curso-24-25/bonificaciones-3/" rel="attachment wp-att-7027"><img loading="lazy" decoding="async" class="alignleft wp-image-7785 " src="https://blogsaverroes.juntadeandalucia.es/ceiploscalifas/files/2024/08/bonificaciones-300x300.jpg" alt="" width="235" height="235" srcset="https://blogsaverroes.juntadeandalucia.es/ceiploscalifas/files/2024/08/bonificaciones-300x300.jpg 300w, https://blogsaverroes.juntadeandalucia.es/ceiploscalifas/files/2024/08/bonificaciones-150x150.jpg 150w, https://blogsaverroes.juntadeandalucia.es/ceiploscalifas/files/2024/08/bonificaciones.jpg 472w" sizes="(max-width: 235px) 100vw, 235px" /></a></p>
<p style="text-align: justify">Las personas que ejerzan la guarda y custodia de las alumnas y alumnos del colegio que sean usuarios de servicios complementarios (aula matinal, comedor escolar y/o actividades extraescolares) podrán solicitar gratuidad o bonificación sobre el precio público de dichos servicios.</p>
<p>El plazo ordinario de solicitud <strong>será del 1 al 7 de septiembre.</strong>&nbsp;</p>
<p>En el curso 2024/25 se podrá solicitar gratuidad o bonificación para los servicios complementarios hasta el día 10.</p>
<p style="text-align: justify">A partir del 1 de septiembre se habilitará la&nbsp;<strong>solicitud telemática de bonificación/gratuidad de los servicios complementarios</strong> en la Secretaría Virtual de los centros educativos (<a href="https://www.juntadeandalucia.es/educacion/secretariavirtual/solicitudes/" target="_blank" rel="noopener noreferrer">Solicitudes &gt; Servicios Complementarios</a>).</p>
<p style="text-align: justify"><span style="color: #000000"><strong>Todo usuario que tenga garantizada la gratuidad de algún servicio deberá solicitar la bonificación&#8230; ¡es obligatorio!</strong></span></p>
<p style="text-align: justify">También se podrá presentar de manera presencial en la Secretaría del centro <strong>en horario de 09:30 a 13:30 horas</strong>, entregando cumplimentada la solicitud (Anexo V).</p>
<p><a href="https://blogsaverroes.juntadeandalucia.es/ceiploscalifas/files/2020/12/descarga-pdf.png"><img loading="lazy" decoding="async" class="alignleft wp-image-2778" src="https://blogsaverroes.juntadeandalucia.es/ceiploscalifas/files/2020/12/descarga-pdf-150x150.png" alt="Descarga PDF" width="45" height="52" srcset="https://blogsaverroes.juntadeandalucia.es/ceiploscalifas/files/2020/12/descarga-pdf-258x300.png 258w, https://blogsaverroes.juntadeandalucia.es/ceiploscalifas/files/2020/12/descarga-pdf-21x24.png 21w, https://blogsaverroes.juntadeandalucia.es/ceiploscalifas/files/2020/12/descarga-pdf-31x36.png 31w, https://blogsaverroes.juntadeandalucia.es/ceiploscalifas/files/2020/12/descarga-pdf-41x48.png 41w, https://blogsaverroes.juntadeandalucia.es/ceiploscalifas/files/2020/12/descarga-pdf.png 360w" sizes="(max-width: 45px) 100vw, 45px" /></a></p>
<p class="title icopdf"><a title="Pulse para visualizar el documento:&nbsp;Anexo V.- Gratuidad/bonificación del precio público por los servicios complementarios de Aula Matinal, Comedor Escolar y Actividades Extraescolares" href="https://drive.google.com/file/d/1QX0gbg50P9Rd1RXmtZ5rXwZXPbtRLJr9/view?usp=sharing" target="_blank" rel="noopener noreferrer">Anexo V.- Gratuidad/bonificación del precio público por los servicios complementarios de Aula Matinal, Comedor Escolar y Actividades Extraescolares</a></p>
<p>&nbsp;</p>
<p style="text-align: justify">La resolución con el listado de bonificaciones provisional será publicada en la sección de consultas de la Secretaría virtual y en el tablón de anuncios de la Secretaría del centro, abriéndose un plazo de 10 días hábiles para presentar alegaciones.</p>
<p style="text-align: justify">Las bonificaciones definitivas se notificarán a través del documento <strong>“Notificación de bonificaciones individualizadas”</strong> que será enviado al punto de recogida de Pasen,</p>
<p>&nbsp;</p>
<p style="text-align: justify"><strong>Si el alumno o alumna es admitido durante el curso, dispondrá de 3 días hábiles desde la admisión en el servicio complementario para solicitar la gratuidad o bonificación. Para ello deberá cumplimentar el Anexo V y entregarlo en la Secretaría del centro.</strong></p>
<p>&nbsp;</p>
<p style="text-align: center"><span style="text-decoration: underline;color: #008000"><strong>Bonificaciones según ingresos y nº de miembros de la unidad familiar</strong></span></p>
<p style="text-align: center"><a href="https://blogsaverroes.juntadeandalucia.es/ceiploscalifas/escolarizacion/tabla-de-bonificaciones/" rel="attachment wp-att-7792"><img loading="lazy" decoding="async" class="aligncenter size-full wp-image-7792" src="https://blogsaverroes.juntadeandalucia.es/ceiploscalifas/files/2024/08/tabla-de-bonificaciones.jpg" alt="" width="1473" height="788" srcset="https://blogsaverroes.juntadeandalucia.es/ceiploscalifas/files/2024/08/tabla-de-bonificaciones.jpg 1473w, https://blogsaverroes.juntadeandalucia.es/ceiploscalifas/files/2024/08/tabla-de-bonificaciones-300x160.jpg 300w, https://blogsaverroes.juntadeandalucia.es/ceiploscalifas/files/2024/08/tabla-de-bonificaciones-1024x548.jpg 1024w, https://blogsaverroes.juntadeandalucia.es/ceiploscalifas/files/2024/08/tabla-de-bonificaciones-768x411.jpg 768w" sizes="(max-width: 1473px) 100vw, 1473px" /></a></p>
<p>&nbsp;</p>
<hr>
<p style="text-align: justify"><strong><span style="color: #ff0000"><span style="color: #808000">¡NOVEDAD!</span>&nbsp;</span></strong><span style="color: #ff0000"><span style="color: #000000">Durante el verano se ha actualizado la cuantía del precio público del servicio complementario de comedor escolar en los centros docentes públicos de Andalucía. El Boletín Oficial de la Junta de Andalucía (BOJA) del pasado 2 de agosto recoge el precio que tendrá este servicio para el curso 2024/2025. <b>El coste por día será de 5,54 euros, lo que supone 0,56 céntimos más que el año pasado</b>.</span></span></p>
<p><a href="https://blogsaverroes.juntadeandalucia.es/ceiploscalifas/solicitudes-de-bonificacion-gratuidad-de-servicios-complementarios-curso-24-25/preciospublicossscc/" rel="attachment wp-att-7783"><img loading="lazy" decoding="async" class="size-full wp-image-7783 aligncenter" src="https://blogsaverroes.juntadeandalucia.es/ceiploscalifas/files/2024/08/PreciosPublicosSSCC.jpg" alt="" width="940" height="215" srcset="https://blogsaverroes.juntadeandalucia.es/ceiploscalifas/files/2024/08/PreciosPublicosSSCC.jpg 940w, https://blogsaverroes.juntadeandalucia.es/ceiploscalifas/files/2024/08/PreciosPublicosSSCC-300x69.jpg 300w, https://blogsaverroes.juntadeandalucia.es/ceiploscalifas/files/2024/08/PreciosPublicosSSCC-768x176.jpg 768w" sizes="(max-width: 940px) 100vw, 940px" /></a></p>
<p style="text-align: justify"><a href="https://blogsaverroes.juntadeandalucia.es/ceiploscalifas/files/2020/12/descarga-pdf.png"><img loading="lazy" decoding="async" class="alignleft wp-image-2778" src="https://blogsaverroes.juntadeandalucia.es/ceiploscalifas/files/2020/12/descarga-pdf-150x150.png" alt="Descarga PDF" width="45" height="52" srcset="https://blogsaverroes.juntadeandalucia.es/ceiploscalifas/files/2020/12/descarga-pdf-258x300.png 258w, https://blogsaverroes.juntadeandalucia.es/ceiploscalifas/files/2020/12/descarga-pdf-21x24.png 21w, https://blogsaverroes.juntadeandalucia.es/ceiploscalifas/files/2020/12/descarga-pdf-31x36.png 31w, https://blogsaverroes.juntadeandalucia.es/ceiploscalifas/files/2020/12/descarga-pdf-41x48.png 41w, https://blogsaverroes.juntadeandalucia.es/ceiploscalifas/files/2020/12/descarga-pdf.png 360w" sizes="(max-width: 45px) 100vw, 45px" /></a><a href="https://drive.google.com/file/d/1f1AryDm__mmcoXEIBt-22rgSv0XeL5kG/view?usp=sharing" target="_blank" rel="noopener">Acuerdo de 30 de julio de 2024, del Consejo de Gobierno, por el que se revisa la cuantía del precio público del servicio complementario de comedor escolar en los centros docentes públicos de Andalucía</a>.</p>

<p>Las personas que ejerzan la guarda y custodia de las alumnas y alumnos del colegio que sean usuarios de servicios complementarios (aula matinal, comedor escolar y/o actividades extraescolares) podrán solicitar gratuidad o bonificación sobre&#46;&#46;&#46;</p>
