{"id":870,"date":"2015-03-16T07:24:27","date_gmt":"2015-03-16T07:24:27","guid":{"rendered":"http:\/\/blogsaverroes.juntadeandalucia.es\/pre\/ceip\/?page_id=103"},"modified":"2024-08-03T08:55:59","modified_gmt":"2024-08-03T08:55:59","slug":"aula-matinal","status":"publish","type":"page","link":"https:\/\/blogsaverroes.juntadeandalucia.es\/ceiploscalifas\/aula-matinal\/","title":{"rendered":"Aula Matinal"},"content":{"rendered":"<p>El <strong>Aula Matinal<\/strong> abre a las 7.30 horas de lunes a viernes, hasta el comienzo del horario <a href=\"https:\/\/blogsaverroes.juntadeandalucia.es\/ceiploscalifas\/aula-matinal\/aula-matinal-3\/\" rel=\"attachment wp-att-7079\"><img loading=\"lazy\" decoding=\"async\" class=\"size-full wp-image-7079 alignright\" src=\"https:\/\/blogsaverroes.juntadeandalucia.es\/ceiploscalifas\/files\/2023\/09\/aula-matinal.jpg\" alt=\"\" width=\"212\" height=\"238\"><\/a>lectivo<span class=\"OYPEnA text-decoration-none text-strikethrough-none\">&nbsp;(7:30 a 9:00).<\/span><\/p>\n<p class=\"cvGsUA direction-ltr align-justify para-style-body\"><span class=\"OYPEnA text-decoration-none text-strikethrough-none\">Entrada por puerta Avda\/ Rabanales.<\/span><\/p>\n<p class=\"cvGsUA direction-ltr align-justify para-style-body\"><span class=\"OYPEnA text-decoration-none text-strikethrough-none\">Aperturas de puerta: 7:30, 7:45, 8:00, 8:15 y 8:30 (La puerta se mantendr\u00e1 abierta durante 5 min. en cada apertura, existiendo un timbre en caso de alguna incidencia)<\/span><\/p>\n<p style=\"text-align: justify\">Para su uso es necesaria &nbsp;la solicitud del servicio en secretar\u00eda,&nbsp;a trav\u00e9s de la <a href=\"https:\/\/www.juntadeandalucia.es\/educacion\/secretariavirtual\/\">SECRETARIA VIRTUAL<\/a> o mediante el <a href=\"https:\/\/www.juntadeandalucia.es\/educacion\/portals\/delegate\/content\/6c4342f7-1581-4c26-bc7e-2e49b4b64cee\/Anexo%20II.-%20Servicio%20de%20Aula%20Matinal,%20Comedor%20Escolar%20y%20actividades%20Extraescolares\">ANEXO II<\/a> &nbsp;(Desc\u00e1rgate aqu\u00ed el formulario y &nbsp;entr\u00e9galo en la secretar\u00eda del colegio).<\/p>\n<p><strong>Precio del servicio:&nbsp;1,33 \u20ac\/d\u00eda &nbsp;o&nbsp;17,51 \u20ac\/mes<\/strong><\/p>\n<p><a href=\"https:\/\/www.juntadeandalucia.es\/eboja\/2024\/150\/BOJA24-150-00002-49032-01_00305982.pdf\">(Acuerdo de 30 de julio de 2024, del Consejo de Gobierno)<\/a><\/p>\n<p>La solicitud de bonificaciones &nbsp;de dicho servicio se realiza a principios del mes de septiembre, a trav\u00e9s de la <a href=\"https:\/\/www.juntadeandalucia.es\/educacion\/secretariavirtual\/\">SECRETARIA VIRTUAL<\/a> o mediante el <a href=\"https:\/\/www.juntadeandalucia.es\/educacion\/portals\/delegate\/content\/fcc8b9c5-53ad-46ca-9098-80d7b3c81097\/Anexo%20V.-%20Gratuidad\/bonificaci\u00f3n%20del%20precio%20p\u00fablico%20por%20los%20servicios%20complementarios%20de%20Aula%20Matinal,%20Comedor%20Escolar%20y%20Actividades%20Extraescolares\">ANEXO V&nbsp;<\/a>(Desc\u00e1rgate aqu\u00ed el formulario y &nbsp;entr\u00e9galo en la secretar\u00eda del colegio).<\/p>\n<p>La empresa responsable de la gesti\u00f3n del servicio de aula matinal en nuestro colegio para el curso 2024\/2025 es <strong>GP Servicios Educativos SL<\/strong>.<\/p>\n<p>&nbsp;<\/p>\n","protected":false},"excerpt":{"rendered":"<p>El Aula Matinal abre a las 7.30 horas de lunes a viernes, hasta el comienzo del horario lectivo&nbsp;(7:30 a 9:00). Entrada por puerta Avda\/ Rabanales. Aperturas de puerta: 7:30, 7:45, 8:00, 8:15 y 8:30&#46;&#46;&#46;<\/p>\n","protected":false},"author":1,"featured_media":0,"parent":0,"menu_order":0,"comment_status":"closed","ping_status":"open","template":"page-cs.php","meta":{"ngg_post_thumbnail":0,"footnotes":"","_mc_calendar":[]},"aioseo_notices":[],"_links":{"self":[{"href":"https:\/\/blogsaverroes.juntadeandalucia.es\/ceiploscalifas\/wp-json\/wp\/v2\/pages\/870"}],"collection":[{"href":"https:\/\/blogsaverroes.juntadeandalucia.es\/ceiploscalifas\/wp-json\/wp\/v2\/pages"}],"about":[{"href":"https:\/\/blogsaverroes.juntadeandalucia.es\/ceiploscalifas\/wp-json\/wp\/v2\/types\/page"}],"author":[{"embeddable":true,"href":"https:\/\/blogsaverroes.juntadeandalucia.es\/ceiploscalifas\/wp-json\/wp\/v2\/users\/1"}],"replies":[{"embeddable":true,"href":"https:\/\/blogsaverroes.juntadeandalucia.es\/ceiploscalifas\/wp-json\/wp\/v2\/comments?post=870"}],"version-history":[{"count":12,"href":"https:\/\/blogsaverroes.juntadeandalucia.es\/ceiploscalifas\/wp-json\/wp\/v2\/pages\/870\/revisions"}],"predecessor-version":[{"id":7732,"href":"https:\/\/blogsaverroes.juntadeandalucia.es\/ceiploscalifas\/wp-json\/wp\/v2\/pages\/870\/revisions\/7732"}],"wp:attachment":[{"href":"https:\/\/blogsaverroes.juntadeandalucia.es\/ceiploscalifas\/wp-json\/wp\/v2\/media?parent=870"}],"curies":[{"name":"wp","href":"https:\/\/api.w.org\/{rel}","templated":true}]}}

<p>El <strong>Aula Matinal</strong> abre a las 7.30 horas de lunes a viernes, hasta el comienzo del horario <a href="https://blogsaverroes.juntadeandalucia.es/ceiploscalifas/aula-matinal/aula-matinal-3/" rel="attachment wp-att-7079"><img loading="lazy" decoding="async" class="size-full wp-image-7079 alignright" src="https://blogsaverroes.juntadeandalucia.es/ceiploscalifas/files/2023/09/aula-matinal.jpg" alt="" width="212" height="238"></a>lectivo<span class="OYPEnA text-decoration-none text-strikethrough-none">&nbsp;(7:30 a 9:00).</span></p>
<p class="cvGsUA direction-ltr align-justify para-style-body"><span class="OYPEnA text-decoration-none text-strikethrough-none">Entrada por puerta Avda/ Rabanales.</span></p>
<p class="cvGsUA direction-ltr align-justify para-style-body"><span class="OYPEnA text-decoration-none text-strikethrough-none">Aperturas de puerta: 7:30, 7:45, 8:00, 8:15 y 8:30 (La puerta se mantendrá abierta durante 5 min. en cada apertura, existiendo un timbre en caso de alguna incidencia)</span></p>
<p style="text-align: justify">Para su uso es necesaria &nbsp;la solicitud del servicio en secretaría,&nbsp;a través de la <a href="https://www.juntadeandalucia.es/educacion/secretariavirtual/">SECRETARIA VIRTUAL</a> o mediante el <a href="https://www.juntadeandalucia.es/educacion/portals/delegate/content/6c4342f7-1581-4c26-bc7e-2e49b4b64cee/Anexo%20II.-%20Servicio%20de%20Aula%20Matinal,%20Comedor%20Escolar%20y%20actividades%20Extraescolares">ANEXO II</a> &nbsp;(Descárgate aquí el formulario y &nbsp;entrégalo en la secretaría del colegio).</p>
<p><strong>Precio del servicio:&nbsp;1,33 €/día &nbsp;o&nbsp;17,51 €/mes</strong></p>
<p><a href="https://www.juntadeandalucia.es/eboja/2024/150/BOJA24-150-00002-49032-01_00305982.pdf">(Acuerdo de 30 de julio de 2024, del Consejo de Gobierno)</a></p>
<p>La solicitud de bonificaciones &nbsp;de dicho servicio se realiza a principios del mes de septiembre, a través de la <a href="https://www.juntadeandalucia.es/educacion/secretariavirtual/">SECRETARIA VIRTUAL</a> o mediante el <a href="https://www.juntadeandalucia.es/educacion/portals/delegate/content/fcc8b9c5-53ad-46ca-9098-80d7b3c81097/Anexo%20V.-%20Gratuidad/bonificación%20del%20precio%20público%20por%20los%20servicios%20complementarios%20de%20Aula%20Matinal,%20Comedor%20Escolar%20y%20Actividades%20Extraescolares">ANEXO V&nbsp;</a>(Descárgate aquí el formulario y &nbsp;entrégalo en la secretaría del colegio).</p>
<p>La empresa responsable de la gestión del servicio de aula matinal en nuestro colegio para el curso 2024/2025 es <strong>GP Servicios Educativos SL</strong>.</p>
<p>&nbsp;</p>
