{"id":35,"date":"2020-07-28T08:21:43","date_gmt":"2020-07-28T08:21:43","guid":{"rendered":"http:\/\/blogsaverroes.juntadeandalucia.es\/pre\/ceip\/?page_id=35"},"modified":"2020-09-10T07:36:32","modified_gmt":"2020-09-10T07:36:32","slug":"el-centro-2","status":"publish","type":"page","link":"https:\/\/blogsaverroes.juntadeandalucia.es\/ceiploscuatrocanos\/el-centro-2\/","title":{"rendered":"Datos del centro"},"content":{"rendered":"<p>&nbsp;<\/p>\n<h4>CEIP Los Cuatro Ca\u00f1os<\/h4>\n<p><strong>Direcci\u00f3n:<\/strong>&nbsp; Paseo Miguel de Cervantes Saavedra, s\/n. 04620 Vera (Almer\u00eda)<\/p>\n<p><strong>Tel\u00e9fono \/ FAX:&nbsp;<\/strong>950 451719&nbsp; &nbsp;\/&nbsp; 950 451718<\/p>\n<p><strong>Emails:<\/strong><\/p>\n<p>04006197.administracion.edu@juntadeandalucia.es (secretar\u00eda &#8211; administraci\u00f3n)<\/p>\n<p>04006197.secretaria.edu@juntadeandalucia.es (secretar\u00eda &#8211; gesti\u00f3n)<\/p>\n<p>04006197.edu@juntadeandalucia.es (direcci\u00f3n)<\/p>\n<h4><strong>Horarios:<\/strong><\/h4>\n<p>El horario de apertura del centro es desde las 7:30 con el aula matinal, de 9 a 14 horas actividades lectivas,&nbsp; de 14 a 16 horas Comedor y de 16 a 18 horas actividades extraescolares.<\/p>\n<h4><strong>Oferta educativa:<\/strong><\/h4>\n<p>El centro acoge alumnado a partir de 3 a\u00f1os, en el 2\u00ba ciclo de Educaci\u00f3n Infantil, hasta 6\u00ba de Educaci\u00f3n Primaria (11-12 a\u00f1os).<\/p>\n<p><strong>Ubicaci\u00f3n:<\/strong><\/p>\n<p><iframe loading=\"lazy\" src=\"https:\/\/www.google.com\/maps\/embed?pb=!1m18!1m12!1m3!1d3175.8778602442876!2d-1.868318928147277!3d37.25060527553732!2m3!1f0!2f0!3f0!3m2!1i1024!2i768!4f13.1!3m3!1m2!1s0xd7ad503b3a4f0e7%3A0x2cd1619a309e0b1!2sC.E.I.P.%20Cuatro%20Ca%C3%B1os!5e0!3m2!1ses!2ses!4v1596033381133!5m2!1ses!2ses\" width=\"600\" height=\"450\" frameborder=\"0\"><\/iframe><\/p>\n","protected":false},"excerpt":{"rendered":"<p>&nbsp; CEIP Los Cuatro Ca\u00f1os Direcci\u00f3n:&nbsp; Paseo Miguel de Cervantes Saavedra, s\/n. 04620 Vera (Almer\u00eda) Tel\u00e9fono \/ FAX:&nbsp;950 451719&nbsp; &nbsp;\/&nbsp; 950 451718 Emails: 04006197.administracion.edu@juntadeandalucia.es (secretar\u00eda &#8211; administraci\u00f3n) 04006197.secretaria.edu@juntadeandalucia.es (secretar\u00eda &#8211; gesti\u00f3n) 04006197.edu@juntadeandalucia.es (direcci\u00f3n) Horarios:&#46;&#46;&#46;<\/p>\n","protected":false},"author":1,"featured_media":0,"parent":0,"menu_order":0,"comment_status":"closed","ping_status":"open","template":"","meta":{"ngg_post_thumbnail":0,"footnotes":"","_mc_calendar":[]},"aioseo_notices":[],"_links":{"self":[{"href":"https:\/\/blogsaverroes.juntadeandalucia.es\/ceiploscuatrocanos\/wp-json\/wp\/v2\/pages\/35"}],"collection":[{"href":"https:\/\/blogsaverroes.juntadeandalucia.es\/ceiploscuatrocanos\/wp-json\/wp\/v2\/pages"}],"about":[{"href":"https:\/\/blogsaverroes.juntadeandalucia.es\/ceiploscuatrocanos\/wp-json\/wp\/v2\/types\/page"}],"author":[{"embeddable":true,"href":"https:\/\/blogsaverroes.juntadeandalucia.es\/ceiploscuatrocanos\/wp-json\/wp\/v2\/users\/1"}],"replies":[{"embeddable":true,"href":"https:\/\/blogsaverroes.juntadeandalucia.es\/ceiploscuatrocanos\/wp-json\/wp\/v2\/comments?post=35"}],"version-history":[{"count":27,"href":"https:\/\/blogsaverroes.juntadeandalucia.es\/ceiploscuatrocanos\/wp-json\/wp\/v2\/pages\/35\/revisions"}],"predecessor-version":[{"id":2663,"href":"https:\/\/blogsaverroes.juntadeandalucia.es\/ceiploscuatrocanos\/wp-json\/wp\/v2\/pages\/35\/revisions\/2663"}],"wp:attachment":[{"href":"https:\/\/blogsaverroes.juntadeandalucia.es\/ceiploscuatrocanos\/wp-json\/wp\/v2\/media?parent=35"}],"curies":[{"name":"wp","href":"https:\/\/api.w.org\/{rel}","templated":true}]}}

<p>&nbsp;</p>
<h4>CEIP Los Cuatro Caños</h4>
<p><strong>Dirección:</strong>&nbsp; Paseo Miguel de Cervantes Saavedra, s/n. 04620 Vera (Almería)</p>
<p><strong>Teléfono / FAX:&nbsp;</strong>950 451719&nbsp; &nbsp;/&nbsp; 950 451718</p>
<p><strong>Emails:</strong></p>
<p>04006197.administracion.edu@juntadeandalucia.es (secretaría &#8211; administración)</p>
<p>04006197.secretaria.edu@juntadeandalucia.es (secretaría &#8211; gestión)</p>
<p>04006197.edu@juntadeandalucia.es (dirección)</p>
<h4><strong>Horarios:</strong></h4>
<p>El horario de apertura del centro es desde las 7:30 con el aula matinal, de 9 a 14 horas actividades lectivas,&nbsp; de 14 a 16 horas Comedor y de 16 a 18 horas actividades extraescolares.</p>
<h4><strong>Oferta educativa:</strong></h4>
<p>El centro acoge alumnado a partir de 3 años, en el 2º ciclo de Educación Infantil, hasta 6º de Educación Primaria (11-12 años).</p>
<p><strong>Ubicación:</strong></p>
<p><iframe loading="lazy" src="https://www.google.com/maps/embed?pb=!1m18!1m12!1m3!1d3175.8778602442876!2d-1.868318928147277!3d37.25060527553732!2m3!1f0!2f0!3f0!3m2!1i1024!2i768!4f13.1!3m3!1m2!1s0xd7ad503b3a4f0e7%3A0x2cd1619a309e0b1!2sC.E.I.P.%20Cuatro%20Ca%C3%B1os!5e0!3m2!1ses!2ses!4v1596033381133!5m2!1ses!2ses" width="600" height="450" frameborder="0"></iframe></p>

<p>&nbsp; CEIP Los Cuatro Caños Dirección:&nbsp; Paseo Miguel de Cervantes Saavedra, s/n. 04620 Vera (Almería) Teléfono / FAX:&nbsp;950 451719&nbsp; &nbsp;/&nbsp; 950 451718 Emails: 04006197.administracion.edu@juntadeandalucia.es (secretaría &#8211; administración) 04006197.secretaria.edu@juntadeandalucia.es (secretaría &#8211; gestión) 04006197.edu@juntadeandalucia.es (dirección) Horarios:&#46;&#46;&#46;</p>
