{"id":1534,"date":"2025-02-22T11:42:00","date_gmt":"2025-02-22T10:42:00","guid":{"rendered":"https:\/\/blogsaverroes.juntadeandalucia.es\/ceiplosgrupos\/?page_id=1534"},"modified":"2026-03-01T13:05:13","modified_gmt":"2026-03-01T12:05:13","slug":"escolarizacion","status":"publish","type":"page","link":"https:\/\/blogsaverroes.juntadeandalucia.es\/ceiplosgrupos\/escolarizacion\/","title":{"rendered":"Escolarizaci\u00f3n"},"content":{"rendered":"<p><img loading=\"lazy\" decoding=\"async\" class=\" wp-image-2040 aligncenter\" src=\"https:\/\/blogsaverroes.juntadeandalucia.es\/ceiplosgrupos\/files\/2026\/02\/escolarizacion-1-212x300.png\" alt=\"\" width=\"475\" height=\"672\"><\/p>\n<p>&nbsp;<\/p>\n<div style=\"width: 100%\">\n<div style=\"text-align: center\"><span style=\"font-size: 14pt\"><strong>Cita previa:<\/strong><a href=\"https:\/\/calendly.com\/ceiplosgrupos\/citacion-escolarizacion\" target=\"_blank\" rel=\"noopener\"><strong> https:\/\/calendly.com\/ceiplosgrupos\/citacion-escolarizacion<\/strong><\/a><\/span><\/div>\n<div>&nbsp;<\/div>\n<div style=\"text-align: center\"><span style=\"font-size: 14pt\"><strong>Realizar solicitud on line:&nbsp;<\/strong><\/span><\/div>\n<div style=\"text-align: center\"><span style=\"font-size: 14pt\"><strong><a href=\"https:\/\/www.juntadeandalucia.es\/educacion\/secretariavirtual\/accesoTramite\/543\/\" target=\"_blank\" rel=\"noopener\">https:\/\/www.juntadeandalucia.es\/educacion\/secretariavirtual\/accesoTramite\/543\/<\/a><\/strong><\/span><\/div>\n<div>&nbsp;<\/div>\n<div>&nbsp;<\/div>\n<div style=\"position: relative;padding-bottom: 56.25%;padding-top: 0;height: 0\"><iframe loading=\"lazy\" src=\"https:\/\/view.genially.com\/5eba62fa3276b30d2aac6fe6\" width=\"1200\" height=\"675\" frameborder=\"0\" scrolling=\"yes\"><\/iframe><\/div>\n<\/div>\n<p>&nbsp;<\/p>\n<p>&nbsp;<\/p>\n<p>&nbsp;<\/p>\n<p>&nbsp;<\/p>\n<p>&nbsp;<\/p>\n<p>&nbsp;<\/p>\n<p>&nbsp;<\/p>\n<p>&nbsp;<\/p>\n<p><a href=\"https:\/\/blogsaverroes.juntadeandalucia.es\/ceiplosgrupos\/files\/2026\/02\/oferta-educativa-26_27.pdf\" target=\"_blank\" rel=\"noopener\"><strong>Autorizaci\u00f3n de la Oferta Educartiva para centros P\u00fablicos (41002876 &#8211; CEIP Los Grupos )<\/strong><\/a><\/p>\n<p><a href=\"https:\/\/blogsaverroes.juntadeandalucia.es\/ceiplosgrupos\/files\/2026\/03\/2026_41065_I_P_01.pdf\" target=\"_blank\" rel=\"noopener\"><strong>Mapa de \u00e1rea de influencia<\/strong><\/a><\/p>\n<p><strong><a href=\"https:\/\/blogsaverroes.juntadeandalucia.es\/ceiplosgrupos\/files\/2026\/03\/2026_41065_I_P_01_VIALES.pdf\" target=\"_blank\" rel=\"noopener\">Callejero del \u00e1rea de influencia<\/a><\/strong><\/p>\n<p>&nbsp;<\/p>\n","protected":false},"excerpt":{"rendered":"<p>&nbsp; Cita previa: https:\/\/calendly.com\/ceiplosgrupos\/citacion-escolarizacion &nbsp; Realizar solicitud on line:&nbsp; https:\/\/www.juntadeandalucia.es\/educacion\/secretariavirtual\/accesoTramite\/543\/ &nbsp; &nbsp; &nbsp; &nbsp; &nbsp; &nbsp; &nbsp; &nbsp; &nbsp; &nbsp; Autorizaci\u00f3n de la Oferta Educartiva para centros P\u00fablicos (41002876 &#8211; CEIP Los Grupos ) Mapa de \u00e1rea de influencia Callejero del \u00e1rea de influencia &nbsp;<\/p>\n","protected":false},"author":19722,"featured_media":1535,"parent":0,"menu_order":0,"comment_status":"closed","ping_status":"closed","template":"","meta":{"_et_pb_use_builder":"","_et_pb_old_content":"","_et_gb_content_width":"","ngg_post_thumbnail":0,"footnotes":""},"aioseo_notices":[],"_links":{"self":[{"href":"https:\/\/blogsaverroes.juntadeandalucia.es\/ceiplosgrupos\/wp-json\/wp\/v2\/pages\/1534"}],"collection":[{"href":"https:\/\/blogsaverroes.juntadeandalucia.es\/ceiplosgrupos\/wp-json\/wp\/v2\/pages"}],"about":[{"href":"https:\/\/blogsaverroes.juntadeandalucia.es\/ceiplosgrupos\/wp-json\/wp\/v2\/types\/page"}],"author":[{"embeddable":true,"href":"https:\/\/blogsaverroes.juntadeandalucia.es\/ceiplosgrupos\/wp-json\/wp\/v2\/users\/19722"}],"replies":[{"embeddable":true,"href":"https:\/\/blogsaverroes.juntadeandalucia.es\/ceiplosgrupos\/wp-json\/wp\/v2\/comments?post=1534"}],"version-history":[{"count":19,"href":"https:\/\/blogsaverroes.juntadeandalucia.es\/ceiplosgrupos\/wp-json\/wp\/v2\/pages\/1534\/revisions"}],"predecessor-version":[{"id":2071,"href":"https:\/\/blogsaverroes.juntadeandalucia.es\/ceiplosgrupos\/wp-json\/wp\/v2\/pages\/1534\/revisions\/2071"}],"wp:featuredmedia":[{"embeddable":true,"href":"https:\/\/blogsaverroes.juntadeandalucia.es\/ceiplosgrupos\/wp-json\/wp\/v2\/media\/1535"}],"wp:attachment":[{"href":"https:\/\/blogsaverroes.juntadeandalucia.es\/ceiplosgrupos\/wp-json\/wp\/v2\/media?parent=1534"}],"curies":[{"name":"wp","href":"https:\/\/api.w.org\/{rel}","templated":true}]}}