{"id":1545,"date":"2025-02-26T00:25:03","date_gmt":"2025-02-25T23:25:03","guid":{"rendered":"https:\/\/blogsaverroes.juntadeandalucia.es\/ceiplosgrupos\/?page_id=1545"},"modified":"2026-02-17T15:34:31","modified_gmt":"2026-02-17T14:34:31","slug":"carnaval","status":"publish","type":"page","link":"https:\/\/blogsaverroes.juntadeandalucia.es\/ceiplosgrupos\/carnaval\/","title":{"rendered":"Carnaval"},"content":{"rendered":"<p><img loading=\"lazy\" decoding=\"async\" class=\"alignnone size-full wp-image-1546 aligncenter\" src=\"https:\/\/blogsaverroes.juntadeandalucia.es\/ceiplosgrupos\/files\/2025\/02\/Sin-titulo-1.jpg\" alt=\"Carnaval Mor\u00f3n\" width=\"225\" height=\"225\" srcset=\"https:\/\/blogsaverroes.juntadeandalucia.es\/ceiplosgrupos\/files\/2025\/02\/Sin-titulo-1.jpg 225w, https:\/\/blogsaverroes.juntadeandalucia.es\/ceiplosgrupos\/files\/2025\/02\/Sin-titulo-1-150x150.jpg 150w\" sizes=\"(max-width: 225px) 100vw, 225px\" \/><\/p>\n<p>Su historia se se remonta al siglo XVI durando desde el 6 de enero hasta los mi\u00e9rcoles de ceniza, que se se fue acortando, para con el tiempo reducido a los tres d\u00edas anteriores comienzo al comienzo de la cuaresma. Se hace alusi\u00f3n a las de la Carnestolendas del siglo XIV, y ya en el siglo XVI, en \u00e9poca de Felipe II, se encuentran m\u00e1s referencias en torno a la celebraci\u00f3n; en \u00e9l se dice que en tiempos de carnestoladas seban cantidad gran cantidad de m\u00e1scaras y una especie de palos que serv\u00edan para hacer hacer y dar aversi\u00f3n al acontecimiento j\u00fabilo que se merec\u00eda. Adem\u00e1s, se traan m\u00fasicos que portaban instrumentos de influencia morisca para amenizar la jornada.&nbsp;<\/p>\n<p>El Carnaval de Mor\u00f3n era famoso y reconocido a nivel&nbsp;local y comarcal, siendo muy numerosas las personas que se desplazaban para disfrutarlas.<\/p>\n<p><strong>Carnaval 2025-26<\/strong><\/p>\n<p style=\"text-align: center\"><iframe loading=\"lazy\" src=\"\/\/www.youtube.com\/embed\/gv-olJSss6w\" width=\"560\" height=\"314\"><\/iframe><\/p>\n<p style=\"text-align: center\"><iframe loading=\"lazy\" src=\"\/\/www.youtube.com\/embed\/ikQnnLHekbg\" width=\"560\" height=\"314\"><\/iframe><\/p>\n<p><strong>Carnaval 2024-25<\/strong><\/p>\n<p><iframe loading=\"lazy\" title=\"CARNAVAL:  Pasacalles infantil 2025\" width=\"1080\" height=\"608\" src=\"https:\/\/www.youtube.com\/embed\/d6obp-KMBVU?feature=oembed\"  allow=\"accelerometer; autoplay; clipboard-write; encrypted-media; gyroscope; picture-in-picture; web-share\" referrerpolicy=\"strict-origin-when-cross-origin\" allowfullscreen><\/iframe><\/p>\n<p><iframe loading=\"lazy\" title=\"Carnaval 2025.  Actuacio\u0301n carnavalesca\" width=\"1080\" height=\"608\" src=\"https:\/\/www.youtube.com\/embed\/fTepL-rDST8?feature=oembed\"  allow=\"accelerometer; autoplay; clipboard-write; encrypted-media; gyroscope; picture-in-picture; web-share\" referrerpolicy=\"strict-origin-when-cross-origin\" allowfullscreen><\/iframe><\/p>\n<p style=\"text-align: center\"><iframe loading=\"lazy\" src=\"\/\/www.youtube.com\/embed\/kwRZHUOczlk\" width=\"560\" height=\"314\"><\/iframe><\/p>\n<p>&nbsp;<\/p>\n<p><strong>Carnaval 2023-24<\/strong><\/p>\n<p><iframe loading=\"lazy\" title=\"Pasacalles infantil 2024. Carnaval 23_24\" width=\"1080\" height=\"608\" src=\"https:\/\/www.youtube.com\/embed\/KpxanUo5Cow?feature=oembed\"  allow=\"accelerometer; autoplay; clipboard-write; encrypted-media; gyroscope; picture-in-picture; web-share\" referrerpolicy=\"strict-origin-when-cross-origin\" allowfullscreen><\/iframe><\/p>\n<p><strong>Carnaval 2022-23<\/strong><\/p>\n<p><iframe loading=\"lazy\" title=\"Carnaval 2022-23\" width=\"1080\" height=\"608\" src=\"https:\/\/www.youtube.com\/embed\/AHKFHw__igo?feature=oembed\"  allow=\"accelerometer; autoplay; clipboard-write; encrypted-media; gyroscope; picture-in-picture; web-share\" referrerpolicy=\"strict-origin-when-cross-origin\" allowfullscreen><\/iframe><\/p>\n<p><strong>Carnaval 2021-22<\/strong><\/p>\n<p><iframe loading=\"lazy\" title=\"Carnaval 2021-22.\" width=\"1080\" height=\"608\" src=\"https:\/\/www.youtube.com\/embed\/SFl0H9ModHs?feature=oembed\"  allow=\"accelerometer; autoplay; clipboard-write; encrypted-media; gyroscope; picture-in-picture; web-share\" referrerpolicy=\"strict-origin-when-cross-origin\" allowfullscreen><\/iframe><\/p>\n<p><strong>Carnaval 2020-21<\/strong><\/p>\n<p><iframe loading=\"lazy\" title=\"Carnaval 2020-21\" width=\"1080\" height=\"608\" src=\"https:\/\/www.youtube.com\/embed\/U89qKVz7M4Q?feature=oembed\"  allow=\"accelerometer; autoplay; clipboard-write; encrypted-media; gyroscope; picture-in-picture; web-share\" referrerpolicy=\"strict-origin-when-cross-origin\" allowfullscreen><\/iframe><\/p>\n<p><iframe loading=\"lazy\" title=\"Carnaval 2020-21 I\" width=\"1080\" height=\"608\" src=\"https:\/\/www.youtube.com\/embed\/L6n2hi8o-LM?feature=oembed\"  allow=\"accelerometer; autoplay; clipboard-write; encrypted-media; gyroscope; picture-in-picture; web-share\" referrerpolicy=\"strict-origin-when-cross-origin\" allowfullscreen><\/iframe><\/p>\n<p><strong>Carnaval 2019-20<\/strong><\/p>\n<p><iframe loading=\"lazy\" title=\"Carnaval 2019-20\" width=\"1080\" height=\"608\" src=\"https:\/\/www.youtube.com\/embed\/HIb7pwbQ1tw?feature=oembed\"  allow=\"accelerometer; autoplay; clipboard-write; encrypted-media; gyroscope; picture-in-picture; web-share\" referrerpolicy=\"strict-origin-when-cross-origin\" allowfullscreen><\/iframe><\/p>\n<p><iframe loading=\"lazy\" title=\"Carnaval 2019-20\" width=\"1080\" height=\"608\" src=\"https:\/\/www.youtube.com\/embed\/Cr42OHO5u4M?feature=oembed\"  allow=\"accelerometer; autoplay; clipboard-write; encrypted-media; gyroscope; picture-in-picture; web-share\" referrerpolicy=\"strict-origin-when-cross-origin\" allowfullscreen><\/iframe><\/p>\n<p>&nbsp;<\/p>\n<p>&nbsp;<\/p>\n<p style=\"text-align: center\">&nbsp;<\/p>\n<p style=\"text-align: center\">&nbsp;<\/p>\n<p style=\"text-align: center\">&nbsp;<\/p>\n","protected":false},"excerpt":{"rendered":"<p>Su historia se se remonta al siglo XVI durando desde el 6 de enero hasta los mi\u00e9rcoles de ceniza, que se se fue acortando, para con el tiempo reducido a los tres d\u00edas anteriores comienzo al comienzo de la cuaresma. Se hace alusi\u00f3n a las de la Carnestolendas del siglo XIV, y ya en el [&hellip;]<\/p>\n","protected":false},"author":19722,"featured_media":0,"parent":0,"menu_order":0,"comment_status":"closed","ping_status":"closed","template":"","meta":{"_et_pb_use_builder":"","_et_pb_old_content":"","_et_gb_content_width":"","ngg_post_thumbnail":0,"footnotes":""},"aioseo_notices":[],"_links":{"self":[{"href":"https:\/\/blogsaverroes.juntadeandalucia.es\/ceiplosgrupos\/wp-json\/wp\/v2\/pages\/1545"}],"collection":[{"href":"https:\/\/blogsaverroes.juntadeandalucia.es\/ceiplosgrupos\/wp-json\/wp\/v2\/pages"}],"about":[{"href":"https:\/\/blogsaverroes.juntadeandalucia.es\/ceiplosgrupos\/wp-json\/wp\/v2\/types\/page"}],"author":[{"embeddable":true,"href":"https:\/\/blogsaverroes.juntadeandalucia.es\/ceiplosgrupos\/wp-json\/wp\/v2\/users\/19722"}],"replies":[{"embeddable":true,"href":"https:\/\/blogsaverroes.juntadeandalucia.es\/ceiplosgrupos\/wp-json\/wp\/v2\/comments?post=1545"}],"version-history":[{"count":19,"href":"https:\/\/blogsaverroes.juntadeandalucia.es\/ceiplosgrupos\/wp-json\/wp\/v2\/pages\/1545\/revisions"}],"predecessor-version":[{"id":2032,"href":"https:\/\/blogsaverroes.juntadeandalucia.es\/ceiplosgrupos\/wp-json\/wp\/v2\/pages\/1545\/revisions\/2032"}],"wp:attachment":[{"href":"https:\/\/blogsaverroes.juntadeandalucia.es\/ceiplosgrupos\/wp-json\/wp\/v2\/media?parent=1545"}],"curies":[{"name":"wp","href":"https:\/\/api.w.org\/{rel}","templated":true}]}}

<p><img loading="lazy" decoding="async" class="alignnone size-full wp-image-1546 aligncenter" src="https://blogsaverroes.juntadeandalucia.es/ceiplosgrupos/files/2025/02/Sin-titulo-1.jpg" alt="Carnaval Morón" width="225" height="225" srcset="https://blogsaverroes.juntadeandalucia.es/ceiplosgrupos/files/2025/02/Sin-titulo-1.jpg 225w, https://blogsaverroes.juntadeandalucia.es/ceiplosgrupos/files/2025/02/Sin-titulo-1-150x150.jpg 150w" sizes="(max-width: 225px) 100vw, 225px" /></p>
<p>Su historia se se remonta al siglo XVI durando desde el 6 de enero hasta los miércoles de ceniza, que se se fue acortando, para con el tiempo reducido a los tres días anteriores comienzo al comienzo de la cuaresma. Se hace alusión a las de la Carnestolendas del siglo XIV, y ya en el siglo XVI, en época de Felipe II, se encuentran más referencias en torno a la celebración; en él se dice que en tiempos de carnestoladas seban cantidad gran cantidad de máscaras y una especie de palos que servían para hacer hacer y dar aversión al acontecimiento júbilo que se merecía. Además, se traan músicos que portaban instrumentos de influencia morisca para amenizar la jornada.&nbsp;</p>
<p>El Carnaval de Morón era famoso y reconocido a nivel&nbsp;local y comarcal, siendo muy numerosas las personas que se desplazaban para disfrutarlas.</p>
<p><strong>Carnaval 2025-26</strong></p>
<p style="text-align: center"><iframe loading="lazy" src="//www.youtube.com/embed/gv-olJSss6w" width="560" height="314"></iframe></p>
<p style="text-align: center"><iframe loading="lazy" src="//www.youtube.com/embed/ikQnnLHekbg" width="560" height="314"></iframe></p>
<p><strong>Carnaval 2024-25</strong></p>
<p><iframe loading="lazy" title="CARNAVAL:  Pasacalles infantil 2025" width="1080" height="608" src="https://www.youtube.com/embed/d6obp-KMBVU?feature=oembed"  allow="accelerometer; autoplay; clipboard-write; encrypted-media; gyroscope; picture-in-picture; web-share" referrerpolicy="strict-origin-when-cross-origin" allowfullscreen></iframe></p>
<p><iframe loading="lazy" title="Carnaval 2025.  Actuación carnavalesca" width="1080" height="608" src="https://www.youtube.com/embed/fTepL-rDST8?feature=oembed"  allow="accelerometer; autoplay; clipboard-write; encrypted-media; gyroscope; picture-in-picture; web-share" referrerpolicy="strict-origin-when-cross-origin" allowfullscreen></iframe></p>
<p style="text-align: center"><iframe loading="lazy" src="//www.youtube.com/embed/kwRZHUOczlk" width="560" height="314"></iframe></p>
<p>&nbsp;</p>
<p><strong>Carnaval 2023-24</strong></p>
<p><iframe loading="lazy" title="Pasacalles infantil 2024. Carnaval 23_24" width="1080" height="608" src="https://www.youtube.com/embed/KpxanUo5Cow?feature=oembed"  allow="accelerometer; autoplay; clipboard-write; encrypted-media; gyroscope; picture-in-picture; web-share" referrerpolicy="strict-origin-when-cross-origin" allowfullscreen></iframe></p>
<p><strong>Carnaval 2022-23</strong></p>
<p><iframe loading="lazy" title="Carnaval 2022-23" width="1080" height="608" src="https://www.youtube.com/embed/AHKFHw__igo?feature=oembed"  allow="accelerometer; autoplay; clipboard-write; encrypted-media; gyroscope; picture-in-picture; web-share" referrerpolicy="strict-origin-when-cross-origin" allowfullscreen></iframe></p>
<p><strong>Carnaval 2021-22</strong></p>
<p><iframe loading="lazy" title="Carnaval 2021-22." width="1080" height="608" src="https://www.youtube.com/embed/SFl0H9ModHs?feature=oembed"  allow="accelerometer; autoplay; clipboard-write; encrypted-media; gyroscope; picture-in-picture; web-share" referrerpolicy="strict-origin-when-cross-origin" allowfullscreen></iframe></p>
<p><strong>Carnaval 2020-21</strong></p>
<p><iframe loading="lazy" title="Carnaval 2020-21" width="1080" height="608" src="https://www.youtube.com/embed/U89qKVz7M4Q?feature=oembed"  allow="accelerometer; autoplay; clipboard-write; encrypted-media; gyroscope; picture-in-picture; web-share" referrerpolicy="strict-origin-when-cross-origin" allowfullscreen></iframe></p>
<p><iframe loading="lazy" title="Carnaval 2020-21 I" width="1080" height="608" src="https://www.youtube.com/embed/L6n2hi8o-LM?feature=oembed"  allow="accelerometer; autoplay; clipboard-write; encrypted-media; gyroscope; picture-in-picture; web-share" referrerpolicy="strict-origin-when-cross-origin" allowfullscreen></iframe></p>
<p><strong>Carnaval 2019-20</strong></p>
<p><iframe loading="lazy" title="Carnaval 2019-20" width="1080" height="608" src="https://www.youtube.com/embed/HIb7pwbQ1tw?feature=oembed"  allow="accelerometer; autoplay; clipboard-write; encrypted-media; gyroscope; picture-in-picture; web-share" referrerpolicy="strict-origin-when-cross-origin" allowfullscreen></iframe></p>
<p><iframe loading="lazy" title="Carnaval 2019-20" width="1080" height="608" src="https://www.youtube.com/embed/Cr42OHO5u4M?feature=oembed"  allow="accelerometer; autoplay; clipboard-write; encrypted-media; gyroscope; picture-in-picture; web-share" referrerpolicy="strict-origin-when-cross-origin" allowfullscreen></iframe></p>
<p>&nbsp;</p>
<p>&nbsp;</p>
<p style="text-align: center">&nbsp;</p>
<p style="text-align: center">&nbsp;</p>
<p style="text-align: center">&nbsp;</p>

<p>Su historia se se remonta al siglo XVI durando desde el 6 de enero hasta los miércoles de ceniza, que se se fue acortando, para con el tiempo reducido a los tres días anteriores comienzo al comienzo de la cuaresma. Se hace alusión a las de la Carnestolendas del siglo XIV, y ya en el [&hellip;]</p>
