{"id":662,"date":"2024-10-02T22:51:22","date_gmt":"2024-10-02T21:51:22","guid":{"rendered":"https:\/\/blogsaverroes.juntadeandalucia.es\/ceiplosgrupos\/?page_id=662"},"modified":"2025-09-15T14:51:27","modified_gmt":"2025-09-15T13:51:27","slug":"profesorado","status":"publish","type":"page","link":"https:\/\/blogsaverroes.juntadeandalucia.es\/ceiplosgrupos\/profesorado\/","title":{"rendered":"Profesorado"},"content":{"rendered":"<p><img loading=\"lazy\" decoding=\"async\" class=\"alignnone size-medium wp-image-923 aligncenter\" src=\"https:\/\/blogsaverroes.juntadeandalucia.es\/ceiplosgrupos\/files\/2024\/10\/Sin-titulo-2-300x122.jpg\" alt=\"\" width=\"300\" height=\"122\" srcset=\"https:\/\/blogsaverroes.juntadeandalucia.es\/ceiplosgrupos\/files\/2024\/10\/Sin-titulo-2-300x122.jpg 300w, https:\/\/blogsaverroes.juntadeandalucia.es\/ceiplosgrupos\/files\/2024\/10\/Sin-titulo-2.jpg 352w\" sizes=\"(max-width: 300px) 100vw, 300px\" \/><\/p>\n<table style=\"width: 76.4314%;height: 511px\" width=\"662\">\n<tbody>\n<tr style=\"height: 51px\">\n<td style=\"height: 51px;text-align: left\" colspan=\"2\" width=\"662\">\n<p style=\"text-align: center\"><strong>PROFESORADO QUE IMPARTE CLASES EN EDUCACI\u00d3N INFANTIL<\/strong><\/p>\n<\/td>\n<\/tr>\n<tr style=\"height: 51px\">\n<td style=\"height: 51px;text-align: left\" width=\"151\">INFANTIL 3 A\u00d1OS<\/td>\n<td style=\"height: 51px;text-align: left\" width=\"511\">D\u00d1A. LORENA BAUTISTA RAMOS<\/td>\n<\/tr>\n<tr style=\"height: 51px\">\n<td style=\"height: 51px;text-align: left\" width=\"151\">INFANTIL 4 A\u00d1OS<\/td>\n<td style=\"height: 51px;text-align: left\" width=\"511\">D\u00d1A. ALICIA MONTES BAENA<\/td>\n<\/tr>\n<tr style=\"height: 35px\">\n<td style=\"height: 35px;text-align: left\" width=\"151\">INFANTIL 5 A\u00d1OS<\/td>\n<td style=\"height: 35px;text-align: left\" width=\"511\">D\u00d1A. ISABEL MAR\u00cdA GORDILLO SEVILLANO<\/td>\n<\/tr>\n<tr style=\"height: 51px\">\n<td style=\"height: 51px;text-align: left\" colspan=\"2\" width=\"662\">\n<p style=\"text-align: center\"><strong>ESPECIALIDADES<\/strong><\/p>\n<\/td>\n<\/tr>\n<tr style=\"height: 51px\">\n<td style=\"height: 51px;text-align: left\" width=\"151\">RELIGI\u00d3N<\/td>\n<td style=\"height: 51px;text-align: left\" width=\"511\">D\u00d1A. SARA GIL HERN\u00c1NDEZ<\/td>\n<\/tr>\n<tr style=\"height: 51px\">\n<td style=\"height: 51px;text-align: left\" width=\"151\">INGL\u00c9S<\/td>\n<td style=\"height: 51px;text-align: left\" width=\"511\">D\u00d1A. CRISTINA BEN\u00cdTEZ M\u00c1RQUEZ<\/td>\n<\/tr>\n<tr style=\"height: 51px\">\n<td style=\"height: 51px;text-align: left\" width=\"151\">EDUCACI\u00d3N F\u00cdSICA<\/td>\n<td style=\"height: 51px;text-align: left\" width=\"511\">D. JOS\u00c9 MANUEL HINOJOSA OLID<\/td>\n<\/tr>\n<tr style=\"height: 75px\">\n<td style=\"height: 75px;text-align: left\" width=\"151\">PEDAGOG\u00cdA TERAP\u00c9UTICA<\/td>\n<td style=\"height: 75px;text-align: left\" width=\"511\">D\u00d1A. BEL\u00c9N FERN\u00c1NDEZ P\u00c9REZ<\/td>\n<\/tr>\n<tr style=\"height: 44px\">\n<td style=\"height: 44px;text-align: left\" width=\"151\">AUDICI\u00d3N Y LENGUAJE<\/td>\n<td style=\"height: 44px;text-align: left\" width=\"511\">D\u00d1A. SARA VALLE OLIS<\/td>\n<\/tr>\n<\/tbody>\n<\/table>\n<p>&nbsp;<\/p>\n<table width=\"662\">\n<tbody>\n<tr>\n<td colspan=\"2\" width=\"662\">\n<p style=\"text-align: center\"><strong>PROFESORADO QUE IMPARTE CLASES EN EDUCACI\u00d3N PRIMARIA<\/strong><\/p>\n<\/td>\n<\/tr>\n<tr>\n<td width=\"142\">1\u00ba PRIMARIA<\/td>\n<td width=\"520\">D. RAFAEL NAVARRO ZA\u00c1<\/td>\n<\/tr>\n<tr>\n<td width=\"142\">2\u00ba PRIMARIA<\/td>\n<td width=\"520\">D\u00d1A. M\u00aa DOLORES PONCE REDONDO<\/td>\n<\/tr>\n<tr>\n<td width=\"142\">3\u00ba PRIMARIA<\/td>\n<td width=\"520\">D\u00d1A. LUC\u00cdA RODR\u00cdGUEZ DE AS\u00cdS<\/td>\n<\/tr>\n<tr>\n<td width=\"142\">4\u00ba PRIMARIA<\/td>\n<td width=\"520\">D\u00d1A. CRISTINA BEN\u00cdTEZ M\u00c1RQUEZ<\/td>\n<\/tr>\n<tr>\n<td width=\"142\">5\u00ba PRIMARIA<\/td>\n<td width=\"520\">D\u00d1A. LUCILA PASTOR ESCOBAR<\/td>\n<\/tr>\n<tr>\n<td width=\"142\">6\u00ba PRIMARIA<\/td>\n<td width=\"520\">D. JES\u00daS HIDALGO GARC\u00cdA<\/td>\n<\/tr>\n<tr>\n<td colspan=\"2\" width=\"662\">\n<p style=\"text-align: center\"><strong>ESPECIALIDADES<\/strong><\/p>\n<\/td>\n<\/tr>\n<tr>\n<td width=\"142\">RELIGI\u00d3N<\/td>\n<td width=\"520\">D\u00d1A. SARA GIL HERN\u00c1NDEZ<\/td>\n<\/tr>\n<tr>\n<td width=\"142\">PEDAGOG\u00cdA TERAP\u00c9UTICA<\/td>\n<td width=\"520\">D\u00d1A. BEL\u00c9N FERN\u00c1NDEZ P\u00c9REZ<\/td>\n<\/tr>\n<tr>\n<td width=\"142\">AUDICI\u00d3N Y LENGUAJE<\/td>\n<td width=\"520\">D\u00d1A. SARA VALLE OLIS<\/td>\n<\/tr>\n<tr>\n<td width=\"142\">FRANC\u00c9S<\/td>\n<td width=\"520\">D\u00d1A. LUCILA PASTOR ESCOBAR<\/td>\n<\/tr>\n<tr>\n<td width=\"142\">INGL\u00c9S<\/td>\n<td width=\"520\">D\u00d1A. M\u00aa ISABEL GALLEGO LOBATO<\/p>\n<p>D\u00d1A. CRISTINA BEN\u00cdTEZ M\u00c1RQUEZ<\/td>\n<\/tr>\n<tr>\n<td width=\"142\">EDUCACI\u00d3N F\u00cdSICA<\/td>\n<td width=\"520\">D. JOS\u00c9 MANUEL HINOJOSA OLID<\/p>\n<p>D. JES\u00daS HIDALGO GARC\u00cdA<\/td>\n<\/tr>\n<tr>\n<td width=\"142\">M\u00daSICA<\/td>\n<td width=\"520\">D. LUIS MANUEL CATAL\u00c1N N\u00da\u00d1EZ<\/td>\n<\/tr>\n<tr>\n<td width=\"142\">REFUERZO<\/td>\n<td width=\"520\">D. MATEO GALLARDO L\u00d3PEZ<\/td>\n<\/tr>\n<\/tbody>\n<\/table>\n<p>&nbsp;<\/p>\n<p><img loading=\"lazy\" decoding=\"async\" class=\"alignnone size-medium wp-image-923 aligncenter\" src=\"https:\/\/blogsaverroes.juntadeandalucia.es\/ceiplosgrupos\/files\/2024\/10\/Sin-titulo-2-300x122.jpg\" alt=\"\" width=\"300\" height=\"122\" srcset=\"https:\/\/blogsaverroes.juntadeandalucia.es\/ceiplosgrupos\/files\/2024\/10\/Sin-titulo-2-300x122.jpg 300w, https:\/\/blogsaverroes.juntadeandalucia.es\/ceiplosgrupos\/files\/2024\/10\/Sin-titulo-2.jpg 352w\" sizes=\"(max-width: 300px) 100vw, 300px\" \/><\/p>\n","protected":false},"excerpt":{"rendered":"<p>PROFESORADO QUE IMPARTE CLASES EN EDUCACI\u00d3N INFANTIL INFANTIL 3 A\u00d1OS D\u00d1A. LORENA BAUTISTA RAMOS INFANTIL 4 A\u00d1OS D\u00d1A. ALICIA MONTES BAENA INFANTIL 5 A\u00d1OS D\u00d1A. ISABEL MAR\u00cdA GORDILLO SEVILLANO ESPECIALIDADES RELIGI\u00d3N D\u00d1A. SARA GIL HERN\u00c1NDEZ INGL\u00c9S D\u00d1A. CRISTINA BEN\u00cdTEZ M\u00c1RQUEZ EDUCACI\u00d3N F\u00cdSICA D. JOS\u00c9 MANUEL HINOJOSA OLID PEDAGOG\u00cdA TERAP\u00c9UTICA D\u00d1A. BEL\u00c9N FERN\u00c1NDEZ P\u00c9REZ AUDICI\u00d3N Y [&hellip;]<\/p>\n","protected":false},"author":19722,"featured_media":0,"parent":0,"menu_order":0,"comment_status":"closed","ping_status":"closed","template":"","meta":{"_et_pb_use_builder":"","_et_pb_old_content":"","_et_gb_content_width":"","ngg_post_thumbnail":0,"footnotes":""},"aioseo_notices":[],"_links":{"self":[{"href":"https:\/\/blogsaverroes.juntadeandalucia.es\/ceiplosgrupos\/wp-json\/wp\/v2\/pages\/662"}],"collection":[{"href":"https:\/\/blogsaverroes.juntadeandalucia.es\/ceiplosgrupos\/wp-json\/wp\/v2\/pages"}],"about":[{"href":"https:\/\/blogsaverroes.juntadeandalucia.es\/ceiplosgrupos\/wp-json\/wp\/v2\/types\/page"}],"author":[{"embeddable":true,"href":"https:\/\/blogsaverroes.juntadeandalucia.es\/ceiplosgrupos\/wp-json\/wp\/v2\/users\/19722"}],"replies":[{"embeddable":true,"href":"https:\/\/blogsaverroes.juntadeandalucia.es\/ceiplosgrupos\/wp-json\/wp\/v2\/comments?post=662"}],"version-history":[{"count":6,"href":"https:\/\/blogsaverroes.juntadeandalucia.es\/ceiplosgrupos\/wp-json\/wp\/v2\/pages\/662\/revisions"}],"predecessor-version":[{"id":1887,"href":"https:\/\/blogsaverroes.juntadeandalucia.es\/ceiplosgrupos\/wp-json\/wp\/v2\/pages\/662\/revisions\/1887"}],"wp:attachment":[{"href":"https:\/\/blogsaverroes.juntadeandalucia.es\/ceiplosgrupos\/wp-json\/wp\/v2\/media?parent=662"}],"curies":[{"name":"wp","href":"https:\/\/api.w.org\/{rel}","templated":true}]}}