{"id":748,"date":"2024-10-02T23:36:46","date_gmt":"2024-10-02T22:36:46","guid":{"rendered":"https:\/\/blogsaverroes.juntadeandalucia.es\/ceiplosgrupos\/?page_id=748"},"modified":"2024-12-16T23:52:45","modified_gmt":"2024-12-16T22:52:45","slug":"comisiones-de-trabajo","status":"publish","type":"page","link":"https:\/\/blogsaverroes.juntadeandalucia.es\/ceiplosgrupos\/comisiones-de-trabajo\/","title":{"rendered":"Comisiones de trabajo"},"content":{"rendered":"<p style=\"text-align: center\"><strong><span style=\"font-size: 14pt\">COMPONENTES DEL CONSEJO ESCOLAR<\/span><\/strong><\/p>\n<table style=\"border-collapse: collapse;width: 100%;height: 360px\">\n<tbody>\n<tr style=\"height: 24px\">\n<td style=\"width: 50%;height: 24px\"><span style=\"font-size: 12pt\">D. Jos\u00e9 Manuel Hinojosa Olid<\/span><\/td>\n<td style=\"width: 50%;height: 24px\"><span style=\"font-size: 12pt\">Director<\/span><\/td>\n<\/tr>\n<tr style=\"height: 24px\">\n<td style=\"width: 50%;height: 24px\"><span style=\"font-size: 12pt\">D\u00aa. M\u00aa Isabel Gallego Lobato<\/span><\/td>\n<td style=\"width: 50%;height: 24px\"><span style=\"font-size: 12pt\">Jefa de Estudios<\/span><\/td>\n<\/tr>\n<tr style=\"height: 24px\">\n<td style=\"width: 50%;height: 24px\"><span style=\"font-size: 12pt\">D. Luis Manuel Catal\u00e1n N\u00fa\u00f1ez<\/span><\/td>\n<td style=\"width: 50%;height: 24px\"><span style=\"font-size: 12pt\">Secretario<\/span><\/td>\n<\/tr>\n<tr style=\"height: 24px\">\n<td style=\"width: 50%;height: 24px\"><span style=\"font-size: 12pt\">D\u00aa.Alicia Montes Baena<\/span><\/td>\n<td style=\"width: 50%;height: 24px\"><span style=\"font-size: 12pt\">Maestra<\/span><\/td>\n<\/tr>\n<tr style=\"height: 24px\">\n<td style=\"width: 50%;height: 24px\"><span style=\"font-size: 12pt\">D\u00aa. Sara Gil Hern\u00e1ndez<\/span><\/td>\n<td style=\"width: 50%;height: 24px\"><span style=\"font-size: 12pt\">Maestra<\/span><\/td>\n<\/tr>\n<tr style=\"height: 24px\">\n<td style=\"width: 50%;height: 24px\"><span style=\"font-size: 12pt\">D. Jes\u00fas Hidalgo Garc\u00eda<br \/>\n<\/span><\/td>\n<td style=\"width: 50%;height: 24px\"><span style=\"font-size: 12pt\">Maestro<\/span><\/td>\n<\/tr>\n<tr style=\"height: 24px\">\n<td style=\"width: 50%;height: 24px\"><span style=\"font-size: 12pt\">D\u00aa. Isabel M\u00aa Gordillo Sevillano<\/span><\/td>\n<td style=\"width: 50%;height: 24px\"><span style=\"font-size: 12pt\">Maestra<\/span><\/td>\n<\/tr>\n<tr style=\"height: 24px\">\n<td style=\"width: 50%;height: 24px\"><span style=\"font-size: 12pt\">D. Rafael Navarro Za\u00e1<\/span><\/td>\n<td style=\"width: 50%;height: 24px\"><span style=\"font-size: 12pt\">Maestro<\/span><\/td>\n<\/tr>\n<tr style=\"height: 24px\">\n<td style=\"width: 50%;height: 24px\"><span style=\"font-size: 12pt\">D\u00aa. M\u00aa Dolores Ponce Redondo<\/span><\/td>\n<td style=\"width: 50%;height: 24px\"><span style=\"font-size: 12pt\">Maestra<\/span><\/td>\n<\/tr>\n<tr style=\"height: 24px\">\n<td style=\"width: 50%;height: 24px\"><span style=\"font-size: 12pt\">D\u00aa. Nieves Albarreal Rodr\u00edguez<br \/>\n<\/span><\/td>\n<td style=\"width: 50%;height: 24px\"><span style=\"font-size: 12pt\">Madre<\/span><\/td>\n<\/tr>\n<tr>\n<td style=\"width: 50%\"><span style=\"font-size: 12pt\">D\u00aa. Mar\u00eda Jes\u00fas Alc\u00e1zar Calder\u00f3n<br \/>\n<\/span><\/td>\n<td style=\"width: 50%\"><span style=\"font-size: 12pt\">Madre<br \/>\n<\/span><\/td>\n<\/tr>\n<tr style=\"height: 24px\">\n<td style=\"width: 50%;height: 24px\"><span style=\"font-size: 12pt\">D\u00aa. Mar\u00eda Josefa Mart\u00edn Cort\u00e9s<\/span><\/td>\n<td style=\"width: 50%;height: 24px\"><span style=\"font-size: 12pt\">Madre<\/span><\/td>\n<\/tr>\n<tr style=\"height: 24px\">\n<td style=\"width: 50%;height: 24px\"><span style=\"font-size: 12pt\">D\u00aa. Alicia Rosado Segura<\/span><\/td>\n<td style=\"width: 50%;height: 24px\"><span style=\"font-size: 12pt\">Madre<\/span><\/td>\n<\/tr>\n<tr style=\"height: 24px\">\n<td style=\"width: 50%;height: 24px\"><span style=\"font-size: 12pt\">D\u00aa. Ana Bel\u00e9n Lara Barroso<\/span><\/td>\n<td style=\"width: 50%;height: 24px\"><span style=\"font-size: 12pt\">Madre<\/span><\/td>\n<\/tr>\n<tr style=\"height: 24px\">\n<td style=\"width: 50%;height: 24px\"><span style=\"font-size: 12pt\">D\u00aa. Mar\u00eda G\u00f3mez Cabezas<br \/>\n<\/span><\/td>\n<td style=\"width: 50%;height: 24px\"><span style=\"font-size: 12pt\">Representa AMPA<\/span><\/td>\n<\/tr>\n<tr style=\"height: 24px\">\n<td style=\"width: 50%;height: 24px\"><span style=\"font-size: 12pt\">D\u00aa. Susana Ortiz de Haro<\/span><\/td>\n<td style=\"width: 50%;height: 24px\"><span style=\"font-size: 12pt\">Ayuntamiento<\/span><\/td>\n<\/tr>\n<\/tbody>\n<\/table>\n<p>&nbsp;<\/p>\n<p>&nbsp;<\/p>\n<p style=\"text-align: center\"><strong><span style=\"font-size: 14pt\">COMISIONES DEL CONSEJO ESCOLAR<\/span><\/strong><\/p>\n<p><span style=\"font-size: 12pt\"><strong>COMISI\u00d3N PERMANENTE<\/strong><\/span><\/p>\n<ul>\n<li><span style=\"font-size: 12pt\">D. Jos\u00e9 Manuel Hinojosa Olid. Director.<\/span><br \/>\n<span style=\"font-size: 12pt\">D\u00aa. M\u00aa Isabel Gallego Lobato. Jefa de Estudios.<\/span><br \/>\n<span style=\"font-size: 12pt\">D\u00aa. Isabel M\u00aa Gordillo Sevillano. Maestra.<\/span><br \/>\n<span style=\"font-size: 12pt\">D\u00aa. Alicia Rosado Segura. Madre.<\/span><\/li>\n<\/ul>\n<p><span style=\"font-size: 12pt\"><strong>COMISI\u00d3N DE CONVIVENCIA<\/strong><\/span><\/p>\n<ul>\n<li><span style=\"font-size: 12pt\">D. Jos\u00e9 Manuel Hinojosa Olid. Director.<\/span><br \/>\n<span style=\"font-size: 12pt\">D\u00aa. M\u00aa Isabel Gallego Lobato. Jefa de Estudios.<\/span><br \/>\n<span style=\"font-size: 12pt\">D\u00aa. M\u00aa Dolores Ponce Redondo. Maestro.<\/span><br \/>\n<span style=\"font-size: 12pt\">D. Jes\u00fas Hidalgo Garc\u00eda. Maestro.<\/span><br \/>\n<span style=\"font-size: 12pt\">D\u00aa. Mar\u00eda G\u00f3mez Cabezas. Representa AMPA.<\/span><br \/>\n<span style=\"font-size: 12pt\">D\u00aa. Nieves Albarreal Rodr\u00edguez. Madre.<\/span><br \/>\n<span style=\"font-size: 12pt\">D\u00aa. Alicia Rosado Segura. Madre.<\/span><br \/>\n<span style=\"font-size: 12pt\">D\u00aa. Mar\u00eda Jes\u00fas Alc\u00e1zar Calder\u00f3n. Madre.<\/span><\/li>\n<\/ul>\n<p><span style=\"font-size: 12pt\"><strong>EQUIPO DE EVALUACI\u00d3N<\/strong><\/span><\/p>\n<ul>\n<li><span style=\"font-size: 12pt\">D. Jos\u00e9 Manuel Hinojosa Olid. Director.<\/span><br \/>\n<span style=\"font-size: 12pt\">D\u00aa. M\u00aa Isabel Gallego Lobato. Jefa de Estudios.<\/span><br \/>\n<span style=\"font-size: 12pt\">D. Luis Manuel Catal\u00e1n N\u00fa\u00f1ez. Secretario<\/span><br \/>\n<span style=\"font-size: 12pt\">D. Rafael Navarro Za\u00e1. Maestro.<\/span><br \/>\n<span style=\"font-size: 12pt\">D\u00aa. Susana Ortiz de Haro. Ayuntamiento.<\/span><br \/>\n<span style=\"font-size: 12pt\">D\u00aa. Mar\u00eda Josefa Mart\u00edn Cort\u00e9s. Madre.<\/span><\/li>\n<\/ul>\n<p><span style=\"font-size: 12pt\"><strong>IMPULSOR DE MEDIDAS DE IGUALDAD ENTRE HOMBRES Y MUERES<\/strong><\/span><\/p>\n<ul>\n<li><span style=\"font-size: 12pt\">D. Luis Manuel Catal\u00e1n N\u00fa\u00f1ez. Coord. de Coeducaci\u00f3n.<\/span><\/li>\n<\/ul>\n","protected":false},"excerpt":{"rendered":"<p>COMPONENTES DEL CONSEJO ESCOLAR D. Jos\u00e9 Manuel Hinojosa Olid Director D\u00aa. M\u00aa Isabel Gallego Lobato Jefa de Estudios D. Luis Manuel Catal\u00e1n N\u00fa\u00f1ez Secretario D\u00aa.Alicia Montes Baena Maestra D\u00aa. Sara Gil Hern\u00e1ndez Maestra D. Jes\u00fas Hidalgo Garc\u00eda Maestro D\u00aa. Isabel M\u00aa Gordillo Sevillano Maestra D. Rafael Navarro Za\u00e1 Maestro D\u00aa. M\u00aa Dolores Ponce Redondo Maestra [&hellip;]<\/p>\n","protected":false},"author":19722,"featured_media":0,"parent":0,"menu_order":0,"comment_status":"closed","ping_status":"closed","template":"","meta":{"_et_pb_use_builder":"","_et_pb_old_content":"","_et_gb_content_width":"","ngg_post_thumbnail":0,"footnotes":""},"aioseo_notices":[],"_links":{"self":[{"href":"https:\/\/blogsaverroes.juntadeandalucia.es\/ceiplosgrupos\/wp-json\/wp\/v2\/pages\/748"}],"collection":[{"href":"https:\/\/blogsaverroes.juntadeandalucia.es\/ceiplosgrupos\/wp-json\/wp\/v2\/pages"}],"about":[{"href":"https:\/\/blogsaverroes.juntadeandalucia.es\/ceiplosgrupos\/wp-json\/wp\/v2\/types\/page"}],"author":[{"embeddable":true,"href":"https:\/\/blogsaverroes.juntadeandalucia.es\/ceiplosgrupos\/wp-json\/wp\/v2\/users\/19722"}],"replies":[{"embeddable":true,"href":"https:\/\/blogsaverroes.juntadeandalucia.es\/ceiplosgrupos\/wp-json\/wp\/v2\/comments?post=748"}],"version-history":[{"count":6,"href":"https:\/\/blogsaverroes.juntadeandalucia.es\/ceiplosgrupos\/wp-json\/wp\/v2\/pages\/748\/revisions"}],"predecessor-version":[{"id":1371,"href":"https:\/\/blogsaverroes.juntadeandalucia.es\/ceiplosgrupos\/wp-json\/wp\/v2\/pages\/748\/revisions\/1371"}],"wp:attachment":[{"href":"https:\/\/blogsaverroes.juntadeandalucia.es\/ceiplosgrupos\/wp-json\/wp\/v2\/media?parent=748"}],"curies":[{"name":"wp","href":"https:\/\/api.w.org\/{rel}","templated":true}]}}