{"id":763,"date":"2024-10-02T23:46:16","date_gmt":"2024-10-02T22:46:16","guid":{"rendered":"https:\/\/blogsaverroes.juntadeandalucia.es\/ceiplosgrupos\/?page_id=763"},"modified":"2024-10-03T00:05:01","modified_gmt":"2024-10-02T23:05:01","slug":"segundo-ciclo","status":"publish","type":"page","link":"https:\/\/blogsaverroes.juntadeandalucia.es\/ceiplosgrupos\/segundo-ciclo\/","title":{"rendered":"Segundo Ciclo"},"content":{"rendered":"<p><span style=\"font-size: 14pt\"><a class=\"undefined\" href=\"http:\/\/www.phpwebquest.org\/wq25\/webquest\/soporte_tabbed_w.php?id_actividad=12856&amp;id_pagina=1\">BIOGRAF\u00cdAS:&nbsp;(LG)<\/a><\/span><\/p>\n<p><span style=\"font-size: 14pt\"><a class=\"undefined\" href=\"http:\/\/www.phpwebquest.org\/wq25\/webquest\/soporte_derecha_w.php?id_actividad=11733\">VIOLENCIA DE G\u00c9NERO:(TT.TT)<\/a><\/span><\/p>\n<p><span style=\"font-size: 14pt\"><a class=\"undefined\" href=\"http:\/\/www.phpwebquest.org\/wq25\/webquest\/soporte_tabbed_w.php?id_actividad=11742&amp;id_pagina=1\">EL MUNDO ANIMAL I:(CM)<\/a><\/span><\/p>\n<p><span style=\"font-size: 14pt\"><a class=\"undefined\" href=\"http:\/\/www.phpwebquest.org\/wq25\/webquest\/soporte_tabbed_w.php?id_actividad=12034&amp;id_pagina=1\">EL PUEBLO DONDE VIVO:(CM)<\/a><\/span><\/p>\n<p><span style=\"font-size: 14pt\"><a class=\"undefined\" href=\"http:\/\/www.phpwebquest.org\/wq25\/webquest\/soporte_horizontal_w.php?id_actividad=12496&amp;id_pagina=1\">LA M\u00daSICA EN NAVIDAD:(EM)<\/a><\/span><\/p>\n<p><span style=\"font-size: 14pt\"><a class=\"undefined\" href=\"http:\/\/www.phpwebquest.org\/wq2\/webquest\/soporte_mondrian_w.php?id_actividad=3335&amp;id_pagina=1\">SOMOS CONSTRUCTORES:(EF)<\/a><\/span><\/p>\n<p><span style=\"font-size: 14pt\"><a class=\"undefined\" href=\"http:\/\/www.phpwebquest.org\/wq25\/webquest\/soporte_tabbed_w.php?id_actividad=15790&amp;id_pagina=1\">ANDALUC\u00cdA F\u00cdSICA (CM)<\/a><\/span><\/p>\n<p><span style=\"font-size: 14pt\"><a class=\"undefined\" href=\"http:\/\/www.phpwebquest.org\/wq25\/webquest\/soporte_tabbed_w.php?id_actividad=15529&amp;id_pagina=1\">SEVILLANAS: BAILE CARACTER\u00cdSTICO DE TU PROVINCIA (EM)<\/a><\/span><\/p>\n<p><span style=\"font-size: 14pt\"><a class=\"undefined\" href=\"http:\/\/www.phpwebquest.org\/wq25\/webquest\/soporte_mondrian_w.php?id_actividad=12193&amp;id_pagina=1\">NUESTRA CONSTITUCI\u00d3N (CM)<\/a><\/span><\/p>\n<p><span style=\"font-size: 14pt\"><a class=\"undefined\" href=\"http:\/\/www.phpwebquest.org\/wq2\/webquest\/soporte_izquierda_w.php?id_actividad=3328&amp;id_pagina=1\">A QU\u00c9 JUG\u00c1BAMOS&#8230; (EF)<\/a><\/span><\/p>\n<p><span style=\"font-size: 14pt\"><a class=\"undefined\" href=\"http:\/\/www.phpwebquest.org\/wq25\/webquest\/soporte_mondrian_w.php?id_actividad=16676&amp;id_pagina=1\">COOKING RECIPES ( LE )<\/a><\/span><\/p>\n<p><span style=\"font-size: 14pt\"><a class=\"undefined\" href=\"http:\/\/www.phpwebquest.org\/wq25\/webquest\/soporte_mondrian_w.php?id_actividad=16773&amp;id_pagina=1\">APRENDIENDO MATEM\u00c1TICAS (MAT)<\/a><\/span><\/p>\n<p><span style=\"font-size: 14pt\"><a class=\"undefined\" href=\"http:\/\/phpwebquest.org\/wq25\/webquest\/soporte_tabbed_w.php?id_actividad=19184&amp;id_pagina=1\">THE BRITISH ISLES (LE)<\/a><\/span><\/p>\n<p><span style=\"font-size: 14pt\"><a class=\"undefined\" href=\"http:\/\/phpwebquest.org\/wq25\/webquest\/soporte_derecha_w.php?id_actividad=16886&amp;id_pagina=1\">ANIMACI\u00d3N A LA LECTURA (LG)<\/a><\/span><\/p>\n<p><span style=\"font-size: 14pt\"><a class=\"undefined\" href=\"http:\/\/phpwebquest.org\/wq25\/webquest\/soporte_horizontal_w.php?id_actividad=18822&amp;id_pagina=1\">LA IGLESIA (REL)<\/a><\/span><\/p>\n<p><span style=\"font-size: 14pt\"><a class=\"undefined\" href=\"http:\/\/phpwebquest.org\/wq25\/webquest\/soporte_tabbed_w.php?id_actividad=15529&amp;id_pagina=1\">SEVILLANAS:BAILE M\u00c1S CARACTER\u00cdSTICO DE TU PROVINCIA (EM)<\/a><\/span><\/p>\n<p><span style=\"font-size: 14pt\"><a class=\"undefined\" href=\"http:\/\/phpwebquest.org\/wq25\/webquest\/soporte_mondrian_w.php?id_actividad=18570&amp;id_pagina=1\">CANCIONES POPULARES (EM)<\/a><\/span><\/p>\n<p><span style=\"font-size: 14pt\"><a class=\"undefined\" href=\"http:\/\/phpwebquest.org\/wq25\/webquest\/soporte_derecha_w.php?id_actividad=18394&amp;id_pagina=1\">EL AGUA ES IMPORTANTE (CM)<\/a><\/span><\/p>\n<p><span style=\"font-size: 14pt\"><a class=\"undefined\" href=\"http:\/\/www.phpwebquest.org\/wq25\/webquest\/soporte_tabbed_w.php?id_actividad=17046&amp;id_pagina=1\">SEMANA SANTA EN MOR\u00d3N (REL)<\/a><\/span><\/p>\n","protected":false},"excerpt":{"rendered":"<p>BIOGRAF\u00cdAS:&nbsp;(LG) VIOLENCIA DE G\u00c9NERO:(TT.TT) EL MUNDO ANIMAL I:(CM) EL PUEBLO DONDE VIVO:(CM) LA M\u00daSICA EN NAVIDAD:(EM) SOMOS CONSTRUCTORES:(EF) ANDALUC\u00cdA F\u00cdSICA (CM) SEVILLANAS: BAILE CARACTER\u00cdSTICO DE TU PROVINCIA (EM) NUESTRA CONSTITUCI\u00d3N (CM) A QU\u00c9 JUG\u00c1BAMOS&#8230; (EF) COOKING RECIPES ( LE ) APRENDIENDO MATEM\u00c1TICAS (MAT) THE BRITISH ISLES (LE) ANIMACI\u00d3N A LA LECTURA (LG) LA IGLESIA (REL) [&hellip;]<\/p>\n","protected":false},"author":19722,"featured_media":0,"parent":0,"menu_order":0,"comment_status":"closed","ping_status":"closed","template":"","meta":{"_et_pb_use_builder":"","_et_pb_old_content":"","_et_gb_content_width":"","ngg_post_thumbnail":0,"footnotes":""},"aioseo_notices":[],"_links":{"self":[{"href":"https:\/\/blogsaverroes.juntadeandalucia.es\/ceiplosgrupos\/wp-json\/wp\/v2\/pages\/763"}],"collection":[{"href":"https:\/\/blogsaverroes.juntadeandalucia.es\/ceiplosgrupos\/wp-json\/wp\/v2\/pages"}],"about":[{"href":"https:\/\/blogsaverroes.juntadeandalucia.es\/ceiplosgrupos\/wp-json\/wp\/v2\/types\/page"}],"author":[{"embeddable":true,"href":"https:\/\/blogsaverroes.juntadeandalucia.es\/ceiplosgrupos\/wp-json\/wp\/v2\/users\/19722"}],"replies":[{"embeddable":true,"href":"https:\/\/blogsaverroes.juntadeandalucia.es\/ceiplosgrupos\/wp-json\/wp\/v2\/comments?post=763"}],"version-history":[{"count":2,"href":"https:\/\/blogsaverroes.juntadeandalucia.es\/ceiplosgrupos\/wp-json\/wp\/v2\/pages\/763\/revisions"}],"predecessor-version":[{"id":779,"href":"https:\/\/blogsaverroes.juntadeandalucia.es\/ceiplosgrupos\/wp-json\/wp\/v2\/pages\/763\/revisions\/779"}],"wp:attachment":[{"href":"https:\/\/blogsaverroes.juntadeandalucia.es\/ceiplosgrupos\/wp-json\/wp\/v2\/media?parent=763"}],"curies":[{"name":"wp","href":"https:\/\/api.w.org\/{rel}","templated":true}]}}