{"id":990,"date":"2024-10-11T00:31:32","date_gmt":"2024-10-10T23:31:32","guid":{"rendered":"https:\/\/blogsaverroes.juntadeandalucia.es\/ceiplosgrupos\/?page_id=990"},"modified":"2024-10-11T00:31:32","modified_gmt":"2024-10-10T23:31:32","slug":"programa-digicraft","status":"publish","type":"page","link":"https:\/\/blogsaverroes.juntadeandalucia.es\/ceiplosgrupos\/programa-digicraft\/","title":{"rendered":"Programa Digicraft"},"content":{"rendered":"<p><img loading=\"lazy\" decoding=\"async\" class=\"alignnone size-full wp-image-991 aligncenter\" src=\"https:\/\/blogsaverroes.juntadeandalucia.es\/ceiplosgrupos\/files\/2024\/10\/Sin-titulo-5.jpg\" alt=\"\" width=\"259\" height=\"194\"><\/p>\n<p class=\"p1\">DigiCraft en tu Cole es un proyecto enmarcado dentro del <a href=\"https:\/\/digicraft.fundacionvodafone.es\" target=\"_blank\" rel=\"noopener\"><span class=\"s1\">Programa DigiCraft<\/span> de<\/a> Fundaci\u00f3n Vodafone Espa\u00f1a, que tiene como objetivo potenciar la transformaci\u00f3n digital de los centros educativos y formar a ni\u00f1os y ni\u00f1as de Educaci\u00f3n Primaria en las competencias digitales que les permitir\u00e1n liderar su futuro, rompiendo as\u00ed con la brecha digital entre los y las menores y despertando vocaciones tecnol\u00f3gicas.<\/p>\n<p class=\"p1\">Pero\u2026 \u00bfqu\u00e9 significa ser competente en el mundo digital? Ser competentes digitalmente va m\u00e1s all\u00e1 de poder usar el \u00faltimo dispositivo o software. La competencia digital es una competencia transversal clave que equivale al uso seguro y cr\u00edtico de la tecnolog\u00eda digital y cubre el conocimiento, las capacidades y las actitudes que necesitan todos los ciudadanos y ciudadanas en una sociedad digital en r\u00e1pida evoluci\u00f3n. No se trata s\u00f3lo de tener acceso a dispositivos tecnol\u00f3gicos, sino al uso que se les da y a c\u00f3mo se interact\u00fae con ellos. Por eso, las y los docentes juegan un papel fundamental como facilitadores y acompa\u00f1antes, como magos ilusionistas y gu\u00edas de viaje en el aprendizaje y desarrollo de las capacidades digitales en el aula.<\/p>\n<p class=\"p1\">DigiCraft en tu Cole nace para ayudar a los ni\u00f1os y ni\u00f1as a adaptarse a esa evoluci\u00f3n, para mostrarles las posibilidades que el mundo digital ofrece, para sorprenderles e ilusionarles, pero sobretodo, para hacerles saber que ellos y ellas pueden crear un ma\u00f1ana diferente.<\/p>\n","protected":false},"excerpt":{"rendered":"<p>DigiCraft en tu Cole es un proyecto enmarcado dentro del Programa DigiCraft de Fundaci\u00f3n Vodafone Espa\u00f1a, que tiene como objetivo potenciar la transformaci\u00f3n digital de los centros educativos y formar a ni\u00f1os y ni\u00f1as de Educaci\u00f3n Primaria en las competencias digitales que les permitir\u00e1n liderar su futuro, rompiendo as\u00ed con la brecha digital entre los [&hellip;]<\/p>\n","protected":false},"author":19722,"featured_media":0,"parent":0,"menu_order":0,"comment_status":"closed","ping_status":"closed","template":"","meta":{"_et_pb_use_builder":"","_et_pb_old_content":"","_et_gb_content_width":"","ngg_post_thumbnail":0,"footnotes":""},"aioseo_notices":[],"_links":{"self":[{"href":"https:\/\/blogsaverroes.juntadeandalucia.es\/ceiplosgrupos\/wp-json\/wp\/v2\/pages\/990"}],"collection":[{"href":"https:\/\/blogsaverroes.juntadeandalucia.es\/ceiplosgrupos\/wp-json\/wp\/v2\/pages"}],"about":[{"href":"https:\/\/blogsaverroes.juntadeandalucia.es\/ceiplosgrupos\/wp-json\/wp\/v2\/types\/page"}],"author":[{"embeddable":true,"href":"https:\/\/blogsaverroes.juntadeandalucia.es\/ceiplosgrupos\/wp-json\/wp\/v2\/users\/19722"}],"replies":[{"embeddable":true,"href":"https:\/\/blogsaverroes.juntadeandalucia.es\/ceiplosgrupos\/wp-json\/wp\/v2\/comments?post=990"}],"version-history":[{"count":1,"href":"https:\/\/blogsaverroes.juntadeandalucia.es\/ceiplosgrupos\/wp-json\/wp\/v2\/pages\/990\/revisions"}],"predecessor-version":[{"id":992,"href":"https:\/\/blogsaverroes.juntadeandalucia.es\/ceiplosgrupos\/wp-json\/wp\/v2\/pages\/990\/revisions\/992"}],"wp:attachment":[{"href":"https:\/\/blogsaverroes.juntadeandalucia.es\/ceiplosgrupos\/wp-json\/wp\/v2\/media?parent=990"}],"curies":[{"name":"wp","href":"https:\/\/api.w.org\/{rel}","templated":true}]}}