{"id":141,"date":"2015-03-17T07:13:24","date_gmt":"2015-03-17T07:13:24","guid":{"rendered":"http:\/\/blogsaverroes.juntadeandalucia.es\/pre\/ceip\/?page_id=141"},"modified":"2026-01-28T21:09:46","modified_gmt":"2026-01-28T20:09:46","slug":"escolarizacion","status":"publish","type":"page","link":"https:\/\/blogsaverroes.juntadeandalucia.es\/ceiplosjarales\/escolarizacion\/","title":{"rendered":"Admisi\u00f3n"},"content":{"rendered":"<p style=\"text-align: center\"><strong><span style=\"color: #800080\">ADMISI\u00d3N EN PERIODO ORDINARIO<\/span><\/strong><\/p>\n<p style=\"text-align: justify\">Durante todo el mes de marzo permanecer\u00e1 abierto en Andaluc\u00eda el plazo para la presentaci\u00f3n de solicitudes de admisi\u00f3n correspondientes al curso escolar 2023\/24 en la red de centros sostenidos con fondos p\u00fablicos. Se inicia de este modo el proceso de escolarizaci\u00f3n en el que <strong>participan todos los ni\u00f1os y ni\u00f1as que se incorporan por primera vez al sistema educativo o cambian de centro educativo<\/strong>, tanto en centros p\u00fablicos como privados concertados, as\u00ed como el alumnado que cambie de centro escolar.<\/p>\n<p style=\"text-align: justify\">Entre los d\u00edas 1 y 31 de marzo<b>,<\/b> ambos inclusive, deber\u00e1n presentar su solicitud los escolares de segundo ciclo de educaci\u00f3n infantil, educaci\u00f3n primaria, educaci\u00f3n especial, educaci\u00f3n secundaria obligatoria y bachillerato. Si pinchan en la imagen, acceder\u00e1n a la <strong>solicitud telem\u00e1tica. <\/strong>Dentro del portal de escolarizaci\u00f3n en \u00abopciones\u00bb podr\u00e1n consultar la normativa, \u00e1reas de influencia&#8230;.<\/p>\n<p style=\"text-align: justify\">Si su hijo\/a ya est\u00e1 escolarizado en Andaluc\u00eda, incluidos centros de infantil 0-3 a\u00f1os, puede acceder con la clave IANDE que encontrar\u00e1 en las comunicaciones de IPASEN, en caso contrario puede hacerlo con certificado digital, con Cl@ve Pin o con Cl@ve permanente.<\/p>\n<p style=\"text-align: center\"><a href=\"https:\/\/www.juntadeandalucia.es\/educacion\/portals\/web\/escolarizacion\/infantil-a-bachillerato\/impresos\" target=\"_blank\" rel=\"noopener noreferrer\"><img decoding=\"async\" class=\"aligncenter size-full wp-image-2349\" src=\"https:\/\/blogsaverroes.juntadeandalucia.es\/ceiplosjarales\/files\/2021\/08\/ESCOLARIZACI\u00d3N.jpg\" alt=\"\" width=\"395\" height=\"118\" srcset=\"https:\/\/blogsaverroes.juntadeandalucia.es\/ceiplosjarales\/files\/2021\/08\/ESCOLARIZACI\u00d3N.jpg 395w, https:\/\/blogsaverroes.juntadeandalucia.es\/ceiplosjarales\/files\/2021\/08\/ESCOLARIZACI\u00d3N-300x90.jpg 300w\" sizes=\"(max-width: 395px) 100vw, 395px\" \/><\/a><\/p>\n<p>En caso de que no cuente con los medios necesarios para realizar la solicitud telem\u00e1ticamente, podr\u00e1 solicitar cita previa en el correo: <span style=\"color: #000080\">29016963.edu@juntadeandalucia.es<\/span>&nbsp;&nbsp;<\/p>\n<p><em><strong>\u00daltimas novedades:<\/strong><\/em><\/p>\n<p><strong>1- Resoluci\u00f3n Proceso Admisi\u00f3n.<\/strong><\/p>\n<p>A continuaci\u00f3n se facilita el acceso a todos los documentos que haya publicados hasta la fecha en orden cronol\u00f3gico. Aqu\u00ed ser\u00e1n incorporadas las novedades y actualizaciones:<\/p>\n<p><a href=\"https:\/\/colegiogarcialorca.com\/wp-content\/uploads\/2026\/01\/BOJA26-016-00001-745-01_00331971.pdf\">1- BOJA n\u00ba16 (Resoluci\u00f3n Proceso Admisi\u00f3n 26-27)<\/a><\/p>\n<p>Tambi\u00e9n podr\u00e1n acceder a la sede electr\u00f3nica para la tramitaci\u00f3n de la solicitud de admisi\u00f3n y matriculaci\u00f3n (una vez comenzado el periodo establecido) en el siguiente enlace:<\/p>\n<p><a href=\"https:\/\/www.juntadeandalucia.es\/servicios\/sede\/tramites\/procedimientos\/detalle\/2435.html\">https:\/\/www.juntadeandalucia.es\/servicios\/sede\/tramites\/procedimientos\/detalle\/2435.html<\/a><\/p>\n<p>&nbsp;<\/p>\n<p style=\"text-align: center\"><strong><span style=\"color: #800080\">CONSULTA BAREMO PROCESO DE ADMISI\u00d3N<\/span><\/strong><\/p>\n<p>C\u00f3mo pueden consultar las familias el baremo del proceso de admisi\u00f3n para el curso 23\/24. Aqu\u00ed: <strong><span style=\"color: #800080\"><a href=\"https:\/\/www.youtube.com\/watch?v=kbuHwQQ5vPM\">https:\/\/www.youtube.com\/watch?v=kbuHwQQ5vPM<\/a><\/span><\/strong><\/p>\n<p>&nbsp;<\/p>\n<p style=\"text-align: center\">&#8212;&#8212;&#8212;&#8212;&#8212;&#8212;&#8212;&#8212;&#8212;&#8212;&#8212;&#8212;&#8212;&#8212;&#8212;&#8212;&#8212;&#8212;&#8212;&#8212;&#8212;&#8212;&#8212;&#8212;&#8212;&#8212;&#8212;&#8212;&#8212;<\/p>\n<blockquote>\n<p style=\"text-align: center\"><strong>17 mayo 2022<\/strong><\/p>\n<p style=\"text-align: center\"><span style=\"color: #0000ff\">PUBLICACI\u00d3N RELACI\u00d3N ADMITIDOS EN LOS CENTROS ELEGIDOS COMO PRIORITARIOS<\/span><\/p>\n<p style=\"text-align: center\">Podr\u00e1n consultar los listados en el tabl\u00f3n de anuncios del centro o en la Secretar\u00eda Virtual de la Junta de Andaluc\u00eda.<\/p>\n<p style=\"text-align: justify\">Aproximadamente el 26 de mayo saldr\u00e1 publicada la adjudicaci\u00f3n de plaza escolar del alumnado NO admitido en el centro elegido como prioritario.<\/p>\n<\/blockquote>\n<p style=\"text-align: center\"><span style=\"color: #993366\"><strong>PERIODO EXTRAORDINARIO<\/strong><\/span><\/p>\n<p style=\"text-align: justify\">Cuando se quiera matricular al alumnado fuera del plazo ordinario de admisi\u00f3n, deber\u00e1 enviarse un correo al Centro con el Anexo IX relleno y adjuntando la documentaci\u00f3n necesaria en formato pdf. Tenga en cuenta que el presentar el Anexo IX no le garantiza una plaza en el Centro, ya que esto depender\u00e1 de las plazas disponibles, siendo la Comisi\u00f3n de Escolarizaci\u00f3n la que resuelva finalmente el Centro en el que ser\u00e1 escolarizado el alumno\/a.<\/p>\n<p><strong>Traslado de domicilio:<\/strong><\/p>\n<ul>\n<li>Fotocopia del volante de empadronamiento colectivo de la unidad familiar en la nueva direcci\u00f3n donde conste que ha habido un cambio de domicilio como m\u00e1ximo en los seis meses anteriores.&nbsp;<\/li>\n<li>Fotocopia del DNI o pasaporte de padre y madre o de los tutores legales.<\/li>\n<li>Fotocopia del Libro de familia o en su defecto partida de nacimiento del alumno\/a.<\/li>\n<\/ul>\n<p><strong>Movilidad forzosa:<\/strong><\/p>\n<ul>\n<li>Informe de vida laboral de la persona cuyo lugar de trabajo va a ser tenido en consideraci\u00f3n.&nbsp;<\/li>\n<li>Certificaci\u00f3n expedida al efecto por la persona titular de la empresa o por la persona responsable de personal de la misma que deber\u00e1 contener el domicilio del nuevo lugar de trabajo y la duraci\u00f3n del traslado.<\/li>\n<\/ul>\n<p><strong>Otras circunstancias:<\/strong> Ver el reverso del Anexo IX.<\/p>\n<p style=\"text-align: center\"><a href=\"https:\/\/www.juntadeandalucia.es\/educacion\/portals\/delegate\/content\/dcec9582-b20c-494b-bfbd-2886c7b8be94\/ANEXO%20IX\" target=\"_blank\" rel=\"noopener noreferrer\">Anexo IX. Solicitud admisi\u00f3n periodo extraordinario<\/a><\/p>\n<p style=\"text-align: center\"><strong>29016963.edu@juntadeandalucia.es<\/strong><\/p>\n<p>&nbsp;<\/p>\n<p><strong>A partir del 7 de octubre de 2025, <\/strong>la Consejer\u00eda implementa el tr\u00e1mite de solicitud de admisi\u00f3n en el marco del procedimiento extraordinario en Secretar\u00eda Virtual.<\/p>\n<p>Para ello, en Secretar\u00eda virtual se ha creado un nuevo tr\u00e1mite: \u00ab<strong><em>Solicitud procedimiento Extraordinario de Admisi\u00f3n (Anexo IX)\u00bb.<\/em><\/strong><\/p>\n<p>PINCHA EL SIGUIENTE ENLACE PARA ACCEDER AL TR\u00c1MITE: <a href=\"https:\/\/www.juntadeandalucia.es\/educacion\/secretariavirtual\/accesoTramite\/861\/\">https:\/\/www.juntadeandalucia.es\/educacion\/secretariavirtual\/accesoTramite\/861\/<\/a><\/p>\n<p>&nbsp;<\/p>\n<p>&nbsp;<\/p>\n","protected":false},"excerpt":{"rendered":"<p>ADMISI\u00d3N EN PERIODO ORDINARIO Durante todo el mes de marzo permanecer\u00e1 abierto en Andaluc\u00eda el plazo para la presentaci\u00f3n de solicitudes de admisi\u00f3n correspondientes al curso escolar 2023\/24 en la red de centros sostenidos&#46;&#46;&#46;<\/p>\n","protected":false},"author":1,"featured_media":0,"parent":0,"menu_order":0,"comment_status":"closed","ping_status":"open","template":"","meta":{"ngg_post_thumbnail":0,"footnotes":"","_mc_calendar":[]},"aioseo_notices":[],"_links":{"self":[{"href":"https:\/\/blogsaverroes.juntadeandalucia.es\/ceiplosjarales\/wp-json\/wp\/v2\/pages\/141"}],"collection":[{"href":"https:\/\/blogsaverroes.juntadeandalucia.es\/ceiplosjarales\/wp-json\/wp\/v2\/pages"}],"about":[{"href":"https:\/\/blogsaverroes.juntadeandalucia.es\/ceiplosjarales\/wp-json\/wp\/v2\/types\/page"}],"author":[{"embeddable":true,"href":"https:\/\/blogsaverroes.juntadeandalucia.es\/ceiplosjarales\/wp-json\/wp\/v2\/users\/1"}],"replies":[{"embeddable":true,"href":"https:\/\/blogsaverroes.juntadeandalucia.es\/ceiplosjarales\/wp-json\/wp\/v2\/comments?post=141"}],"version-history":[{"count":37,"href":"https:\/\/blogsaverroes.juntadeandalucia.es\/ceiplosjarales\/wp-json\/wp\/v2\/pages\/141\/revisions"}],"predecessor-version":[{"id":3967,"href":"https:\/\/blogsaverroes.juntadeandalucia.es\/ceiplosjarales\/wp-json\/wp\/v2\/pages\/141\/revisions\/3967"}],"wp:attachment":[{"href":"https:\/\/blogsaverroes.juntadeandalucia.es\/ceiplosjarales\/wp-json\/wp\/v2\/media?parent=141"}],"curies":[{"name":"wp","href":"https:\/\/api.w.org\/{rel}","templated":true}]}}