{"id":2673,"date":"2021-10-18T11:08:10","date_gmt":"2021-10-18T11:08:10","guid":{"rendered":"https:\/\/blogsaverroes.juntadeandalucia.es\/ceiplosjarales\/?page_id=2673"},"modified":"2023-01-06T23:05:26","modified_gmt":"2023-01-06T22:05:26","slug":"tablon","status":"publish","type":"page","link":"https:\/\/blogsaverroes.juntadeandalucia.es\/ceiplosjarales\/tablon\/","title":{"rendered":"TABL\u00d3N EFEM\u00c9RIDES Y ACTIVIDADES COMPLEMENTARIAS"},"content":{"rendered":"<h3 style=\"text-align: center\"><span style=\"color: #ff00ff\">ACTIVIDADES DE NAVIDAD CURSO 2022\/23<\/span><\/h3>\n<p><img fetchpriority=\"high\" decoding=\"async\" class=\"aligncenter size-full wp-image-3296\" src=\"https:\/\/blogsaverroes.juntadeandalucia.es\/ceiplosjarales\/files\/2022\/12\/IMG_9252.jpg\" alt=\"\" width=\"960\" height=\"716\" srcset=\"https:\/\/blogsaverroes.juntadeandalucia.es\/ceiplosjarales\/files\/2022\/12\/IMG_9252.jpg 960w, https:\/\/blogsaverroes.juntadeandalucia.es\/ceiplosjarales\/files\/2022\/12\/IMG_9252-300x224.jpg 300w, https:\/\/blogsaverroes.juntadeandalucia.es\/ceiplosjarales\/files\/2022\/12\/IMG_9252-768x573.jpg 768w\" sizes=\"(max-width: 960px) 100vw, 960px\" \/><\/p>\n<p>&nbsp;<\/p>\n<p>&nbsp;<\/p>\n<h3 style=\"text-align: center\"><strong><span style=\"color: #339966\">INTENCAMBIO LING\u00dc\u00cdSTICO CON EL <\/span><\/strong><\/h3>\n<h3 style=\"text-align: center\"><strong><span style=\"color: #339966\">IES MARGARITA SALAS<\/span><\/strong><\/h3>\n<h4 style=\"text-align: justify\">El alumnado de 6\u00b0 E.P. del Ceip Los Jarales recibe y hace entrega de las tarjetas navide\u00f1as en franc\u00e9s compartidas con el alumnado de 1\u00b0 ESO del IES Margarita Salas, en una actividad de intercambio ling\u00fc\u00edstico. En esta ocasi\u00f3n de la segunda lengua extranjera Franc\u00e9s.<br \/>\n\u00a1Enhorabuena chic@s por esas preciosas tarjetas!<br \/>\nToutes nos f\u00e9licitations et Joyeux No\u00ebl!<\/h4>\n<p><img decoding=\"async\" class=\"aligncenter size-full wp-image-3293\" src=\"https:\/\/blogsaverroes.juntadeandalucia.es\/ceiplosjarales\/files\/2022\/12\/PHOTO-2022-12-20-15-18-26-2.jpg\" alt=\"\" width=\"1600\" height=\"1200\" srcset=\"https:\/\/blogsaverroes.juntadeandalucia.es\/ceiplosjarales\/files\/2022\/12\/PHOTO-2022-12-20-15-18-26-2.jpg 1600w, https:\/\/blogsaverroes.juntadeandalucia.es\/ceiplosjarales\/files\/2022\/12\/PHOTO-2022-12-20-15-18-26-2-300x225.jpg 300w, https:\/\/blogsaverroes.juntadeandalucia.es\/ceiplosjarales\/files\/2022\/12\/PHOTO-2022-12-20-15-18-26-2-1024x768.jpg 1024w, https:\/\/blogsaverroes.juntadeandalucia.es\/ceiplosjarales\/files\/2022\/12\/PHOTO-2022-12-20-15-18-26-2-768x576.jpg 768w, https:\/\/blogsaverroes.juntadeandalucia.es\/ceiplosjarales\/files\/2022\/12\/PHOTO-2022-12-20-15-18-26-2-1536x1152.jpg 1536w\" sizes=\"(max-width: 1600px) 100vw, 1600px\" \/> <img decoding=\"async\" class=\"aligncenter size-full wp-image-3294\" src=\"https:\/\/blogsaverroes.juntadeandalucia.es\/ceiplosjarales\/files\/2022\/12\/PHOTO-2022-12-20-15-18-26.jpg\" alt=\"\" width=\"1600\" height=\"1200\" srcset=\"https:\/\/blogsaverroes.juntadeandalucia.es\/ceiplosjarales\/files\/2022\/12\/PHOTO-2022-12-20-15-18-26.jpg 1600w, https:\/\/blogsaverroes.juntadeandalucia.es\/ceiplosjarales\/files\/2022\/12\/PHOTO-2022-12-20-15-18-26-300x225.jpg 300w, https:\/\/blogsaverroes.juntadeandalucia.es\/ceiplosjarales\/files\/2022\/12\/PHOTO-2022-12-20-15-18-26-1024x768.jpg 1024w, https:\/\/blogsaverroes.juntadeandalucia.es\/ceiplosjarales\/files\/2022\/12\/PHOTO-2022-12-20-15-18-26-768x576.jpg 768w, https:\/\/blogsaverroes.juntadeandalucia.es\/ceiplosjarales\/files\/2022\/12\/PHOTO-2022-12-20-15-18-26-1536x1152.jpg 1536w\" sizes=\"(max-width: 1600px) 100vw, 1600px\" \/><\/p>\n<p>&nbsp;<\/p>\n<p>&nbsp;<\/p>\n<h3 style=\"text-align: center\"><strong><span style=\"color: #ff6600\">D\u00cdA 3 DE DICIEMBRE: D\u00cdA DE LA DISCAPACIDAD<\/span><\/strong><\/h3>\n<p>Con motivo del D\u00eda de la Discapacidad, El equipo de orientaci\u00f3n del CEIP. Los Jarales organiza un Concurso de CARTELES por clases con el t\u00edtulo: \u201cPONTE EN MI LUGAR\u201d O \u201c\u00bfQU\u00c9&nbsp;ES PARA M\u00cd LA DISCAPACIDAD?\u201d<\/p>\n<p>Despu\u00e9s de ver unos videos&nbsp;propuestos e intercambiado ideas, experiencias, reflexiones en debates que tengan lugar en las asambleas de clase, se&nbsp;confeccionar\u00e1 un cartel utilizando t\u00e9cnica libre con los materiales&nbsp;y la forma que se pacte por curso.<\/p>\n<p>Los carteles se expondr\u00e1n en los pasillos del centro durante la semana del 5 al 9 de diciembre. El&nbsp;tribunal (Equipo de Orientaci\u00f3n) decidir\u00e1 el ganador del concurso.<\/p>\nngg_shortcode_0_placeholder\n<h4>&nbsp;<\/h4>\n<h4>&nbsp;<\/h4>\n<h3 style=\"text-align: center\"><span style=\"color: #ff0000\">D\u00cdA INTERNACIONAL PARA LA ELIMINACI\u00d3N DE LA VIOLENCIA CONTRA LA MUJER<\/span><\/h3>\n<p><img loading=\"lazy\" decoding=\"async\" class=\"aligncenter size-full wp-image-3267\" src=\"https:\/\/blogsaverroes.juntadeandalucia.es\/ceiplosjarales\/files\/2022\/12\/IMG_9211.jpg\" alt=\"\" width=\"890\" height=\"636\" srcset=\"https:\/\/blogsaverroes.juntadeandalucia.es\/ceiplosjarales\/files\/2022\/12\/IMG_9211.jpg 890w, https:\/\/blogsaverroes.juntadeandalucia.es\/ceiplosjarales\/files\/2022\/12\/IMG_9211-300x214.jpg 300w, https:\/\/blogsaverroes.juntadeandalucia.es\/ceiplosjarales\/files\/2022\/12\/IMG_9211-768x549.jpg 768w\" sizes=\"(max-width: 890px) 100vw, 890px\" \/><\/p>\n<p>El 25 de noviembre se celebra el&nbsp;<strong>D\u00eda Internacional para la Eliminaci\u00f3n de la Violencia contra la Mujer<\/strong>, con la finalidad de visibilizar la violencia contra las mujeres y ni\u00f1as a nivel mundial.<\/p>\n<p>Este curso hemos realizado una tarea muy interesante de reflexi\u00f3n y expresi\u00f3n art\u00edstica sobre las cosas que no nos gustan o nos molestan y que nos hacen sentir mal. Hemos dialogado sobre ellas en asamblea y hemos buscado soluciones para parar estas situaciones. Los resultados de los pensamientos y expresiones del alumnado se han expuesto de esta forma.<\/p>\nngg_shortcode_1_placeholder\n<p style=\"text-align: center\"><strong><span style=\"color: #800080\">D\u00cdA DEL FLAMENCO 2022<\/span><\/strong><\/p>\n<p style=\"text-align: center\"><iframe src=\"\/\/www.youtube.com\/embed\/UNJgpb9MrVc\" width=\"560\" height=\"314\"><\/iframe><\/p>\n<p>Con motivo del D\u00eda del Flamenco nuestros ni\u00f1os y ni\u00f1as han hecho unos preciosos trabajos de investigaci\u00f3n, redacci\u00f3n y decoraci\u00f3n variada. Este curso podemos destacar la \u00abmasterclass\u00bb de la alumna M\u00f3nica Rojas Vargas 6\u00baB, que deleit\u00f3 al ciclo de infantil con su arte.<\/p>\n<p>&nbsp;<\/p>\n<p style=\"text-align: center\"><strong><span style=\"color: #0000ff\">HALLOWEEN EN LOS JARALES CURSO 2022\/23<\/span><\/strong><\/p>\n<p style=\"text-align: center\"><iframe src=\"\/\/www.youtube.com\/embed\/BATPGSALu9o\" width=\"560\" height=\"314\"><\/iframe><\/p>\n<p>&nbsp;<\/p>\n<p>&nbsp;<\/p>\n<p>&nbsp;<\/p>\n<p style=\"text-align: center\"><span style=\"color: #008000\"><strong>TR\u00cdPTICO DE NUESTRA SEMANA CULTURAL<\/strong><\/span><\/p>\n<p><a href=\"https:\/\/blogsaverroes.juntadeandalucia.es\/ceiplosjarales\/files\/2022\/05\/cara-exterior.png\"><img loading=\"lazy\" decoding=\"async\" class=\"aligncenter size-full wp-image-2935\" src=\"https:\/\/blogsaverroes.juntadeandalucia.es\/ceiplosjarales\/files\/2022\/05\/cara-exterior.png\" alt=\"\" width=\"1600\" height=\"1131\" srcset=\"https:\/\/blogsaverroes.juntadeandalucia.es\/ceiplosjarales\/files\/2022\/05\/cara-exterior.png 1600w, https:\/\/blogsaverroes.juntadeandalucia.es\/ceiplosjarales\/files\/2022\/05\/cara-exterior-300x212.png 300w, https:\/\/blogsaverroes.juntadeandalucia.es\/ceiplosjarales\/files\/2022\/05\/cara-exterior-1024x724.png 1024w, https:\/\/blogsaverroes.juntadeandalucia.es\/ceiplosjarales\/files\/2022\/05\/cara-exterior-768x543.png 768w, https:\/\/blogsaverroes.juntadeandalucia.es\/ceiplosjarales\/files\/2022\/05\/cara-exterior-1536x1086.png 1536w\" sizes=\"(max-width: 1600px) 100vw, 1600px\" \/><\/a> <a href=\"https:\/\/blogsaverroes.juntadeandalucia.es\/ceiplosjarales\/files\/2022\/05\/cara-interior.png\"><img loading=\"lazy\" decoding=\"async\" class=\"aligncenter size-full wp-image-2936\" src=\"https:\/\/blogsaverroes.juntadeandalucia.es\/ceiplosjarales\/files\/2022\/05\/cara-interior.png\" alt=\"\" width=\"1600\" height=\"1131\" srcset=\"https:\/\/blogsaverroes.juntadeandalucia.es\/ceiplosjarales\/files\/2022\/05\/cara-interior.png 1600w, https:\/\/blogsaverroes.juntadeandalucia.es\/ceiplosjarales\/files\/2022\/05\/cara-interior-300x212.png 300w, https:\/\/blogsaverroes.juntadeandalucia.es\/ceiplosjarales\/files\/2022\/05\/cara-interior-1024x724.png 1024w, https:\/\/blogsaverroes.juntadeandalucia.es\/ceiplosjarales\/files\/2022\/05\/cara-interior-768x543.png 768w, https:\/\/blogsaverroes.juntadeandalucia.es\/ceiplosjarales\/files\/2022\/05\/cara-interior-1536x1086.png 1536w\" sizes=\"(max-width: 1600px) 100vw, 1600px\" \/><\/a><\/p>\n<p>&nbsp;<\/p>\n<p style=\"text-align: center\"><strong><span style=\"color: #008000\">CELEBRACI\u00d3N DEL D\u00cdA DE ANDALUC\u00cdA (25 de febrero 2022)<\/span><\/strong><\/p>\n<p style=\"text-align: left\">Durante esta semana nuestros ni\u00f1os y ni\u00f1as han aprendido muchas cosas sobre nuestra Andaluc\u00eda. Las canciones de nuestro folklore, nuestro himno, s\u00edmbolos, banderas, los pintores Picasso y Vel\u00e1zquez con sus meninas, mitos y leyendas, y hasta han hecho un Diccionario Visual Andaluz.<\/p>\n<p style=\"text-align: left\">Para culminar la semana de actividades, hoy d\u00eda 25 hemos hecho un desayuno andaluz con el tradicional pan y aceite. Aqu\u00ed dejamos algunas fotos del d\u00eda de hoy.<\/p>\nngg_shortcode_2_placeholder\n<p style=\"text-align: center\"><span style=\"color: #ff0000\"><strong>NAVIDAD 2021<\/strong><\/span><\/p>\n<p><a href=\"https:\/\/blogsaverroes.juntadeandalucia.es\/ceiplosjarales\/files\/2021\/12\/PHOTO-2021-12-23-12-24-55-7.jpg\"><img loading=\"lazy\" decoding=\"async\" class=\"aligncenter size-full wp-image-2764\" src=\"https:\/\/blogsaverroes.juntadeandalucia.es\/ceiplosjarales\/files\/2021\/12\/PHOTO-2021-12-23-12-24-55-7.jpg\" alt=\"\" width=\"1131\" height=\"1600\" srcset=\"https:\/\/blogsaverroes.juntadeandalucia.es\/ceiplosjarales\/files\/2021\/12\/PHOTO-2021-12-23-12-24-55-7.jpg 1131w, https:\/\/blogsaverroes.juntadeandalucia.es\/ceiplosjarales\/files\/2021\/12\/PHOTO-2021-12-23-12-24-55-7-212x300.jpg 212w, https:\/\/blogsaverroes.juntadeandalucia.es\/ceiplosjarales\/files\/2021\/12\/PHOTO-2021-12-23-12-24-55-7-724x1024.jpg 724w, https:\/\/blogsaverroes.juntadeandalucia.es\/ceiplosjarales\/files\/2021\/12\/PHOTO-2021-12-23-12-24-55-7-768x1086.jpg 768w, https:\/\/blogsaverroes.juntadeandalucia.es\/ceiplosjarales\/files\/2021\/12\/PHOTO-2021-12-23-12-24-55-7-1086x1536.jpg 1086w\" sizes=\"(max-width: 1131px) 100vw, 1131px\" \/><\/a><a href=\"https:\/\/blogsaverroes.juntadeandalucia.es\/ceiplosjarales\/files\/2021\/12\/PHOTO-2021-12-23-12-24-55.jpg\"><img loading=\"lazy\" decoding=\"async\" class=\"aligncenter size-full wp-image-2765\" src=\"https:\/\/blogsaverroes.juntadeandalucia.es\/ceiplosjarales\/files\/2021\/12\/PHOTO-2021-12-23-12-24-55.jpg\" alt=\"\" width=\"1131\" height=\"1600\" srcset=\"https:\/\/blogsaverroes.juntadeandalucia.es\/ceiplosjarales\/files\/2021\/12\/PHOTO-2021-12-23-12-24-55.jpg 1131w, https:\/\/blogsaverroes.juntadeandalucia.es\/ceiplosjarales\/files\/2021\/12\/PHOTO-2021-12-23-12-24-55-212x300.jpg 212w, https:\/\/blogsaverroes.juntadeandalucia.es\/ceiplosjarales\/files\/2021\/12\/PHOTO-2021-12-23-12-24-55-724x1024.jpg 724w, https:\/\/blogsaverroes.juntadeandalucia.es\/ceiplosjarales\/files\/2021\/12\/PHOTO-2021-12-23-12-24-55-768x1086.jpg 768w, https:\/\/blogsaverroes.juntadeandalucia.es\/ceiplosjarales\/files\/2021\/12\/PHOTO-2021-12-23-12-24-55-1086x1536.jpg 1086w\" sizes=\"(max-width: 1131px) 100vw, 1131px\" \/><\/a><\/p>\n<p><a href=\"https:\/\/blogsaverroes.juntadeandalucia.es\/ceiplosjarales\/files\/2021\/12\/PHOTO-2021-12-23-12-24-55-6.jpg\"><img loading=\"lazy\" decoding=\"async\" class=\"aligncenter size-full wp-image-2766\" src=\"https:\/\/blogsaverroes.juntadeandalucia.es\/ceiplosjarales\/files\/2021\/12\/PHOTO-2021-12-23-12-24-55-6.jpg\" alt=\"\" width=\"1131\" height=\"1600\" srcset=\"https:\/\/blogsaverroes.juntadeandalucia.es\/ceiplosjarales\/files\/2021\/12\/PHOTO-2021-12-23-12-24-55-6.jpg 1131w, https:\/\/blogsaverroes.juntadeandalucia.es\/ceiplosjarales\/files\/2021\/12\/PHOTO-2021-12-23-12-24-55-6-212x300.jpg 212w, https:\/\/blogsaverroes.juntadeandalucia.es\/ceiplosjarales\/files\/2021\/12\/PHOTO-2021-12-23-12-24-55-6-724x1024.jpg 724w, https:\/\/blogsaverroes.juntadeandalucia.es\/ceiplosjarales\/files\/2021\/12\/PHOTO-2021-12-23-12-24-55-6-768x1086.jpg 768w, https:\/\/blogsaverroes.juntadeandalucia.es\/ceiplosjarales\/files\/2021\/12\/PHOTO-2021-12-23-12-24-55-6-1086x1536.jpg 1086w\" sizes=\"(max-width: 1131px) 100vw, 1131px\" \/><\/a><\/p>\n<p><a href=\"https:\/\/blogsaverroes.juntadeandalucia.es\/ceiplosjarales\/files\/2021\/12\/PHOTO-2021-12-23-12-24-56.jpg\"><img loading=\"lazy\" decoding=\"async\" class=\"aligncenter size-full wp-image-2767\" src=\"https:\/\/blogsaverroes.juntadeandalucia.es\/ceiplosjarales\/files\/2021\/12\/PHOTO-2021-12-23-12-24-56.jpg\" alt=\"\" width=\"1131\" height=\"1600\" srcset=\"https:\/\/blogsaverroes.juntadeandalucia.es\/ceiplosjarales\/files\/2021\/12\/PHOTO-2021-12-23-12-24-56.jpg 1131w, https:\/\/blogsaverroes.juntadeandalucia.es\/ceiplosjarales\/files\/2021\/12\/PHOTO-2021-12-23-12-24-56-212x300.jpg 212w, https:\/\/blogsaverroes.juntadeandalucia.es\/ceiplosjarales\/files\/2021\/12\/PHOTO-2021-12-23-12-24-56-724x1024.jpg 724w, https:\/\/blogsaverroes.juntadeandalucia.es\/ceiplosjarales\/files\/2021\/12\/PHOTO-2021-12-23-12-24-56-768x1086.jpg 768w, https:\/\/blogsaverroes.juntadeandalucia.es\/ceiplosjarales\/files\/2021\/12\/PHOTO-2021-12-23-12-24-56-1086x1536.jpg 1086w\" sizes=\"(max-width: 1131px) 100vw, 1131px\" \/><\/a><\/p>\n<p><a href=\"https:\/\/blogsaverroes.juntadeandalucia.es\/ceiplosjarales\/files\/2021\/12\/PHOTO-2021-12-23-12-24-56-2.jpg\"><img loading=\"lazy\" decoding=\"async\" class=\"aligncenter size-full wp-image-2768\" src=\"https:\/\/blogsaverroes.juntadeandalucia.es\/ceiplosjarales\/files\/2021\/12\/PHOTO-2021-12-23-12-24-56-2.jpg\" alt=\"\" width=\"1131\" height=\"1600\" srcset=\"https:\/\/blogsaverroes.juntadeandalucia.es\/ceiplosjarales\/files\/2021\/12\/PHOTO-2021-12-23-12-24-56-2.jpg 1131w, https:\/\/blogsaverroes.juntadeandalucia.es\/ceiplosjarales\/files\/2021\/12\/PHOTO-2021-12-23-12-24-56-2-212x300.jpg 212w, https:\/\/blogsaverroes.juntadeandalucia.es\/ceiplosjarales\/files\/2021\/12\/PHOTO-2021-12-23-12-24-56-2-724x1024.jpg 724w, https:\/\/blogsaverroes.juntadeandalucia.es\/ceiplosjarales\/files\/2021\/12\/PHOTO-2021-12-23-12-24-56-2-768x1086.jpg 768w, https:\/\/blogsaverroes.juntadeandalucia.es\/ceiplosjarales\/files\/2021\/12\/PHOTO-2021-12-23-12-24-56-2-1086x1536.jpg 1086w\" sizes=\"(max-width: 1131px) 100vw, 1131px\" \/><\/a><\/p>\n<p>&nbsp;<\/p>\n<p style=\"text-align: center\"><span style=\"color: #008000\"><strong>D\u00eda del flamenco<\/strong><\/span><\/p>\n<p style=\"text-align: center\"><a href=\"https:\/\/blogsaverroes.juntadeandalucia.es\/bibliojarales\/efemerides\/dia-del-flamenco\/\" target=\"_blank\" rel=\"noopener noreferrer\">D\u00cdA DEL FLAMENCO. Biblioteca Jarales<\/a><\/p>\n<p>&nbsp;<\/p>\n<p style=\"text-align: center\"><span style=\"color: #ff6600\"><strong>HALLOWEEN 21<\/strong><\/span><\/p>\n<p style=\"text-align: center\">Es Halloween de nuevo y este a\u00f1o lo hemos hecho un poco diferente creando poes\u00edas terror\u00edficas. Esperamos que os gusten.<\/p>\n<p style=\"text-align: center\"><a href=\"https:\/\/www.youtube.com\/watch?v=HW-rjXRvrt4&amp;t=8s\" target=\"_blank\" rel=\"noopener noreferrer\">Click aqu\u00ed para ver v\u00eddeo<\/a><\/p>\n<p>&nbsp;<\/p>\n<p style=\"text-align: center\"><span style=\"color: #008000\"><strong>Proyecto creciendo en salud: Un pl\u00e1tano por la Palma.<\/strong><\/span><\/p>\n<p style=\"text-align: justify\">El d\u00eda 11 de octubre quisimos tener un gesto de solidaridad con los habitantes de La Palma, por ello cada ni\u00f1o trajo un pl\u00e1tano de Canarias. Aqu\u00ed os dejamos unas fotitos muy graciosas.&nbsp;<\/p>\nngg_shortcode_3_placeholder\n","protected":false},"excerpt":{"rendered":"<p>ACTIVIDADES DE NAVIDAD CURSO 2022\/23 &nbsp; &nbsp; INTENCAMBIO LING\u00dc\u00cdSTICO CON EL IES MARGARITA SALAS El alumnado de 6\u00b0 E.P. del Ceip Los Jarales recibe y hace entrega de las tarjetas navide\u00f1as en franc\u00e9s compartidas&#46;&#46;&#46;<\/p>\n","protected":false},"author":3950,"featured_media":0,"parent":0,"menu_order":0,"comment_status":"closed","ping_status":"closed","template":"","meta":{"ngg_post_thumbnail":0,"footnotes":"","_mc_calendar":[]},"aioseo_notices":[],"_links":{"self":[{"href":"https:\/\/blogsaverroes.juntadeandalucia.es\/ceiplosjarales\/wp-json\/wp\/v2\/pages\/2673"}],"collection":[{"href":"https:\/\/blogsaverroes.juntadeandalucia.es\/ceiplosjarales\/wp-json\/wp\/v2\/pages"}],"about":[{"href":"https:\/\/blogsaverroes.juntadeandalucia.es\/ceiplosjarales\/wp-json\/wp\/v2\/types\/page"}],"author":[{"embeddable":true,"href":"https:\/\/blogsaverroes.juntadeandalucia.es\/ceiplosjarales\/wp-json\/wp\/v2\/users\/3950"}],"replies":[{"embeddable":true,"href":"https:\/\/blogsaverroes.juntadeandalucia.es\/ceiplosjarales\/wp-json\/wp\/v2\/comments?post=2673"}],"version-history":[{"count":25,"href":"https:\/\/blogsaverroes.juntadeandalucia.es\/ceiplosjarales\/wp-json\/wp\/v2\/pages\/2673\/revisions"}],"predecessor-version":[{"id":3297,"href":"https:\/\/blogsaverroes.juntadeandalucia.es\/ceiplosjarales\/wp-json\/wp\/v2\/pages\/2673\/revisions\/3297"}],"wp:attachment":[{"href":"https:\/\/blogsaverroes.juntadeandalucia.es\/ceiplosjarales\/wp-json\/wp\/v2\/media?parent=2673"}],"curies":[{"name":"wp","href":"https:\/\/api.w.org\/{rel}","templated":true}]}}