{"id":42,"date":"2015-03-13T08:40:47","date_gmt":"2015-03-13T08:40:47","guid":{"rendered":"http:\/\/blogsaverroes.juntadeandalucia.es\/pre\/ceip\/?page_id=42"},"modified":"2022-07-13T12:46:04","modified_gmt":"2022-07-13T10:46:04","slug":"equipo-directivo","status":"publish","type":"page","link":"https:\/\/blogsaverroes.juntadeandalucia.es\/ceiplosjarales\/equipo-directivo\/","title":{"rendered":"Equipo directivo"},"content":{"rendered":"<p style=\"text-align: center\"><strong><span style=\"color: #800080\">EQUIPO DIRECTIVO<\/span><\/strong><\/p>\n<p>&nbsp;<\/p>\n<p><strong>Direcci\u00f3n:&nbsp;<\/strong>Jos\u00e9 Manuel Rodr\u00edguez Gonz\u00e1lez<\/p>\n<p><strong>Jefatura de estudios:&nbsp;<\/strong>Ana Galindo Fern\u00e1ndez<\/p>\n<p><strong>Secretar\u00eda:&nbsp;<\/strong>Lorena Echevarr\u00eda Busto<\/p>\n<p>&nbsp;<\/p>\n<p style=\"text-align: center\"><strong><span style=\"color: #800080\">HORARIOS DE ATENCI\u00d3N A LAS FAMILIAS<\/span><\/strong><\/p>\n<p>&nbsp;<\/p>\n<p><strong>Horario de Secretar\u00eda<\/strong>: De lunes a viernes de 9.00 a 10.30<\/p>\n<p><strong>Horario de atenci\u00f3n Direcci\u00f3n y Jefatura de Estudios<\/strong>:&nbsp;<\/p>\n<p>En asuntos relacionados con la tutor\u00eda,<span style=\"color: #333333\"><strong> <em>es condici\u00f3n necesaria<\/em> <\/strong><\/span>pedir cita al tutor y tratar el asunto antes de solicitarla a Jefatura o Direcci\u00f3n.&nbsp;<\/p>\n<p>La atenci\u00f3n a las familias por parte de Jefatura o Direcci\u00f3n se realizar\u00e1 por CITA PREVIA a trav\u00e9s del siguiente correo electr\u00f3nico:<\/p>\n<p><a href=\"mailto:29016963.edu@juntadeandalucia.es\">29016963.edu@juntadeandalucia.es&nbsp;<\/a><\/p>\n<p>&nbsp;<\/p>\n<p style=\"text-align: center\"><span style=\"color: #ff0000\"><strong>MUY IMPORTANTE<\/strong><\/span><\/p>\n<p>En el correo se indicar\u00e1:<\/p>\n<ul>\n<li>Nombre del alumno y curso.<\/li>\n<li>Nombre del tutor legal que solicita cita previa.<\/li>\n<li>Tel\u00e9fono de contacto.<\/li>\n<li>El asunto del correo ser\u00e1 \u00bb Cita previa Jefatura\u00bb o \u00bb Cita previa Direcci\u00f3n\u00bb.<\/li>\n<li>Motivo por el que solicita cita previa.<\/li>\n<\/ul>\n<p>No se atender\u00e1 a las familias sin cita previa.&nbsp;<\/p>\n","protected":false},"excerpt":{"rendered":"<p>EQUIPO DIRECTIVO &nbsp; Direcci\u00f3n:&nbsp;Jos\u00e9 Manuel Rodr\u00edguez Gonz\u00e1lez Jefatura de estudios:&nbsp;Ana Galindo Fern\u00e1ndez Secretar\u00eda:&nbsp;Lorena Echevarr\u00eda Busto &nbsp; HORARIOS DE ATENCI\u00d3N A LAS FAMILIAS &nbsp; Horario de Secretar\u00eda: De lunes a viernes de 9.00 a 10.30&#46;&#46;&#46;<\/p>\n","protected":false},"author":1,"featured_media":0,"parent":0,"menu_order":0,"comment_status":"closed","ping_status":"open","template":"","meta":{"ngg_post_thumbnail":0,"footnotes":"","_mc_calendar":[]},"aioseo_notices":[],"_links":{"self":[{"href":"https:\/\/blogsaverroes.juntadeandalucia.es\/ceiplosjarales\/wp-json\/wp\/v2\/pages\/42"}],"collection":[{"href":"https:\/\/blogsaverroes.juntadeandalucia.es\/ceiplosjarales\/wp-json\/wp\/v2\/pages"}],"about":[{"href":"https:\/\/blogsaverroes.juntadeandalucia.es\/ceiplosjarales\/wp-json\/wp\/v2\/types\/page"}],"author":[{"embeddable":true,"href":"https:\/\/blogsaverroes.juntadeandalucia.es\/ceiplosjarales\/wp-json\/wp\/v2\/users\/1"}],"replies":[{"embeddable":true,"href":"https:\/\/blogsaverroes.juntadeandalucia.es\/ceiplosjarales\/wp-json\/wp\/v2\/comments?post=42"}],"version-history":[{"count":12,"href":"https:\/\/blogsaverroes.juntadeandalucia.es\/ceiplosjarales\/wp-json\/wp\/v2\/pages\/42\/revisions"}],"predecessor-version":[{"id":3214,"href":"https:\/\/blogsaverroes.juntadeandalucia.es\/ceiplosjarales\/wp-json\/wp\/v2\/pages\/42\/revisions\/3214"}],"wp:attachment":[{"href":"https:\/\/blogsaverroes.juntadeandalucia.es\/ceiplosjarales\/wp-json\/wp\/v2\/media?parent=42"}],"curies":[{"name":"wp","href":"https:\/\/api.w.org\/{rel}","templated":true}]}}