{"id":870,"date":"2015-03-16T07:24:27","date_gmt":"2015-03-16T07:24:27","guid":{"rendered":"http:\/\/blogsaverroes.juntadeandalucia.es\/pre\/ceip\/?page_id=103"},"modified":"2025-02-07T11:18:32","modified_gmt":"2025-02-07T10:18:32","slug":"aula-matinal","status":"publish","type":"page","link":"https:\/\/blogsaverroes.juntadeandalucia.es\/ceiplosjarales\/aula-matinal\/","title":{"rendered":"Aula Matinal"},"content":{"rendered":"<p style=\"text-align: center\"><span style=\"color: #800080\"><strong>HORARIO<\/strong><\/span><\/p>\n<p style=\"text-align: center\">El <strong>Aula Matinal<\/strong> abre a las 7.30 a 8.55 horas de lunes a viernes, ofreciendo actividades diversas a los estudiantes hasta el comienzo del horario lectivo.<\/p>\n<p style=\"text-align: center\"><span style=\"color: #800080\"><strong>ALTAS Y BAJAS EN EL SERVICIO<\/strong><\/span><\/p>\n<p style=\"text-align: center\">Puede utilizarse cualquier d\u00eda previa inscripci\u00f3n y domiciliaci\u00f3n bancaria.<\/p>\n<p style=\"text-align: center\">( <span style=\"color: #ff0000\">consulte Secretar\u00eda\/ Servicios complementarios<\/span>)<\/p>\n<p style=\"text-align: center\"><span style=\"color: #800080\"><strong>PRECIO<\/strong><\/span><\/p>\n<p style=\"text-align: center\"><strong>D\u00edas sueltos<\/strong>: 1.33\u20ac<\/p>\n<p style=\"text-align: center\"><strong>M\u00e1s de 10 d\u00edas<\/strong>: 17.51\u20ac<\/p>\n<p style=\"text-align: center\"><strong><span style=\"color: #800080\">DATOS DE CONTACTO DE LA EMPRESA<\/span><\/strong><\/p>\n<p style=\"text-align: center\">Tlf: <strong>957529722<\/strong><\/p>\n<p style=\"text-align: center\">Email: <strong>directores@gestionprofesional.es&nbsp;&nbsp;<\/strong><\/p>\n<p>&nbsp;<\/p>\n","protected":false},"excerpt":{"rendered":"<p>HORARIO El Aula Matinal abre a las 7.30 a 8.55 horas de lunes a viernes, ofreciendo actividades diversas a los estudiantes hasta el comienzo del horario lectivo. ALTAS Y BAJAS EN EL SERVICIO Puede&#46;&#46;&#46;<\/p>\n","protected":false},"author":1,"featured_media":0,"parent":0,"menu_order":0,"comment_status":"closed","ping_status":"open","template":"page-cs.php","meta":{"ngg_post_thumbnail":0,"footnotes":"","_mc_calendar":[]},"aioseo_notices":[],"_links":{"self":[{"href":"https:\/\/blogsaverroes.juntadeandalucia.es\/ceiplosjarales\/wp-json\/wp\/v2\/pages\/870"}],"collection":[{"href":"https:\/\/blogsaverroes.juntadeandalucia.es\/ceiplosjarales\/wp-json\/wp\/v2\/pages"}],"about":[{"href":"https:\/\/blogsaverroes.juntadeandalucia.es\/ceiplosjarales\/wp-json\/wp\/v2\/types\/page"}],"author":[{"embeddable":true,"href":"https:\/\/blogsaverroes.juntadeandalucia.es\/ceiplosjarales\/wp-json\/wp\/v2\/users\/1"}],"replies":[{"embeddable":true,"href":"https:\/\/blogsaverroes.juntadeandalucia.es\/ceiplosjarales\/wp-json\/wp\/v2\/comments?post=870"}],"version-history":[{"count":24,"href":"https:\/\/blogsaverroes.juntadeandalucia.es\/ceiplosjarales\/wp-json\/wp\/v2\/pages\/870\/revisions"}],"predecessor-version":[{"id":3892,"href":"https:\/\/blogsaverroes.juntadeandalucia.es\/ceiplosjarales\/wp-json\/wp\/v2\/pages\/870\/revisions\/3892"}],"wp:attachment":[{"href":"https:\/\/blogsaverroes.juntadeandalucia.es\/ceiplosjarales\/wp-json\/wp\/v2\/media?parent=870"}],"curies":[{"name":"wp","href":"https:\/\/api.w.org\/{rel}","templated":true}]}}

<p style="text-align: center"><span style="color: #800080"><strong>HORARIO</strong></span></p>
<p style="text-align: center">El <strong>Aula Matinal</strong> abre a las 7.30 a 8.55 horas de lunes a viernes, ofreciendo actividades diversas a los estudiantes hasta el comienzo del horario lectivo.</p>
<p style="text-align: center"><span style="color: #800080"><strong>ALTAS Y BAJAS EN EL SERVICIO</strong></span></p>
<p style="text-align: center">Puede utilizarse cualquier día previa inscripción y domiciliación bancaria.</p>
<p style="text-align: center">( <span style="color: #ff0000">consulte Secretaría/ Servicios complementarios</span>)</p>
<p style="text-align: center"><span style="color: #800080"><strong>PRECIO</strong></span></p>
<p style="text-align: center"><strong>Días sueltos</strong>: 1.33€</p>
<p style="text-align: center"><strong>Más de 10 días</strong>: 17.51€</p>
<p style="text-align: center"><strong><span style="color: #800080">DATOS DE CONTACTO DE LA EMPRESA</span></strong></p>
<p style="text-align: center">Tlf: <strong>957529722</strong></p>
<p style="text-align: center">Email: <strong>directores@gestionprofesional.es&nbsp;&nbsp;</strong></p>
<p>&nbsp;</p>
